{"id":486,"date":"2026-01-17T21:34:48","date_gmt":"2026-01-17T18:34:48","guid":{"rendered":"http:\/\/demo.safirtema.com\/anka\/wp-content\/uploads\/2020\/10\/tuna-1-kuyusu-nerede-iste-yeni-dogalgaz-rezervinin-bulundugu-tuna-1-lokasyonu-ve-dogalgaz-rezervi-miktari-2.jpg"},"modified":"2026-01-17T21:34:48","modified_gmt":"2026-01-17T18:34:48","slug":"tuna-1-kuyusu-nerede-iste-yeni-dogalgaz-rezervinin-bulundugu-tuna-1-lokasyonu-ve-dogalgaz-rezervi-miktari-5","status":"inherit","type":"attachment","link":"https:\/\/safirdemo.com\/anka\/tuna-1-kuyusu-nerede-iste-yeni-dogalgaz-rezervinin-bulundugu-tuna-1-lokasyonu-ve-dogalgaz-rezervi-miktari\/tuna-1-kuyusu-nerede-iste-yeni-dogalgaz-rezervinin-bulundugu-tuna-1-lokasyonu-ve-dogalgaz-rezervi-miktari-5\/","title":{"rendered":"Tuna 1 kuyusu nerede? \u0130\u015fte yeni do\u011falgaz rezervinin bulundu\u011fu Tuna-1 lokasyonu ve do\u011falgaz rezervi miktar\u0131"},"author":1,"featured_media":0,"comment_status":"open","ping_status":"closed","template":"","meta":[],"class_list":["post-486","attachment","type-attachment","status-inherit","hentry"],"description":{"rendered":"<p class=\"attachment\"><a href='https:\/\/safirdemo.com\/anka\/wp-content\/uploads\/tuna-1-kuyusu-nerede-iste-yeni-dogalgaz-rezervinin-bulundugu-tuna-1-lokasyonu-ve-dogalgaz-rezervi-miktari-2.jpg'><img loading=\"lazy\" decoding=\"async\" width=\"300\" height=\"205\" src=\"https:\/\/safirdemo.com\/anka\/wp-content\/uploads\/tuna-1-kuyusu-nerede-iste-yeni-dogalgaz-rezervinin-bulundugu-tuna-1-lokasyonu-ve-dogalgaz-rezervi-miktari-2.jpg\" class=\"attachment-medium size-medium\" alt=\"\" \/><\/a><\/p>\n<h2 class=\"title\">Sakarya Sahas\u0131&#8217;n\u0131n Tuna-1 b\u00f6lgesindeki toplam do\u011fal gaz rezervi&#8230; <span class=\"badge choose\"><\/span><\/h2>\n<h3 class=\"description\">T\u00fcrkiye Cumhurba\u015fkan\u0131 Recep Tayyip Erdo\u011fan, Tuna-1 b\u00f6lgesinde faaliyette olan Fatih sondaj gemisinde incelemelerde bulundu.<\/p>\n<p> Erdo\u011fan, Fatih Gemisi&#8217;nde Sondaj Y\u00f6netim Odas\u0131&#8217;nda \u00e7al\u0131\u015fmalar\u0131 y\u00fcr\u00fcten personele seslenerek, Sakarya gaz sahas\u0131ndaki sondaj faaliyetlerinin tamamlanmas\u0131 talimat\u0131n\u0131 verdi.<\/p>\n<p> &#8220;Sakarya gaz sahas\u0131nda 20 Temmuz&#8217;da ba\u015flad\u0131\u011f\u0131m\u0131z sondaj faaliyetlerimizi bug\u00fcn nihayetlendirdik. Hamdolsun Allah&#8217;a.&#8221; ifadelerini kullanan Erdo\u011fan, \u015funlar\u0131 kaydetti:<\/p>\n<p> &#8220;Milletimize y\u0131llarca hasretle bekledi\u011fi m\u00fcjdeyi sizlerin gayretli ve ba\u015far\u0131l\u0131 \u00e7al\u0131\u015fmalar\u0131 sonucu vermi\u015f bulunuyoruz. \u015eahs\u0131m ve milletim ad\u0131na hepinize te\u015fekk\u00fcr ediyorum. Barbaros&#8217;ta , Oru\u00e7 Reis&#8217;te, Yavuz&#8217;da ve Kanuni&#8217;de \u00e7al\u0131\u015fan ekiplerimize de t\u00fcm kalbimle te\u015fekk\u00fcr ediyorum. Bundan sonraki g\u00f6revlerinizde muvaffakiyetler diliyorum. Allah yar ve yard\u0131mc\u0131n\u0131z olsun. Allah&#8217;a emanet olun.&#8221;Erdo\u011fan, Fatih Gemisi&#8217;nde yerli ve milli imkanlarla \u00fcretilen uzaktan kumandal\u0131 ileri teknoloji denizalt\u0131 robotu &#8220;KA\u015e\u0130F&#8221;i de inceledi.<\/p>\n<p> Sondaj faaliyetlerini y\u00fcr\u00fcten ekip de Cumhurba\u015fkan\u0131 Erdo\u011fan&#8217;a \u015f\u00fckranlar\u0131n\u0131 sundu.<\/h3>\n"},"caption":{"rendered":"<p>Sakarya Sahas\u0131&#8217;n\u0131n Tuna-1 b\u00f6lgesindeki toplam do\u011fal gaz rezervi&#8230; T\u00fcrkiye Cumhurba\u015fkan\u0131 Recep Tayyip Erdo\u011fan, Tuna-1 b\u00f6lgesinde faaliyette olan Fatih sondaj gemisinde incelemelerde bulundu. Erdo\u011fan, Fatih Gemisi&#8217;nde Sondaj Y\u00f6netim Odas\u0131&#8217;nda \u00e7al\u0131\u015fmalar\u0131 y\u00fcr\u00fcten personele seslenerek, Sakarya gaz sahas\u0131ndaki sondaj faaliyetlerinin tamamlanmas\u0131 talimat\u0131n\u0131 verdi. &#8220;Sakarya gaz sahas\u0131nda 20 Temmuz&#8217;da ba\u015flad\u0131\u011f\u0131m\u0131z sondaj faaliyetlerimizi bug\u00fcn nihayetlendirdik. Hamdolsun Allah&#8217;a.&#8221; ifadelerini kullanan Erdo\u011fan, [&hellip;]<\/p>\n"},"alt_text":"","media_type":"image","mime_type":"image\/jpeg","media_details":{"width":750,"height":513,"file":"tuna-1-kuyusu-nerede-iste-yeni-dogalgaz-rezervinin-bulundugu-tuna-1-lokasyonu-ve-dogalgaz-rezervi-miktari-2.jpg","filesize":94093,"sizes":{},"image_meta":{"aperture":"0","credit":"","camera":"","caption":"","created_timestamp":"0","copyright":"","focal_length":"0","iso":"0","shutter_speed":"0","title":"","orientation":"0","keywords":[]}},"post":482,"source_url":"https:\/\/safirdemo.com\/anka\/wp-content\/uploads\/tuna-1-kuyusu-nerede-iste-yeni-dogalgaz-rezervinin-bulundugu-tuna-1-lokasyonu-ve-dogalgaz-rezervi-miktari-2.jpg","_links":{"self":[{"href":"https:\/\/safirdemo.com\/anka\/wp-json\/wp\/v2\/media\/486","targetHints":{"allow":["GET"]}}],"collection":[{"href":"https:\/\/safirdemo.com\/anka\/wp-json\/wp\/v2\/media"}],"about":[{"href":"https:\/\/safirdemo.com\/anka\/wp-json\/wp\/v2\/types\/attachment"}],"author":[{"embeddable":true,"href":"https:\/\/safirdemo.com\/anka\/wp-json\/wp\/v2\/users\/1"}],"replies":[{"embeddable":true,"href":"https:\/\/safirdemo.com\/anka\/wp-json\/wp\/v2\/comments?post=486"}],"wp:attached-to":[{"embeddable":true,"post_type":"post","id":482,"href":"https:\/\/safirdemo.com\/anka\/wp-json\/wp\/v2\/posts\/482"}],"curies":[{"name":"wp","href":"https:\/\/api.w.org\/{rel}","templated":true}]}}

Tuna 1 kuyusu nerede? İşte yeni doğalgaz rezervinin bulunduğu Tuna-1 lokasyonu ve doğalgaz rezervi miktarı

<p class="attachment"><a href='https://safirdemo.com/anka/wp-content/uploads/tuna-1-kuyusu-nerede-iste-yeni-dogalgaz-rezervinin-bulundugu-tuna-1-lokasyonu-ve-dogalgaz-rezervi-miktari-2.jpg'><img loading="lazy" decoding="async" width="300" height="205" src="https://safirdemo.com/anka/wp-content/uploads/tuna-1-kuyusu-nerede-iste-yeni-dogalgaz-rezervinin-bulundugu-tuna-1-lokasyonu-ve-dogalgaz-rezervi-miktari-2.jpg" class="attachment-medium size-medium" alt="" /></a></p>
<h2 class="title">Sakarya Sahası&#8217;nın Tuna-1 bölgesindeki toplam doğal gaz rezervi&#8230; <span class="badge choose"></span></h2>
<h3 class="description">Türkiye Cumhurbaşkanı Recep Tayyip Erdoğan, Tuna-1 bölgesinde faaliyette olan Fatih sondaj gemisinde incelemelerde bulundu.</p>
<p> Erdoğan, Fatih Gemisi&#8217;nde Sondaj Yönetim Odası&#8217;nda çalışmaları yürüten personele seslenerek, Sakarya gaz sahasındaki sondaj faaliyetlerinin tamamlanması talimatını verdi.</p>
<p> &#8220;Sakarya gaz sahasında 20 Temmuz&#8217;da başladığımız sondaj faaliyetlerimizi bugün nihayetlendirdik. Hamdolsun Allah&#8217;a.&#8221; ifadelerini kullanan Erdoğan, şunları kaydetti:</p>
<p> &#8220;Milletimize yıllarca hasretle beklediği müjdeyi sizlerin gayretli ve başarılı çalışmaları sonucu vermiş bulunuyoruz. Şahsım ve milletim adına hepinize teşekkür ediyorum. Barbaros&#8217;ta , Oruç Reis&#8217;te, Yavuz&#8217;da ve Kanuni&#8217;de çalışan ekiplerimize de tüm kalbimle teşekkür ediyorum. Bundan sonraki görevlerinizde muvaffakiyetler diliyorum. Allah yar ve yardımcınız olsun. Allah&#8217;a emanet olun.&#8221;Erdoğan, Fatih Gemisi&#8217;nde yerli ve milli imkanlarla üretilen uzaktan kumandalı ileri teknoloji denizaltı robotu &#8220;KAŞİF&#8221;i de inceledi.</p>
<p> Sondaj faaliyetlerini yürüten ekip de Cumhurbaşkanı Erdoğan&#8217;a şükranlarını sundu.</h3>

<p>Sakarya Sahası&#8217;nın Tuna-1 bölgesindeki toplam doğal gaz rezervi&#8230; Türkiye Cumhurbaşkanı Recep Tayyip Erdoğan, Tuna-1 bölgesinde faaliyette olan Fatih sondaj gemisinde incelemelerde bulundu. Erdoğan, Fatih Gemisi&#8217;nde Sondaj Yönetim Odası&#8217;nda çalışmaları yürüten personele seslenerek, Sakarya gaz sahasındaki sondaj faaliyetlerinin tamamlanması talimatını verdi. &#8220;Sakarya gaz sahasında 20 Temmuz&#8217;da başladığımız sondaj faaliyetlerimizi bugün nihayetlendirdik. Hamdolsun Allah&#8217;a.&#8221; ifadelerini kullanan Erdoğan, [&hellip;]</p>
