{"id":500,"date":"2026-01-17T21:35:56","date_gmt":"2026-01-17T18:35:56","guid":{"rendered":"http:\/\/demo.safirtema.com\/anka\/wp-content\/uploads\/2020\/10\/azra-akindan-surpriz-proje-mujdesi-geldi-bakin-neler-anlatti-9.jpg"},"modified":"2026-01-17T21:35:56","modified_gmt":"2026-01-17T18:35:56","slug":"azra-akindan-surpriz-proje-mujdesi-geldi-bakin-neler-anlatti-12","status":"inherit","type":"attachment","link":"https:\/\/safirdemo.com\/anka\/azra-akindan-surpriz-proje-mujdesi-geldi-bakin-neler-anlatti\/azra-akindan-surpriz-proje-mujdesi-geldi-bakin-neler-anlatti-12\/","title":{"rendered":"Azra Ak\u0131n&#8217;dan s\u00fcrpriz proje m\u00fcjdesi geldi bak\u0131n neler anlatt\u0131"},"author":1,"featured_media":0,"comment_status":"open","ping_status":"closed","template":"","meta":[],"class_list":["post-500","attachment","type-attachment","status-inherit","hentry"],"description":{"rendered":"<p class=\"attachment\"><a href='https:\/\/safirdemo.com\/anka\/wp-content\/uploads\/azra-akindan-surpriz-proje-mujdesi-geldi-bakin-neler-anlatti-9.jpg'><img loading=\"lazy\" decoding=\"async\" width=\"269\" height=\"300\" src=\"https:\/\/safirdemo.com\/anka\/wp-content\/uploads\/azra-akindan-surpriz-proje-mujdesi-geldi-bakin-neler-anlatti-9.jpg\" class=\"attachment-medium size-medium\" alt=\"\" \/><\/a><\/p>\n<p>2014 y\u0131l\u0131nda Kanal D&#8217;de yay\u0131nlanan Galip Dervi\u015f dizisinde konuk oyuncu olarak G\u00fclten rol\u00fcn\u00fc canland\u0131rd\u0131. Son olarak 2014 y\u0131l\u0131nda konuk olarak Arkada\u015f\u0131m Ho\u015fgeldin&#8217;e kat\u0131lm\u0131\u015ft\u0131r.<\/p>\n"},"caption":{"rendered":"<p>2014 y\u0131l\u0131nda Kanal D&#8217;de yay\u0131nlanan Galip Dervi\u015f dizisinde konuk oyuncu olarak G\u00fclten rol\u00fcn\u00fc canland\u0131rd\u0131. Son olarak 2014 y\u0131l\u0131nda konuk olarak Arkada\u015f\u0131m Ho\u015fgeldin&#8217;e kat\u0131lm\u0131\u015ft\u0131r.<\/p>\n"},"alt_text":"","media_type":"image","mime_type":"image\/jpeg","media_details":{"width":536,"height":598,"file":"azra-akindan-surpriz-proje-mujdesi-geldi-bakin-neler-anlatti-9.jpg","filesize":94807,"sizes":{},"image_meta":{"aperture":"0","credit":"","camera":"","caption":"","created_timestamp":"0","copyright":"","focal_length":"0","iso":"0","shutter_speed":"0","title":"","orientation":"0","keywords":[]}},"post":489,"source_url":"https:\/\/safirdemo.com\/anka\/wp-content\/uploads\/azra-akindan-surpriz-proje-mujdesi-geldi-bakin-neler-anlatti-9.jpg","_links":{"self":[{"href":"https:\/\/safirdemo.com\/anka\/wp-json\/wp\/v2\/media\/500","targetHints":{"allow":["GET"]}}],"collection":[{"href":"https:\/\/safirdemo.com\/anka\/wp-json\/wp\/v2\/media"}],"about":[{"href":"https:\/\/safirdemo.com\/anka\/wp-json\/wp\/v2\/types\/attachment"}],"author":[{"embeddable":true,"href":"https:\/\/safirdemo.com\/anka\/wp-json\/wp\/v2\/users\/1"}],"replies":[{"embeddable":true,"href":"https:\/\/safirdemo.com\/anka\/wp-json\/wp\/v2\/comments?post=500"}],"wp:attached-to":[{"embeddable":true,"post_type":"post","id":489,"href":"https:\/\/safirdemo.com\/anka\/wp-json\/wp\/v2\/posts\/489"}],"curies":[{"name":"wp","href":"https:\/\/api.w.org\/{rel}","templated":true}]}}

Azra Akın&#8217;dan sürpriz proje müjdesi geldi bakın neler anlattı

<p class="attachment"><a href='https://safirdemo.com/anka/wp-content/uploads/azra-akindan-surpriz-proje-mujdesi-geldi-bakin-neler-anlatti-9.jpg'><img loading="lazy" decoding="async" width="269" height="300" src="https://safirdemo.com/anka/wp-content/uploads/azra-akindan-surpriz-proje-mujdesi-geldi-bakin-neler-anlatti-9.jpg" class="attachment-medium size-medium" alt="" /></a></p>
<p>2014 yılında Kanal D&#8217;de yayınlanan Galip Derviş dizisinde konuk oyuncu olarak Gülten rolünü canlandırdı. Son olarak 2014 yılında konuk olarak Arkadaşım Hoşgeldin&#8217;e katılmıştır.</p>

<p>2014 yılında Kanal D&#8217;de yayınlanan Galip Derviş dizisinde konuk oyuncu olarak Gülten rolünü canlandırdı. Son olarak 2014 yılında konuk olarak Arkadaşım Hoşgeldin&#8217;e katılmıştır.</p>
