{"id":528,"date":"2026-01-17T21:36:31","date_gmt":"2026-01-17T18:36:31","guid":{"rendered":"http:\/\/demo.safirtema.com\/anka\/wp-content\/uploads\/2020\/10\/sibel-kekilli-ilk-yapan-oldu-sheyenne-shea-turkiye-instagram-karariyla-sasirtti-6.jpg"},"modified":"2026-01-17T21:36:31","modified_gmt":"2026-01-17T18:36:31","slug":"sibel-kekilli-ilk-yapan-oldu-sheyenne-shea-turkiye-instagram-karariyla-sasirtti-9","status":"inherit","type":"attachment","link":"https:\/\/safirdemo.com\/anka\/sibel-kekilli-ilk-yapan-oldu-sheyenne-shea-turkiye-instagram-karariyla-sasirtti\/sibel-kekilli-ilk-yapan-oldu-sheyenne-shea-turkiye-instagram-karariyla-sasirtti-9\/","title":{"rendered":"Sibel Kekilli ilk yapan oldu Sheyenne Shea T\u00fcrkiye Instagram karar\u0131yla \u015fa\u015f\u0131rtt\u0131"},"author":1,"featured_media":0,"comment_status":"open","ping_status":"closed","template":"","meta":[],"class_list":["post-528","attachment","type-attachment","status-inherit","hentry"],"description":{"rendered":"<p class=\"attachment\"><a href='https:\/\/safirdemo.com\/anka\/wp-content\/uploads\/sibel-kekilli-ilk-yapan-oldu-sheyenne-shea-turkiye-instagram-karariyla-sasirtti-6.jpg'><img loading=\"lazy\" decoding=\"async\" width=\"254\" height=\"300\" src=\"https:\/\/safirdemo.com\/anka\/wp-content\/uploads\/sibel-kekilli-ilk-yapan-oldu-sheyenne-shea-turkiye-instagram-karariyla-sasirtti-6.jpg\" class=\"attachment-medium size-medium\" alt=\"\" \/><\/a><\/p>\n<p>Shea, &#8220;T\u00fcrkiye&#8217;ye kar\u015f\u0131 bir nefretim yok ama tacizlerden b\u0131kt\u0131m usand\u0131m. L\u00fctfen beni rahat b\u0131rak\u0131n ve ki\u015fisel alan\u0131ma sayg\u0131 duyun&#8221; demi\u015fti.<\/p>\n"},"caption":{"rendered":"<p>Shea, &#8220;T\u00fcrkiye&#8217;ye kar\u015f\u0131 bir nefretim yok ama tacizlerden b\u0131kt\u0131m usand\u0131m. L\u00fctfen beni rahat b\u0131rak\u0131n ve ki\u015fisel alan\u0131ma sayg\u0131 duyun&#8221; demi\u015fti.<\/p>\n"},"alt_text":"","media_type":"image","mime_type":"image\/jpeg","media_details":{"width":457,"height":539,"file":"sibel-kekilli-ilk-yapan-oldu-sheyenne-shea-turkiye-instagram-karariyla-sasirtti-6.jpg","filesize":55809,"sizes":{},"image_meta":{"aperture":"0","credit":"","camera":"","caption":"","created_timestamp":"0","copyright":"","focal_length":"0","iso":"0","shutter_speed":"0","title":"","orientation":"0","keywords":[]}},"post":520,"source_url":"https:\/\/safirdemo.com\/anka\/wp-content\/uploads\/sibel-kekilli-ilk-yapan-oldu-sheyenne-shea-turkiye-instagram-karariyla-sasirtti-6.jpg","_links":{"self":[{"href":"https:\/\/safirdemo.com\/anka\/wp-json\/wp\/v2\/media\/528","targetHints":{"allow":["GET"]}}],"collection":[{"href":"https:\/\/safirdemo.com\/anka\/wp-json\/wp\/v2\/media"}],"about":[{"href":"https:\/\/safirdemo.com\/anka\/wp-json\/wp\/v2\/types\/attachment"}],"author":[{"embeddable":true,"href":"https:\/\/safirdemo.com\/anka\/wp-json\/wp\/v2\/users\/1"}],"replies":[{"embeddable":true,"href":"https:\/\/safirdemo.com\/anka\/wp-json\/wp\/v2\/comments?post=528"}],"wp:attached-to":[{"embeddable":true,"post_type":"post","id":520,"href":"https:\/\/safirdemo.com\/anka\/wp-json\/wp\/v2\/posts\/520"}],"curies":[{"name":"wp","href":"https:\/\/api.w.org\/{rel}","templated":true}]}}

Sibel Kekilli ilk yapan oldu Sheyenne Shea Türkiye Instagram kararıyla şaşırttı

<p class="attachment"><a href='https://safirdemo.com/anka/wp-content/uploads/sibel-kekilli-ilk-yapan-oldu-sheyenne-shea-turkiye-instagram-karariyla-sasirtti-6.jpg'><img loading="lazy" decoding="async" width="254" height="300" src="https://safirdemo.com/anka/wp-content/uploads/sibel-kekilli-ilk-yapan-oldu-sheyenne-shea-turkiye-instagram-karariyla-sasirtti-6.jpg" class="attachment-medium size-medium" alt="" /></a></p>
<p>Shea, &#8220;Türkiye&#8217;ye karşı bir nefretim yok ama tacizlerden bıktım usandım. Lütfen beni rahat bırakın ve kişisel alanıma saygı duyun&#8221; demişti.</p>

<p>Shea, &#8220;Türkiye&#8217;ye karşı bir nefretim yok ama tacizlerden bıktım usandım. Lütfen beni rahat bırakın ve kişisel alanıma saygı duyun&#8221; demişti.</p>
