{"id":532,"date":"2026-01-17T21:36:35","date_gmt":"2026-01-17T18:36:35","guid":{"rendered":"http:\/\/demo.safirtema.com\/anka\/wp-content\/uploads\/2020\/10\/sibel-kekilli-ilk-yapan-oldu-sheyenne-shea-turkiye-instagram-karariyla-sasirtti-10.jpg"},"modified":"2026-01-17T21:36:35","modified_gmt":"2026-01-17T18:36:35","slug":"sibel-kekilli-ilk-yapan-oldu-sheyenne-shea-turkiye-instagram-karariyla-sasirtti-13","status":"inherit","type":"attachment","link":"https:\/\/safirdemo.com\/anka\/sibel-kekilli-ilk-yapan-oldu-sheyenne-shea-turkiye-instagram-karariyla-sasirtti\/sibel-kekilli-ilk-yapan-oldu-sheyenne-shea-turkiye-instagram-karariyla-sasirtti-13\/","title":{"rendered":"Sibel Kekilli ilk yapan oldu Sheyenne Shea T\u00fcrkiye Instagram karar\u0131yla \u015fa\u015f\u0131rtt\u0131"},"author":1,"featured_media":0,"comment_status":"open","ping_status":"closed","template":"","meta":[],"class_list":["post-532","attachment","type-attachment","status-inherit","hentry"],"description":{"rendered":"<p class=\"attachment\"><a href='https:\/\/safirdemo.com\/anka\/wp-content\/uploads\/sibel-kekilli-ilk-yapan-oldu-sheyenne-shea-turkiye-instagram-karariyla-sasirtti-10.jpg'><img loading=\"lazy\" decoding=\"async\" width=\"256\" height=\"300\" src=\"https:\/\/safirdemo.com\/anka\/wp-content\/uploads\/sibel-kekilli-ilk-yapan-oldu-sheyenne-shea-turkiye-instagram-karariyla-sasirtti-10.jpg\" class=\"attachment-medium size-medium\" alt=\"\" \/><\/a><\/p>\n<p>Sonra sokakta sebze satmaya gidiyordu. Hafta sonlar\u0131 garsonluk yap\u0131yordu. Cuma, cumartesi bir diskotekte kap\u0131c\u0131l\u0131k yap\u0131yordu. Orada cumartesi sabah 7&#8217;ye kadar \u00e7al\u0131\u015f\u0131yordu.<\/p>\n"},"caption":{"rendered":"<p>Sonra sokakta sebze satmaya gidiyordu. Hafta sonlar\u0131 garsonluk yap\u0131yordu. Cuma, cumartesi bir diskotekte kap\u0131c\u0131l\u0131k yap\u0131yordu. Orada cumartesi sabah 7&#8217;ye kadar \u00e7al\u0131\u015f\u0131yordu.<\/p>\n"},"alt_text":"","media_type":"image","mime_type":"image\/jpeg","media_details":{"width":1000,"height":1173,"file":"sibel-kekilli-ilk-yapan-oldu-sheyenne-shea-turkiye-instagram-karariyla-sasirtti-10.jpg","filesize":202446,"sizes":{},"image_meta":{"aperture":"0","credit":"","camera":"","caption":"","created_timestamp":"0","copyright":"","focal_length":"0","iso":"0","shutter_speed":"0","title":"","orientation":"0","keywords":[]}},"post":520,"source_url":"https:\/\/safirdemo.com\/anka\/wp-content\/uploads\/sibel-kekilli-ilk-yapan-oldu-sheyenne-shea-turkiye-instagram-karariyla-sasirtti-10.jpg","_links":{"self":[{"href":"https:\/\/safirdemo.com\/anka\/wp-json\/wp\/v2\/media\/532","targetHints":{"allow":["GET"]}}],"collection":[{"href":"https:\/\/safirdemo.com\/anka\/wp-json\/wp\/v2\/media"}],"about":[{"href":"https:\/\/safirdemo.com\/anka\/wp-json\/wp\/v2\/types\/attachment"}],"author":[{"embeddable":true,"href":"https:\/\/safirdemo.com\/anka\/wp-json\/wp\/v2\/users\/1"}],"replies":[{"embeddable":true,"href":"https:\/\/safirdemo.com\/anka\/wp-json\/wp\/v2\/comments?post=532"}],"wp:attached-to":[{"embeddable":true,"post_type":"post","id":520,"href":"https:\/\/safirdemo.com\/anka\/wp-json\/wp\/v2\/posts\/520"}],"curies":[{"name":"wp","href":"https:\/\/api.w.org\/{rel}","templated":true}]}}

Sibel Kekilli ilk yapan oldu Sheyenne Shea Türkiye Instagram kararıyla şaşırttı

<p class="attachment"><a href='https://safirdemo.com/anka/wp-content/uploads/sibel-kekilli-ilk-yapan-oldu-sheyenne-shea-turkiye-instagram-karariyla-sasirtti-10.jpg'><img loading="lazy" decoding="async" width="256" height="300" src="https://safirdemo.com/anka/wp-content/uploads/sibel-kekilli-ilk-yapan-oldu-sheyenne-shea-turkiye-instagram-karariyla-sasirtti-10.jpg" class="attachment-medium size-medium" alt="" /></a></p>
<p>Sonra sokakta sebze satmaya gidiyordu. Hafta sonları garsonluk yapıyordu. Cuma, cumartesi bir diskotekte kapıcılık yapıyordu. Orada cumartesi sabah 7&#8217;ye kadar çalışıyordu.</p>

<p>Sonra sokakta sebze satmaya gidiyordu. Hafta sonları garsonluk yapıyordu. Cuma, cumartesi bir diskotekte kapıcılık yapıyordu. Orada cumartesi sabah 7&#8217;ye kadar çalışıyordu.</p>
