{"id":536,"date":"2026-01-17T21:36:39","date_gmt":"2026-01-17T18:36:39","guid":{"rendered":"http:\/\/demo.safirtema.com\/anka\/wp-content\/uploads\/2020\/10\/sibel-kekilli-ilk-yapan-oldu-sheyenne-shea-turkiye-instagram-karariyla-sasirtti-14.jpg"},"modified":"2026-01-17T21:36:39","modified_gmt":"2026-01-17T18:36:39","slug":"sibel-kekilli-ilk-yapan-oldu-sheyenne-shea-turkiye-instagram-karariyla-sasirtti-17","status":"inherit","type":"attachment","link":"https:\/\/safirdemo.com\/anka\/sibel-kekilli-ilk-yapan-oldu-sheyenne-shea-turkiye-instagram-karariyla-sasirtti\/sibel-kekilli-ilk-yapan-oldu-sheyenne-shea-turkiye-instagram-karariyla-sasirtti-17\/","title":{"rendered":"Sibel Kekilli ilk yapan oldu Sheyenne Shea T\u00fcrkiye Instagram karar\u0131yla \u015fa\u015f\u0131rtt\u0131"},"author":1,"featured_media":0,"comment_status":"open","ping_status":"closed","template":"","meta":[],"class_list":["post-536","attachment","type-attachment","status-inherit","hentry"],"description":{"rendered":"<p class=\"attachment\"><a href='https:\/\/safirdemo.com\/anka\/wp-content\/uploads\/sibel-kekilli-ilk-yapan-oldu-sheyenne-shea-turkiye-instagram-karariyla-sasirtti-14.jpg'><img loading=\"lazy\" decoding=\"async\" width=\"230\" height=\"300\" src=\"https:\/\/safirdemo.com\/anka\/wp-content\/uploads\/sibel-kekilli-ilk-yapan-oldu-sheyenne-shea-turkiye-instagram-karariyla-sasirtti-14.jpg\" class=\"attachment-medium size-medium\" alt=\"\" \/><\/a><\/p>\n<p>Alt\u0131n Ay\u0131 ve Alt\u0131n Portakal ba\u015fta olmak \u00fczere bir\u00e7ok \u00f6d\u00fcle lay\u0131k g\u00f6r\u00fcld\u00fc. Sibel Kekilli\u2019nin ad\u0131 Fatih Ak\u0131n\u2019\u0131n y\u00f6netti\u011fi Duvara Kar\u015f\u0131 filmindeki ba\u015far\u0131s\u0131 kadar, bir zamanlar oynad\u0131\u011f\u0131 yeti\u015fkin filmlerle de an\u0131l\u0131yordu.<\/p>\n"},"caption":{"rendered":"<p>Alt\u0131n Ay\u0131 ve Alt\u0131n Portakal ba\u015fta olmak \u00fczere bir\u00e7ok \u00f6d\u00fcle lay\u0131k g\u00f6r\u00fcld\u00fc. Sibel Kekilli\u2019nin ad\u0131 Fatih Ak\u0131n\u2019\u0131n y\u00f6netti\u011fi Duvara Kar\u015f\u0131 filmindeki ba\u015far\u0131s\u0131 kadar, bir zamanlar oynad\u0131\u011f\u0131 yeti\u015fkin filmlerle de an\u0131l\u0131yordu.<\/p>\n"},"alt_text":"","media_type":"image","mime_type":"image\/jpeg","media_details":{"width":1280,"height":1673,"file":"sibel-kekilli-ilk-yapan-oldu-sheyenne-shea-turkiye-instagram-karariyla-sasirtti-14.jpg","filesize":383564,"sizes":{},"image_meta":{"aperture":"0","credit":"","camera":"","caption":"","created_timestamp":"0","copyright":"","focal_length":"0","iso":"0","shutter_speed":"0","title":"","orientation":"0","keywords":[]}},"post":520,"source_url":"https:\/\/safirdemo.com\/anka\/wp-content\/uploads\/sibel-kekilli-ilk-yapan-oldu-sheyenne-shea-turkiye-instagram-karariyla-sasirtti-14.jpg","_links":{"self":[{"href":"https:\/\/safirdemo.com\/anka\/wp-json\/wp\/v2\/media\/536","targetHints":{"allow":["GET"]}}],"collection":[{"href":"https:\/\/safirdemo.com\/anka\/wp-json\/wp\/v2\/media"}],"about":[{"href":"https:\/\/safirdemo.com\/anka\/wp-json\/wp\/v2\/types\/attachment"}],"author":[{"embeddable":true,"href":"https:\/\/safirdemo.com\/anka\/wp-json\/wp\/v2\/users\/1"}],"replies":[{"embeddable":true,"href":"https:\/\/safirdemo.com\/anka\/wp-json\/wp\/v2\/comments?post=536"}],"wp:attached-to":[{"embeddable":true,"post_type":"post","id":520,"href":"https:\/\/safirdemo.com\/anka\/wp-json\/wp\/v2\/posts\/520"}],"curies":[{"name":"wp","href":"https:\/\/api.w.org\/{rel}","templated":true}]}}

Sibel Kekilli ilk yapan oldu Sheyenne Shea Türkiye Instagram kararıyla şaşırttı

<p class="attachment"><a href='https://safirdemo.com/anka/wp-content/uploads/sibel-kekilli-ilk-yapan-oldu-sheyenne-shea-turkiye-instagram-karariyla-sasirtti-14.jpg'><img loading="lazy" decoding="async" width="230" height="300" src="https://safirdemo.com/anka/wp-content/uploads/sibel-kekilli-ilk-yapan-oldu-sheyenne-shea-turkiye-instagram-karariyla-sasirtti-14.jpg" class="attachment-medium size-medium" alt="" /></a></p>
<p>Altın Ayı ve Altın Portakal başta olmak üzere birçok ödüle layık görüldü. Sibel Kekilli’nin adı Fatih Akın’ın yönettiği Duvara Karşı filmindeki başarısı kadar, bir zamanlar oynadığı yetişkin filmlerle de anılıyordu.</p>

<p>Altın Ayı ve Altın Portakal başta olmak üzere birçok ödüle layık görüldü. Sibel Kekilli’nin adı Fatih Akın’ın yönettiği Duvara Karşı filmindeki başarısı kadar, bir zamanlar oynadığı yetişkin filmlerle de anılıyordu.</p>
