{"id":537,"date":"2026-01-17T21:36:41","date_gmt":"2026-01-17T18:36:41","guid":{"rendered":"http:\/\/demo.safirtema.com\/anka\/wp-content\/uploads\/2020\/10\/sibel-kekilli-ilk-yapan-oldu-sheyenne-shea-turkiye-instagram-karariyla-sasirtti-15.jpg"},"modified":"2026-01-17T21:36:41","modified_gmt":"2026-01-17T18:36:41","slug":"sibel-kekilli-ilk-yapan-oldu-sheyenne-shea-turkiye-instagram-karariyla-sasirtti-18","status":"inherit","type":"attachment","link":"https:\/\/safirdemo.com\/anka\/sibel-kekilli-ilk-yapan-oldu-sheyenne-shea-turkiye-instagram-karariyla-sasirtti\/sibel-kekilli-ilk-yapan-oldu-sheyenne-shea-turkiye-instagram-karariyla-sasirtti-18\/","title":{"rendered":"Sibel Kekilli ilk yapan oldu Sheyenne Shea T\u00fcrkiye Instagram karar\u0131yla \u015fa\u015f\u0131rtt\u0131"},"author":1,"featured_media":0,"comment_status":"open","ping_status":"closed","template":"","meta":[],"class_list":["post-537","attachment","type-attachment","status-inherit","hentry"],"description":{"rendered":"<p class=\"attachment\"><a href='https:\/\/safirdemo.com\/anka\/wp-content\/uploads\/sibel-kekilli-ilk-yapan-oldu-sheyenne-shea-turkiye-instagram-karariyla-sasirtti-15.jpg'><img loading=\"lazy\" decoding=\"async\" width=\"210\" height=\"300\" src=\"https:\/\/safirdemo.com\/anka\/wp-content\/uploads\/sibel-kekilli-ilk-yapan-oldu-sheyenne-shea-turkiye-instagram-karariyla-sasirtti-15.jpg\" class=\"attachment-medium size-medium\" alt=\"\" \/><\/a><\/p>\n<p>\u00d6mer U\u011fur\u2018un y\u00f6netti\u011fi \u201cEve D\u00f6n\u00fc\u015f\u201d fliminde Mehmet Ali Alabora ile birlikte oynad\u0131. \u00c7ek y\u00f6netmenler Dana V\u00e1vrov\u00e1 ve Joseph Vilsmaier\u2019in Der letzte Zug (Son Tren) adl\u0131 filmlerinde rol ald\u0131.<\/p>\n"},"caption":{"rendered":"<p>\u00d6mer U\u011fur\u2018un y\u00f6netti\u011fi \u201cEve D\u00f6n\u00fc\u015f\u201d fliminde Mehmet Ali Alabora ile birlikte oynad\u0131. \u00c7ek y\u00f6netmenler Dana V\u00e1vrov\u00e1 ve Joseph Vilsmaier\u2019in Der letzte Zug (Son Tren) adl\u0131 filmlerinde rol ald\u0131.<\/p>\n"},"alt_text":"","media_type":"image","mime_type":"image\/jpeg","media_details":{"width":1280,"height":1829,"file":"sibel-kekilli-ilk-yapan-oldu-sheyenne-shea-turkiye-instagram-karariyla-sasirtti-15.jpg","filesize":217359,"sizes":{},"image_meta":{"aperture":"0","credit":"","camera":"","caption":"","created_timestamp":"0","copyright":"","focal_length":"0","iso":"0","shutter_speed":"0","title":"","orientation":"0","keywords":[]}},"post":520,"source_url":"https:\/\/safirdemo.com\/anka\/wp-content\/uploads\/sibel-kekilli-ilk-yapan-oldu-sheyenne-shea-turkiye-instagram-karariyla-sasirtti-15.jpg","_links":{"self":[{"href":"https:\/\/safirdemo.com\/anka\/wp-json\/wp\/v2\/media\/537","targetHints":{"allow":["GET"]}}],"collection":[{"href":"https:\/\/safirdemo.com\/anka\/wp-json\/wp\/v2\/media"}],"about":[{"href":"https:\/\/safirdemo.com\/anka\/wp-json\/wp\/v2\/types\/attachment"}],"author":[{"embeddable":true,"href":"https:\/\/safirdemo.com\/anka\/wp-json\/wp\/v2\/users\/1"}],"replies":[{"embeddable":true,"href":"https:\/\/safirdemo.com\/anka\/wp-json\/wp\/v2\/comments?post=537"}],"wp:attached-to":[{"embeddable":true,"post_type":"post","id":520,"href":"https:\/\/safirdemo.com\/anka\/wp-json\/wp\/v2\/posts\/520"}],"curies":[{"name":"wp","href":"https:\/\/api.w.org\/{rel}","templated":true}]}}

Sibel Kekilli ilk yapan oldu Sheyenne Shea Türkiye Instagram kararıyla şaşırttı

<p class="attachment"><a href='https://safirdemo.com/anka/wp-content/uploads/sibel-kekilli-ilk-yapan-oldu-sheyenne-shea-turkiye-instagram-karariyla-sasirtti-15.jpg'><img loading="lazy" decoding="async" width="210" height="300" src="https://safirdemo.com/anka/wp-content/uploads/sibel-kekilli-ilk-yapan-oldu-sheyenne-shea-turkiye-instagram-karariyla-sasirtti-15.jpg" class="attachment-medium size-medium" alt="" /></a></p>
<p>Ömer Uğur‘un yönettiği “Eve Dönüş” fliminde Mehmet Ali Alabora ile birlikte oynadı. Çek yönetmenler Dana Vávrová ve Joseph Vilsmaier’in Der letzte Zug (Son Tren) adlı filmlerinde rol aldı.</p>

<p>Ömer Uğur‘un yönettiği “Eve Dönüş” fliminde Mehmet Ali Alabora ile birlikte oynadı. Çek yönetmenler Dana Vávrová ve Joseph Vilsmaier’in Der letzte Zug (Son Tren) adlı filmlerinde rol aldı.</p>
