{"id":538,"date":"2026-01-17T21:36:43","date_gmt":"2026-01-17T18:36:43","guid":{"rendered":"http:\/\/demo.safirtema.com\/anka\/wp-content\/uploads\/2020\/10\/sibel-kekilli-ilk-yapan-oldu-sheyenne-shea-turkiye-instagram-karariyla-sasirtti-16.jpg"},"modified":"2026-01-17T21:36:43","modified_gmt":"2026-01-17T18:36:43","slug":"sibel-kekilli-ilk-yapan-oldu-sheyenne-shea-turkiye-instagram-karariyla-sasirtti-19","status":"inherit","type":"attachment","link":"https:\/\/safirdemo.com\/anka\/sibel-kekilli-ilk-yapan-oldu-sheyenne-shea-turkiye-instagram-karariyla-sasirtti\/sibel-kekilli-ilk-yapan-oldu-sheyenne-shea-turkiye-instagram-karariyla-sasirtti-19\/","title":{"rendered":"Sibel Kekilli ilk yapan oldu Sheyenne Shea T\u00fcrkiye Instagram karar\u0131yla \u015fa\u015f\u0131rtt\u0131"},"author":1,"featured_media":0,"comment_status":"open","ping_status":"closed","template":"","meta":[],"class_list":["post-538","attachment","type-attachment","status-inherit","hentry"],"description":{"rendered":"<p class=\"attachment\"><a href='https:\/\/safirdemo.com\/anka\/wp-content\/uploads\/sibel-kekilli-ilk-yapan-oldu-sheyenne-shea-turkiye-instagram-karariyla-sasirtti-16.jpg'><img loading=\"lazy\" decoding=\"async\" width=\"200\" height=\"300\" src=\"https:\/\/safirdemo.com\/anka\/wp-content\/uploads\/sibel-kekilli-ilk-yapan-oldu-sheyenne-shea-turkiye-instagram-karariyla-sasirtti-16.jpg\" class=\"attachment-medium size-medium\" alt=\"\" \/><\/a><\/p>\n<p>Sibel Kekilli, \u015fimdi ise ya\u015fam\u0131n\u0131 birlikte oldu\u011fu Finlandiyal\u0131 oyuncu Antti Luusuaniemi ile Finlandiya\u2019da s\u00fcrd\u00fcr\u00fcyor. Sibel Kekilli 2009 da Tony Laine\u2019in y\u00f6netti\u011fi Pihalla adl\u0131 romantik komedide ba\u015frol\u00fc \u00fcstlendi.<\/p>\n"},"caption":{"rendered":"<p>Sibel Kekilli, \u015fimdi ise ya\u015fam\u0131n\u0131 birlikte oldu\u011fu Finlandiyal\u0131 oyuncu Antti Luusuaniemi ile Finlandiya\u2019da s\u00fcrd\u00fcr\u00fcyor. Sibel Kekilli 2009 da Tony Laine\u2019in y\u00f6netti\u011fi Pihalla adl\u0131 romantik komedide ba\u015frol\u00fc \u00fcstlendi.<\/p>\n"},"alt_text":"","media_type":"image","mime_type":"image\/jpeg","media_details":{"width":1000,"height":1500,"file":"sibel-kekilli-ilk-yapan-oldu-sheyenne-shea-turkiye-instagram-karariyla-sasirtti-16.jpg","filesize":241331,"sizes":{},"image_meta":{"aperture":"0","credit":"","camera":"","caption":"","created_timestamp":"0","copyright":"","focal_length":"0","iso":"0","shutter_speed":"0","title":"","orientation":"0","keywords":[]}},"post":520,"source_url":"https:\/\/safirdemo.com\/anka\/wp-content\/uploads\/sibel-kekilli-ilk-yapan-oldu-sheyenne-shea-turkiye-instagram-karariyla-sasirtti-16.jpg","_links":{"self":[{"href":"https:\/\/safirdemo.com\/anka\/wp-json\/wp\/v2\/media\/538","targetHints":{"allow":["GET"]}}],"collection":[{"href":"https:\/\/safirdemo.com\/anka\/wp-json\/wp\/v2\/media"}],"about":[{"href":"https:\/\/safirdemo.com\/anka\/wp-json\/wp\/v2\/types\/attachment"}],"author":[{"embeddable":true,"href":"https:\/\/safirdemo.com\/anka\/wp-json\/wp\/v2\/users\/1"}],"replies":[{"embeddable":true,"href":"https:\/\/safirdemo.com\/anka\/wp-json\/wp\/v2\/comments?post=538"}],"wp:attached-to":[{"embeddable":true,"post_type":"post","id":520,"href":"https:\/\/safirdemo.com\/anka\/wp-json\/wp\/v2\/posts\/520"}],"curies":[{"name":"wp","href":"https:\/\/api.w.org\/{rel}","templated":true}]}}

Sibel Kekilli ilk yapan oldu Sheyenne Shea Türkiye Instagram kararıyla şaşırttı

<p class="attachment"><a href='https://safirdemo.com/anka/wp-content/uploads/sibel-kekilli-ilk-yapan-oldu-sheyenne-shea-turkiye-instagram-karariyla-sasirtti-16.jpg'><img loading="lazy" decoding="async" width="200" height="300" src="https://safirdemo.com/anka/wp-content/uploads/sibel-kekilli-ilk-yapan-oldu-sheyenne-shea-turkiye-instagram-karariyla-sasirtti-16.jpg" class="attachment-medium size-medium" alt="" /></a></p>
<p>Sibel Kekilli, şimdi ise yaşamını birlikte olduğu Finlandiyalı oyuncu Antti Luusuaniemi ile Finlandiya’da sürdürüyor. Sibel Kekilli 2009 da Tony Laine’in yönettiği Pihalla adlı romantik komedide başrolü üstlendi.</p>

<p>Sibel Kekilli, şimdi ise yaşamını birlikte olduğu Finlandiyalı oyuncu Antti Luusuaniemi ile Finlandiya’da sürdürüyor. Sibel Kekilli 2009 da Tony Laine’in yönettiği Pihalla adlı romantik komedide başrolü üstlendi.</p>
