{"id":556,"date":"2026-01-17T21:36:56","date_gmt":"2026-01-17T18:36:56","guid":{"rendered":"http:\/\/demo.safirtema.com\/anka\/wp-content\/uploads\/2020\/10\/apple-iphone-12-kutusunu-fransada-bosaltamadi-sebebi-bakin-ne-0.jpg"},"modified":"2026-01-17T21:36:56","modified_gmt":"2026-01-17T18:36:56","slug":"apple-iphone-12-kutusunu-fransada-bosaltamadi-sebebi-bakin-ne-3","status":"inherit","type":"attachment","link":"https:\/\/safirdemo.com\/anka\/apple-iphone-kutusunu-fransada-bosaltamadi-sebebi-bakin-ne\/apple-iphone-12-kutusunu-fransada-bosaltamadi-sebebi-bakin-ne-3\/","title":{"rendered":"Apple iPhone 12 kutusunu Fransa&#8217;da bo\u015faltamad\u0131 sebebi bak\u0131n ne"},"author":1,"featured_media":0,"comment_status":"open","ping_status":"closed","template":"","meta":[],"class_list":["post-556","attachment","type-attachment","status-inherit","hentry"],"description":{"rendered":"<p class=\"attachment\"><a href='https:\/\/safirdemo.com\/anka\/wp-content\/uploads\/apple-iphone-12-kutusunu-fransada-bosaltamadi-sebebi-bakin-ne-0.jpg'><img loading=\"lazy\" decoding=\"async\" width=\"300\" height=\"171\" src=\"https:\/\/safirdemo.com\/anka\/wp-content\/uploads\/apple-iphone-12-kutusunu-fransada-bosaltamadi-sebebi-bakin-ne-0.jpg\" class=\"attachment-medium size-medium\" alt=\"\" \/><\/a><\/p>\n<p>ABD\u00a0merkezli\u00a0teknoloji\u00a0\u015firketi\u00a0Apple\u2019\u0131n\u00a0yeni iPhone modellerinin kutu i\u00e7eri\u011finde \u015farj adapt\u00f6r\u00fcn\u00fcn ve\u00a0EarPods\u00a0kulakl\u0131\u011f\u0131n\u00a0olmayaca\u011f\u0131 iddia edilmi\u015fti.<\/p>\n"},"caption":{"rendered":"<p>ABD\u00a0merkezli\u00a0teknoloji\u00a0\u015firketi\u00a0Apple\u2019\u0131n\u00a0yeni iPhone modellerinin kutu i\u00e7eri\u011finde \u015farj adapt\u00f6r\u00fcn\u00fcn ve\u00a0EarPods\u00a0kulakl\u0131\u011f\u0131n\u00a0olmayaca\u011f\u0131 iddia edilmi\u015fti.<\/p>\n"},"alt_text":"","media_type":"image","mime_type":"image\/jpeg","media_details":{"width":1000,"height":570,"file":"apple-iphone-12-kutusunu-fransada-bosaltamadi-sebebi-bakin-ne-0.jpg","filesize":188985,"sizes":{},"image_meta":{"aperture":"0","credit":"","camera":"","caption":"","created_timestamp":"0","copyright":"","focal_length":"0","iso":"0","shutter_speed":"0","title":"","orientation":"0","keywords":[]}},"post":554,"source_url":"https:\/\/safirdemo.com\/anka\/wp-content\/uploads\/apple-iphone-12-kutusunu-fransada-bosaltamadi-sebebi-bakin-ne-0.jpg","_links":{"self":[{"href":"https:\/\/safirdemo.com\/anka\/wp-json\/wp\/v2\/media\/556","targetHints":{"allow":["GET"]}}],"collection":[{"href":"https:\/\/safirdemo.com\/anka\/wp-json\/wp\/v2\/media"}],"about":[{"href":"https:\/\/safirdemo.com\/anka\/wp-json\/wp\/v2\/types\/attachment"}],"author":[{"embeddable":true,"href":"https:\/\/safirdemo.com\/anka\/wp-json\/wp\/v2\/users\/1"}],"replies":[{"embeddable":true,"href":"https:\/\/safirdemo.com\/anka\/wp-json\/wp\/v2\/comments?post=556"}],"wp:attached-to":[{"embeddable":true,"post_type":"post","id":554,"href":"https:\/\/safirdemo.com\/anka\/wp-json\/wp\/v2\/posts\/554"}],"curies":[{"name":"wp","href":"https:\/\/api.w.org\/{rel}","templated":true}]}}

Apple iPhone 12 kutusunu Fransa&#8217;da boşaltamadı sebebi bakın ne

<p class="attachment"><a href='https://safirdemo.com/anka/wp-content/uploads/apple-iphone-12-kutusunu-fransada-bosaltamadi-sebebi-bakin-ne-0.jpg'><img loading="lazy" decoding="async" width="300" height="171" src="https://safirdemo.com/anka/wp-content/uploads/apple-iphone-12-kutusunu-fransada-bosaltamadi-sebebi-bakin-ne-0.jpg" class="attachment-medium size-medium" alt="" /></a></p>
<p>ABD merkezli teknoloji şirketi Apple’ın yeni iPhone modellerinin kutu içeriğinde şarj adaptörünün ve EarPods kulaklığın olmayacağı iddia edilmişti.</p>

<p>ABD merkezli teknoloji şirketi Apple’ın yeni iPhone modellerinin kutu içeriğinde şarj adaptörünün ve EarPods kulaklığın olmayacağı iddia edilmişti.</p>
