{"id":638,"date":"2026-01-17T21:46:11","date_gmt":"2026-01-17T18:46:11","guid":{"rendered":"http:\/\/demo.safirtema.com\/anka\/wp-content\/uploads\/2020\/10\/adele-memleketi-londraya-geri-donuyor-0.jpg"},"modified":"2026-01-17T21:46:11","modified_gmt":"2026-01-17T18:46:11","slug":"adele-memleketi-londraya-geri-donuyor-3","status":"inherit","type":"attachment","link":"https:\/\/safirdemo.com\/anka\/adele-memleketi-londraya-geri-donuyor\/adele-memleketi-londraya-geri-donuyor-3\/","title":{"rendered":"Adele, memleketi Londra\u2019ya geri d\u00f6n\u00fcyor"},"author":1,"featured_media":0,"comment_status":"open","ping_status":"closed","template":"","meta":[],"class_list":["post-638","attachment","type-attachment","status-inherit","hentry"],"description":{"rendered":"<p class=\"attachment\"><a href='https:\/\/safirdemo.com\/anka\/wp-content\/uploads\/adele-memleketi-londraya-geri-donuyor-0.jpg'><img loading=\"lazy\" decoding=\"async\" width=\"300\" height=\"169\" src=\"https:\/\/safirdemo.com\/anka\/wp-content\/uploads\/adele-memleketi-londraya-geri-donuyor-0.jpg\" class=\"attachment-medium size-medium\" alt=\"\" \/><\/a><\/p>\n<p>HT Magazin&rsquo;de yer alan habere g&ouml;re, m&uuml;zisyen e\u015fi Simon Konecki ile Londra-Los Angeles aras\u0131nda mekik dokuyan d&uuml;nyaca &uuml;nl&uuml; \u015fark\u0131c\u0131 Adele, memleketi olan Londra&rsquo;ya ta\u015f\u0131nmaya karar verdi.&nbsp;<\/p>\n<p>&nbsp;<\/p>\n"},"caption":{"rendered":"<p>HT Magazin&rsquo;de yer alan habere g&ouml;re, m&uuml;zisyen e\u015fi Simon Konecki ile Londra-Los Angeles aras\u0131nda mekik dokuyan d&uuml;nyaca &uuml;nl&uuml; \u015fark\u0131c\u0131 Adele, memleketi olan Londra&rsquo;ya ta\u015f\u0131nmaya karar verdi.&nbsp; &nbsp;<\/p>\n"},"alt_text":"","media_type":"image","mime_type":"image\/jpeg","media_details":{"width":640,"height":360,"file":"adele-memleketi-londraya-geri-donuyor-0.jpg","filesize":36609,"sizes":{},"image_meta":{"aperture":"0","credit":"","camera":"","caption":"","created_timestamp":"0","copyright":"","focal_length":"0","iso":"0","shutter_speed":"0","title":"","orientation":"0","keywords":[]}},"post":636,"source_url":"https:\/\/safirdemo.com\/anka\/wp-content\/uploads\/adele-memleketi-londraya-geri-donuyor-0.jpg","_links":{"self":[{"href":"https:\/\/safirdemo.com\/anka\/wp-json\/wp\/v2\/media\/638","targetHints":{"allow":["GET"]}}],"collection":[{"href":"https:\/\/safirdemo.com\/anka\/wp-json\/wp\/v2\/media"}],"about":[{"href":"https:\/\/safirdemo.com\/anka\/wp-json\/wp\/v2\/types\/attachment"}],"author":[{"embeddable":true,"href":"https:\/\/safirdemo.com\/anka\/wp-json\/wp\/v2\/users\/1"}],"replies":[{"embeddable":true,"href":"https:\/\/safirdemo.com\/anka\/wp-json\/wp\/v2\/comments?post=638"}],"wp:attached-to":[{"embeddable":true,"post_type":"post","id":636,"href":"https:\/\/safirdemo.com\/anka\/wp-json\/wp\/v2\/posts\/636"}],"curies":[{"name":"wp","href":"https:\/\/api.w.org\/{rel}","templated":true}]}}

Adele, memleketi Londra’ya geri dönüyor

<p class="attachment"><a href='https://safirdemo.com/anka/wp-content/uploads/adele-memleketi-londraya-geri-donuyor-0.jpg'><img loading="lazy" decoding="async" width="300" height="169" src="https://safirdemo.com/anka/wp-content/uploads/adele-memleketi-londraya-geri-donuyor-0.jpg" class="attachment-medium size-medium" alt="" /></a></p>
<p>HT Magazin&rsquo;de yer alan habere g&ouml;re, m&uuml;zisyen eşi Simon Konecki ile Londra-Los Angeles arasında mekik dokuyan d&uuml;nyaca &uuml;nl&uuml; şarkıcı Adele, memleketi olan Londra&rsquo;ya taşınmaya karar verdi.&nbsp;</p>
<p>&nbsp;</p>

<p>HT Magazin&rsquo;de yer alan habere g&ouml;re, m&uuml;zisyen eşi Simon Konecki ile Londra-Los Angeles arasında mekik dokuyan d&uuml;nyaca &uuml;nl&uuml; şarkıcı Adele, memleketi olan Londra&rsquo;ya taşınmaya karar verdi.&nbsp; &nbsp;</p>
