{"id":243,"date":"2026-01-31T12:31:45","date_gmt":"2026-01-31T09:31:45","guid":{"rendered":"http:\/\/demo.safirtema.com\/lara\/wp-content\/uploads\/2020\/03\/angelina-jolieden-brad-pitte-avantaci-suclamasi-9.jpg"},"modified":"2026-01-31T12:31:45","modified_gmt":"2026-01-31T09:31:45","slug":"angelina-jolieden-brad-pitte-avantaci-suclamasi-12","status":"inherit","type":"attachment","link":"https:\/\/safirdemo.com\/lara\/angelina-jolieden-brad-pitte-avantaci-suclamasi\/angelina-jolieden-brad-pitte-avantaci-suclamasi-12\/","title":{"rendered":"Angelina Jolie&#8217;den Brad Pitt&#8217;e &#8216;avantac\u0131&#8217; su\u00e7lamas\u0131!"},"author":1,"featured_media":0,"comment_status":"open","ping_status":"closed","template":"","meta":[],"class_list":["post-243","attachment","type-attachment","status-inherit","hentry"],"description":{"rendered":"<p class=\"attachment\"><a href='https:\/\/safirdemo.com\/lara\/wp-content\/uploads\/angelina-jolieden-brad-pitte-avantaci-suclamasi-9.jpg'><img loading=\"lazy\" decoding=\"async\" width=\"300\" height=\"193\" src=\"https:\/\/safirdemo.com\/lara\/wp-content\/uploads\/angelina-jolieden-brad-pitte-avantaci-suclamasi-9.jpg\" class=\"attachment-medium size-medium\" alt=\"\" \/><\/a><\/p>\n<p>&Ccedil;ift, ayr\u0131l\u0131\u011f\u0131n ilk d&ouml;nemlerinde &ccedil;ocuklar\u0131n velayeti i&ccedil;in amans\u0131z bir m&uuml;cadeleye giri\u015fti. Jolie, Pitt&#8217;in b&uuml;y&uuml;k o\u011flu Maddox&#8217;a \u015fiddet uygulad\u0131\u011f\u0131n\u0131 ileri s&uuml;rd&uuml;.&nbsp;<\/p>\n"},"caption":{"rendered":"<p>&Ccedil;ift, ayr\u0131l\u0131\u011f\u0131n ilk d&ouml;nemlerinde &ccedil;ocuklar\u0131n velayeti i&ccedil;in amans\u0131z bir m&uuml;cadeleye giri\u015fti. Jolie, Pitt&#8217;in b&uuml;y&uuml;k o\u011flu Maddox&#8217;a \u015fiddet uygulad\u0131\u011f\u0131n\u0131 ileri s&uuml;rd&uuml;.&nbsp;<\/p>\n"},"alt_text":"","media_type":"image","mime_type":"image\/jpeg","media_details":{"width":640,"height":412,"file":"angelina-jolieden-brad-pitte-avantaci-suclamasi-9.jpg","filesize":51469,"sizes":{},"image_meta":{"aperture":"0","credit":"","camera":"","caption":"","created_timestamp":"0","copyright":"","focal_length":"0","iso":"0","shutter_speed":"0","title":"","orientation":"0","keywords":[]}},"post":232,"source_url":"https:\/\/safirdemo.com\/lara\/wp-content\/uploads\/angelina-jolieden-brad-pitte-avantaci-suclamasi-9.jpg","_links":{"self":[{"href":"https:\/\/safirdemo.com\/lara\/wp-json\/wp\/v2\/media\/243","targetHints":{"allow":["GET"]}}],"collection":[{"href":"https:\/\/safirdemo.com\/lara\/wp-json\/wp\/v2\/media"}],"about":[{"href":"https:\/\/safirdemo.com\/lara\/wp-json\/wp\/v2\/types\/attachment"}],"author":[{"embeddable":true,"href":"https:\/\/safirdemo.com\/lara\/wp-json\/wp\/v2\/users\/1"}],"replies":[{"embeddable":true,"href":"https:\/\/safirdemo.com\/lara\/wp-json\/wp\/v2\/comments?post=243"}],"wp:attached-to":[{"embeddable":true,"post_type":"post","id":232,"href":"https:\/\/safirdemo.com\/lara\/wp-json\/wp\/v2\/posts\/232"}],"curies":[{"name":"wp","href":"https:\/\/api.w.org\/{rel}","templated":true}]}}

Angelina Jolie&#8217;den Brad Pitt&#8217;e &#8216;avantacı&#8217; suçlaması!

<p class="attachment"><a href='https://safirdemo.com/lara/wp-content/uploads/angelina-jolieden-brad-pitte-avantaci-suclamasi-9.jpg'><img loading="lazy" decoding="async" width="300" height="193" src="https://safirdemo.com/lara/wp-content/uploads/angelina-jolieden-brad-pitte-avantaci-suclamasi-9.jpg" class="attachment-medium size-medium" alt="" /></a></p>
<p>&Ccedil;ift, ayrılığın ilk d&ouml;nemlerinde &ccedil;ocukların velayeti i&ccedil;in amansız bir m&uuml;cadeleye girişti. Jolie, Pitt&#8217;in b&uuml;y&uuml;k oğlu Maddox&#8217;a şiddet uyguladığını ileri s&uuml;rd&uuml;.&nbsp;</p>

<p>&Ccedil;ift, ayrılığın ilk d&ouml;nemlerinde &ccedil;ocukların velayeti i&ccedil;in amansız bir m&uuml;cadeleye girişti. Jolie, Pitt&#8217;in b&uuml;y&uuml;k oğlu Maddox&#8217;a şiddet uyguladığını ileri s&uuml;rd&uuml;.&nbsp;</p>
