{"id":257,"date":"2026-01-31T12:31:53","date_gmt":"2026-01-31T09:31:53","guid":{"rendered":"http:\/\/demo.safirtema.com\/lara\/wp-content\/uploads\/2020\/03\/candice-swanepoel-brezilyada-0.jpg"},"modified":"2026-01-31T12:31:53","modified_gmt":"2026-01-31T09:31:53","slug":"candice-swanepoel-brezilyada-3","status":"inherit","type":"attachment","link":"https:\/\/safirdemo.com\/lara\/candice-swanepoel-brezilyada\/candice-swanepoel-brezilyada-3\/","title":{"rendered":"Candice Swanepoel, Brezilya&#8217;da"},"author":1,"featured_media":0,"comment_status":"open","ping_status":"closed","template":"","meta":[],"class_list":["post-257","attachment","type-attachment","status-inherit","hentry"],"description":{"rendered":"<p class=\"attachment\"><a href='https:\/\/safirdemo.com\/lara\/wp-content\/uploads\/candice-swanepoel-brezilyada-0.jpg'><img loading=\"lazy\" decoding=\"async\" width=\"300\" height=\"169\" src=\"https:\/\/safirdemo.com\/lara\/wp-content\/uploads\/candice-swanepoel-brezilyada-0.jpg\" class=\"attachment-medium size-medium\" alt=\"\" \/><\/a><\/p>\n<p>Sadece bir ay &ouml;nce ikinci bebe\u011fi Ariel&#8217;i d&uuml;nyaya getiren Swanepoel, daha &ouml;nce plajda &ccedil;ekilen mayolu pozlar\u0131nda hala \u015fi\u015f halde olan karn\u0131yla dikkat &ccedil;ekmi\u015fti. Swanepoel, bu konuda kendisine y&ouml;neltilen ele\u015ftirilere de sosyal medya hesab\u0131 &uuml;zerinden yan\u0131t vermi\u015fti.<\/p>\n<p>&nbsp;<\/p>\n"},"caption":{"rendered":"<p>Sadece bir ay &ouml;nce ikinci bebe\u011fi Ariel&#8217;i d&uuml;nyaya getiren Swanepoel, daha &ouml;nce plajda &ccedil;ekilen mayolu pozlar\u0131nda hala \u015fi\u015f halde olan karn\u0131yla dikkat &ccedil;ekmi\u015fti. Swanepoel, bu konuda kendisine y&ouml;neltilen ele\u015ftirilere de sosyal medya hesab\u0131 &uuml;zerinden yan\u0131t vermi\u015fti. &nbsp;<\/p>\n"},"alt_text":"","media_type":"image","mime_type":"image\/jpeg","media_details":{"width":640,"height":360,"file":"candice-swanepoel-brezilyada-0.jpg","filesize":55972,"sizes":{},"image_meta":{"aperture":"0","credit":"","camera":"","caption":"","created_timestamp":"0","copyright":"","focal_length":"0","iso":"0","shutter_speed":"0","title":"","orientation":"0","keywords":[]}},"post":255,"source_url":"https:\/\/safirdemo.com\/lara\/wp-content\/uploads\/candice-swanepoel-brezilyada-0.jpg","_links":{"self":[{"href":"https:\/\/safirdemo.com\/lara\/wp-json\/wp\/v2\/media\/257","targetHints":{"allow":["GET"]}}],"collection":[{"href":"https:\/\/safirdemo.com\/lara\/wp-json\/wp\/v2\/media"}],"about":[{"href":"https:\/\/safirdemo.com\/lara\/wp-json\/wp\/v2\/types\/attachment"}],"author":[{"embeddable":true,"href":"https:\/\/safirdemo.com\/lara\/wp-json\/wp\/v2\/users\/1"}],"replies":[{"embeddable":true,"href":"https:\/\/safirdemo.com\/lara\/wp-json\/wp\/v2\/comments?post=257"}],"wp:attached-to":[{"embeddable":true,"post_type":"post","id":255,"href":"https:\/\/safirdemo.com\/lara\/wp-json\/wp\/v2\/posts\/255"}],"curies":[{"name":"wp","href":"https:\/\/api.w.org\/{rel}","templated":true}]}}

<p class="attachment"><a href='https://safirdemo.com/lara/wp-content/uploads/candice-swanepoel-brezilyada-0.jpg'><img loading="lazy" decoding="async" width="300" height="169" src="https://safirdemo.com/lara/wp-content/uploads/candice-swanepoel-brezilyada-0.jpg" class="attachment-medium size-medium" alt="" /></a></p>
<p>Sadece bir ay &ouml;nce ikinci bebeği Ariel&#8217;i d&uuml;nyaya getiren Swanepoel, daha &ouml;nce plajda &ccedil;ekilen mayolu pozlarında hala şiş halde olan karnıyla dikkat &ccedil;ekmişti. Swanepoel, bu konuda kendisine y&ouml;neltilen eleştirilere de sosyal medya hesabı &uuml;zerinden yanıt vermişti.</p>
<p>&nbsp;</p>

<p>Sadece bir ay &ouml;nce ikinci bebeği Ariel&#8217;i d&uuml;nyaya getiren Swanepoel, daha &ouml;nce plajda &ccedil;ekilen mayolu pozlarında hala şiş halde olan karnıyla dikkat &ccedil;ekmişti. Swanepoel, bu konuda kendisine y&ouml;neltilen eleştirilere de sosyal medya hesabı &uuml;zerinden yanıt vermişti. &nbsp;</p>
