{"id":269,"date":"2026-01-31T12:31:58","date_gmt":"2026-01-31T09:31:58","guid":{"rendered":"http:\/\/demo.safirtema.com\/lara\/wp-content\/uploads\/2020\/03\/camille-rowe-ile-harry-styles-ayrildi-1.jpg"},"modified":"2026-01-31T12:31:58","modified_gmt":"2026-01-31T09:31:58","slug":"camille-rowe-ile-harry-styles-ayrildi-4","status":"inherit","type":"attachment","link":"https:\/\/safirdemo.com\/lara\/camille-rowe-ile-harry-styles-ayrildi\/camille-rowe-ile-harry-styles-ayrildi-4\/","title":{"rendered":"Camille Rowe ile Harry Styles ayr\u0131ld\u0131"},"author":1,"featured_media":0,"comment_status":"open","ping_status":"closed","template":"","meta":[],"class_list":["post-269","attachment","type-attachment","status-inherit","hentry"],"description":{"rendered":"<p class=\"attachment\"><a href='https:\/\/safirdemo.com\/lara\/wp-content\/uploads\/camille-rowe-ile-harry-styles-ayrildi-1.jpg'><img loading=\"lazy\" decoding=\"async\" width=\"300\" height=\"195\" src=\"https:\/\/safirdemo.com\/lara\/wp-content\/uploads\/camille-rowe-ile-harry-styles-ayrildi-1.jpg\" class=\"attachment-medium size-medium\" alt=\"\" \/><\/a><\/p>\n<p>Bir y\u0131ld\u0131r birlikte olan Harry Styles ile Frans\u0131z top model Camille Rowe, ili\u015fkilerini uzun s&uuml;re g&ouml;zlerden uzak bir \u015fekilde ya\u015fam\u0131\u015ft\u0131.<\/p>\n"},"caption":{"rendered":"<p>Bir y\u0131ld\u0131r birlikte olan Harry Styles ile Frans\u0131z top model Camille Rowe, ili\u015fkilerini uzun s&uuml;re g&ouml;zlerden uzak bir \u015fekilde ya\u015fam\u0131\u015ft\u0131.<\/p>\n"},"alt_text":"","media_type":"image","mime_type":"image\/jpeg","media_details":{"width":640,"height":415,"file":"camille-rowe-ile-harry-styles-ayrildi-1.jpg","filesize":62719,"sizes":{},"image_meta":{"aperture":"0","credit":"","camera":"","caption":"","created_timestamp":"0","copyright":"","focal_length":"0","iso":"0","shutter_speed":"0","title":"","orientation":"0","keywords":[]}},"post":266,"source_url":"https:\/\/safirdemo.com\/lara\/wp-content\/uploads\/camille-rowe-ile-harry-styles-ayrildi-1.jpg","_links":{"self":[{"href":"https:\/\/safirdemo.com\/lara\/wp-json\/wp\/v2\/media\/269","targetHints":{"allow":["GET"]}}],"collection":[{"href":"https:\/\/safirdemo.com\/lara\/wp-json\/wp\/v2\/media"}],"about":[{"href":"https:\/\/safirdemo.com\/lara\/wp-json\/wp\/v2\/types\/attachment"}],"author":[{"embeddable":true,"href":"https:\/\/safirdemo.com\/lara\/wp-json\/wp\/v2\/users\/1"}],"replies":[{"embeddable":true,"href":"https:\/\/safirdemo.com\/lara\/wp-json\/wp\/v2\/comments?post=269"}],"wp:attached-to":[{"embeddable":true,"post_type":"post","id":266,"href":"https:\/\/safirdemo.com\/lara\/wp-json\/wp\/v2\/posts\/266"}],"curies":[{"name":"wp","href":"https:\/\/api.w.org\/{rel}","templated":true}]}}

Camille Rowe ile Harry Styles ayrıldı

<p class="attachment"><a href='https://safirdemo.com/lara/wp-content/uploads/camille-rowe-ile-harry-styles-ayrildi-1.jpg'><img loading="lazy" decoding="async" width="300" height="195" src="https://safirdemo.com/lara/wp-content/uploads/camille-rowe-ile-harry-styles-ayrildi-1.jpg" class="attachment-medium size-medium" alt="" /></a></p>
<p>Bir yıldır birlikte olan Harry Styles ile Fransız top model Camille Rowe, ilişkilerini uzun s&uuml;re g&ouml;zlerden uzak bir şekilde yaşamıştı.</p>

<p>Bir yıldır birlikte olan Harry Styles ile Fransız top model Camille Rowe, ilişkilerini uzun s&uuml;re g&ouml;zlerden uzak bir şekilde yaşamıştı.</p>
