{"id":270,"date":"2026-01-31T12:31:58","date_gmt":"2026-01-31T09:31:58","guid":{"rendered":"http:\/\/demo.safirtema.com\/lara\/wp-content\/uploads\/2020\/03\/camille-rowe-ile-harry-styles-ayrildi-2.jpg"},"modified":"2026-01-31T12:31:58","modified_gmt":"2026-01-31T09:31:58","slug":"camille-rowe-ile-harry-styles-ayrildi-5","status":"inherit","type":"attachment","link":"https:\/\/safirdemo.com\/lara\/camille-rowe-ile-harry-styles-ayrildi\/camille-rowe-ile-harry-styles-ayrildi-5\/","title":{"rendered":"Camille Rowe ile Harry Styles ayr\u0131ld\u0131"},"author":1,"featured_media":0,"comment_status":"open","ping_status":"closed","template":"","meta":[],"class_list":["post-270","attachment","type-attachment","status-inherit","hentry"],"description":{"rendered":"<p class=\"attachment\"><a href='https:\/\/safirdemo.com\/lara\/wp-content\/uploads\/camille-rowe-ile-harry-styles-ayrildi-2.jpg'><img loading=\"lazy\" decoding=\"async\" width=\"263\" height=\"300\" src=\"https:\/\/safirdemo.com\/lara\/wp-content\/uploads\/camille-rowe-ile-harry-styles-ayrildi-2.jpg\" class=\"attachment-medium size-medium\" alt=\"\" \/><\/a><\/p>\n<p>24 ya\u015f\u0131ndaki Styles ile 28 ya\u015f\u0131ndaki sevgilisinin, &uuml;nl&uuml; \u015fark\u0131c\u0131n\u0131n d&uuml;nya turnesini tamamlamas\u0131n\u0131n ard\u0131ndan ayr\u0131l\u0131k karar\u0131 ald\u0131\u011f\u0131 &ouml;\u011frenildi.<\/p>\n"},"caption":{"rendered":"<p>24 ya\u015f\u0131ndaki Styles ile 28 ya\u015f\u0131ndaki sevgilisinin, &uuml;nl&uuml; \u015fark\u0131c\u0131n\u0131n d&uuml;nya turnesini tamamlamas\u0131n\u0131n ard\u0131ndan ayr\u0131l\u0131k karar\u0131 ald\u0131\u011f\u0131 &ouml;\u011frenildi.<\/p>\n"},"alt_text":"","media_type":"image","mime_type":"image\/jpeg","media_details":{"width":561,"height":640,"file":"camille-rowe-ile-harry-styles-ayrildi-2.jpg","filesize":49164,"sizes":{},"image_meta":{"aperture":"0","credit":"","camera":"","caption":"","created_timestamp":"0","copyright":"","focal_length":"0","iso":"0","shutter_speed":"0","title":"","orientation":"0","keywords":[]}},"post":266,"source_url":"https:\/\/safirdemo.com\/lara\/wp-content\/uploads\/camille-rowe-ile-harry-styles-ayrildi-2.jpg","_links":{"self":[{"href":"https:\/\/safirdemo.com\/lara\/wp-json\/wp\/v2\/media\/270","targetHints":{"allow":["GET"]}}],"collection":[{"href":"https:\/\/safirdemo.com\/lara\/wp-json\/wp\/v2\/media"}],"about":[{"href":"https:\/\/safirdemo.com\/lara\/wp-json\/wp\/v2\/types\/attachment"}],"author":[{"embeddable":true,"href":"https:\/\/safirdemo.com\/lara\/wp-json\/wp\/v2\/users\/1"}],"replies":[{"embeddable":true,"href":"https:\/\/safirdemo.com\/lara\/wp-json\/wp\/v2\/comments?post=270"}],"wp:attached-to":[{"embeddable":true,"post_type":"post","id":266,"href":"https:\/\/safirdemo.com\/lara\/wp-json\/wp\/v2\/posts\/266"}],"curies":[{"name":"wp","href":"https:\/\/api.w.org\/{rel}","templated":true}]}}

Camille Rowe ile Harry Styles ayrıldı

<p class="attachment"><a href='https://safirdemo.com/lara/wp-content/uploads/camille-rowe-ile-harry-styles-ayrildi-2.jpg'><img loading="lazy" decoding="async" width="263" height="300" src="https://safirdemo.com/lara/wp-content/uploads/camille-rowe-ile-harry-styles-ayrildi-2.jpg" class="attachment-medium size-medium" alt="" /></a></p>
<p>24 yaşındaki Styles ile 28 yaşındaki sevgilisinin, &uuml;nl&uuml; şarkıcının d&uuml;nya turnesini tamamlamasının ardından ayrılık kararı aldığı &ouml;ğrenildi.</p>

<p>24 yaşındaki Styles ile 28 yaşındaki sevgilisinin, &uuml;nl&uuml; şarkıcının d&uuml;nya turnesini tamamlamasının ardından ayrılık kararı aldığı &ouml;ğrenildi.</p>
