{"id":271,"date":"2026-01-31T12:31:59","date_gmt":"2026-01-31T09:31:59","guid":{"rendered":"http:\/\/demo.safirtema.com\/lara\/wp-content\/uploads\/2020\/03\/camille-rowe-ile-harry-styles-ayrildi-3.jpg"},"modified":"2026-01-31T12:31:59","modified_gmt":"2026-01-31T09:31:59","slug":"camille-rowe-ile-harry-styles-ayrildi-6","status":"inherit","type":"attachment","link":"https:\/\/safirdemo.com\/lara\/camille-rowe-ile-harry-styles-ayrildi\/camille-rowe-ile-harry-styles-ayrildi-6\/","title":{"rendered":"Camille Rowe ile Harry Styles ayr\u0131ld\u0131"},"author":1,"featured_media":0,"comment_status":"open","ping_status":"closed","template":"","meta":[],"class_list":["post-271","attachment","type-attachment","status-inherit","hentry"],"description":{"rendered":"<p class=\"attachment\"><a href='https:\/\/safirdemo.com\/lara\/wp-content\/uploads\/camille-rowe-ile-harry-styles-ayrildi-3.jpg'><img loading=\"lazy\" decoding=\"async\" width=\"200\" height=\"300\" src=\"https:\/\/safirdemo.com\/lara\/wp-content\/uploads\/camille-rowe-ile-harry-styles-ayrildi-3.jpg\" class=\"attachment-medium size-medium\" alt=\"\" \/><\/a><\/p>\n<p>\u0130lk kez ge&ccedil;ti\u011fimiz a\u011fustos ay\u0131nda adlar\u0131 birlikte an\u0131lan &uuml;nl&uuml; &ccedil;iftin, neden ayr\u0131ld\u0131\u011f\u0131 belirsizli\u011fini koruyor.<\/p>\n"},"caption":{"rendered":"<p>\u0130lk kez ge&ccedil;ti\u011fimiz a\u011fustos ay\u0131nda adlar\u0131 birlikte an\u0131lan &uuml;nl&uuml; &ccedil;iftin, neden ayr\u0131ld\u0131\u011f\u0131 belirsizli\u011fini koruyor.<\/p>\n"},"alt_text":"","media_type":"image","mime_type":"image\/jpeg","media_details":{"width":427,"height":640,"file":"camille-rowe-ile-harry-styles-ayrildi-3.jpg","filesize":43433,"sizes":{},"image_meta":{"aperture":"0","credit":"","camera":"","caption":"","created_timestamp":"0","copyright":"","focal_length":"0","iso":"0","shutter_speed":"0","title":"","orientation":"0","keywords":[]}},"post":266,"source_url":"https:\/\/safirdemo.com\/lara\/wp-content\/uploads\/camille-rowe-ile-harry-styles-ayrildi-3.jpg","_links":{"self":[{"href":"https:\/\/safirdemo.com\/lara\/wp-json\/wp\/v2\/media\/271","targetHints":{"allow":["GET"]}}],"collection":[{"href":"https:\/\/safirdemo.com\/lara\/wp-json\/wp\/v2\/media"}],"about":[{"href":"https:\/\/safirdemo.com\/lara\/wp-json\/wp\/v2\/types\/attachment"}],"author":[{"embeddable":true,"href":"https:\/\/safirdemo.com\/lara\/wp-json\/wp\/v2\/users\/1"}],"replies":[{"embeddable":true,"href":"https:\/\/safirdemo.com\/lara\/wp-json\/wp\/v2\/comments?post=271"}],"wp:attached-to":[{"embeddable":true,"post_type":"post","id":266,"href":"https:\/\/safirdemo.com\/lara\/wp-json\/wp\/v2\/posts\/266"}],"curies":[{"name":"wp","href":"https:\/\/api.w.org\/{rel}","templated":true}]}}

Camille Rowe ile Harry Styles ayrıldı

<p class="attachment"><a href='https://safirdemo.com/lara/wp-content/uploads/camille-rowe-ile-harry-styles-ayrildi-3.jpg'><img loading="lazy" decoding="async" width="200" height="300" src="https://safirdemo.com/lara/wp-content/uploads/camille-rowe-ile-harry-styles-ayrildi-3.jpg" class="attachment-medium size-medium" alt="" /></a></p>
<p>İlk kez ge&ccedil;tiğimiz ağustos ayında adları birlikte anılan &uuml;nl&uuml; &ccedil;iftin, neden ayrıldığı belirsizliğini koruyor.</p>

<p>İlk kez ge&ccedil;tiğimiz ağustos ayında adları birlikte anılan &uuml;nl&uuml; &ccedil;iftin, neden ayrıldığı belirsizliğini koruyor.</p>
