{"id":296,"date":"2026-01-31T12:32:12","date_gmt":"2026-01-31T09:32:12","guid":{"rendered":"http:\/\/demo.safirtema.com\/lara\/wp-content\/uploads\/2020\/03\/dua-lipa-gigi-hadide-ozendi-5.jpg"},"modified":"2026-01-31T12:32:12","modified_gmt":"2026-01-31T09:32:12","slug":"dua-lipa-gigi-hadide-ozendi-8","status":"inherit","type":"attachment","link":"https:\/\/safirdemo.com\/lara\/dua-lipa-gigi-hadide-ozendi\/dua-lipa-gigi-hadide-ozendi-8\/","title":{"rendered":"Dua Lipa, Gigi Hadid&#8217;e \u00f6zendi"},"author":1,"featured_media":0,"comment_status":"open","ping_status":"closed","template":"","meta":[],"class_list":["post-296","attachment","type-attachment","status-inherit","hentry"],"description":{"rendered":"<p class=\"attachment\"><a href='https:\/\/safirdemo.com\/lara\/wp-content\/uploads\/dua-lipa-gigi-hadide-ozendi-5.jpg'><img loading=\"lazy\" decoding=\"async\" width=\"200\" height=\"300\" src=\"https:\/\/safirdemo.com\/lara\/wp-content\/uploads\/dua-lipa-gigi-hadide-ozendi-5.jpg\" class=\"attachment-medium size-medium\" alt=\"\" \/><\/a><\/p>\n<p>Gigi Hadid&#8217;in &ouml;d&uuml;l t&ouml;renindeki k\u0131yafet ile Dua Lipa&#8217;n\u0131n giydi\u011fi k\u0131yafet aras\u0131nda sadece geometrik desen ve yaka farkl\u0131 bulunuyor.<\/p>\n"},"caption":{"rendered":"<p>Gigi Hadid&#8217;in &ouml;d&uuml;l t&ouml;renindeki k\u0131yafet ile Dua Lipa&#8217;n\u0131n giydi\u011fi k\u0131yafet aras\u0131nda sadece geometrik desen ve yaka farkl\u0131 bulunuyor.<\/p>\n"},"alt_text":"","media_type":"image","mime_type":"image\/jpeg","media_details":{"width":427,"height":640,"file":"dua-lipa-gigi-hadide-ozendi-5.jpg","filesize":64648,"sizes":{},"image_meta":{"aperture":"0","credit":"","camera":"","caption":"","created_timestamp":"0","copyright":"","focal_length":"0","iso":"0","shutter_speed":"0","title":"","orientation":"0","keywords":[]}},"post":289,"source_url":"https:\/\/safirdemo.com\/lara\/wp-content\/uploads\/dua-lipa-gigi-hadide-ozendi-5.jpg","_links":{"self":[{"href":"https:\/\/safirdemo.com\/lara\/wp-json\/wp\/v2\/media\/296","targetHints":{"allow":["GET"]}}],"collection":[{"href":"https:\/\/safirdemo.com\/lara\/wp-json\/wp\/v2\/media"}],"about":[{"href":"https:\/\/safirdemo.com\/lara\/wp-json\/wp\/v2\/types\/attachment"}],"author":[{"embeddable":true,"href":"https:\/\/safirdemo.com\/lara\/wp-json\/wp\/v2\/users\/1"}],"replies":[{"embeddable":true,"href":"https:\/\/safirdemo.com\/lara\/wp-json\/wp\/v2\/comments?post=296"}],"wp:attached-to":[{"embeddable":true,"post_type":"post","id":289,"href":"https:\/\/safirdemo.com\/lara\/wp-json\/wp\/v2\/posts\/289"}],"curies":[{"name":"wp","href":"https:\/\/api.w.org\/{rel}","templated":true}]}}

Dua Lipa, Gigi Hadid&#8217;e özendi

<p class="attachment"><a href='https://safirdemo.com/lara/wp-content/uploads/dua-lipa-gigi-hadide-ozendi-5.jpg'><img loading="lazy" decoding="async" width="200" height="300" src="https://safirdemo.com/lara/wp-content/uploads/dua-lipa-gigi-hadide-ozendi-5.jpg" class="attachment-medium size-medium" alt="" /></a></p>
<p>Gigi Hadid&#8217;in &ouml;d&uuml;l t&ouml;renindeki kıyafet ile Dua Lipa&#8217;nın giydiği kıyafet arasında sadece geometrik desen ve yaka farklı bulunuyor.</p>

<p>Gigi Hadid&#8217;in &ouml;d&uuml;l t&ouml;renindeki kıyafet ile Dua Lipa&#8217;nın giydiği kıyafet arasında sadece geometrik desen ve yaka farklı bulunuyor.</p>
