{"id":339,"date":"2026-01-31T12:32:44","date_gmt":"2026-01-31T09:32:44","guid":{"rendered":"http:\/\/demo.safirtema.com\/lara\/wp-content\/uploads\/2020\/03\/blanca-blanco-balkonda-yari-ciplak-halde-boyle-yakalandi-0.jpg"},"modified":"2026-01-31T12:32:44","modified_gmt":"2026-01-31T09:32:44","slug":"blanca-blanco-balkonda-yari-ciplak-halde-boyle-yakalandi-3","status":"inherit","type":"attachment","link":"https:\/\/safirdemo.com\/lara\/blanca-blanco-balkonda-yari-ciplak-halde-boyle-yakalandi\/blanca-blanco-balkonda-yari-ciplak-halde-boyle-yakalandi-3\/","title":{"rendered":"Blanca Blanco balkonda yar\u0131 \u00e7\u0131plak halde b\u00f6yle yakaland\u0131!"},"author":1,"featured_media":0,"comment_status":"open","ping_status":"closed","template":"","meta":[],"class_list":["post-339","attachment","type-attachment","status-inherit","hentry"],"description":{"rendered":"<p class=\"attachment\"><a href='https:\/\/safirdemo.com\/lara\/wp-content\/uploads\/blanca-blanco-balkonda-yari-ciplak-halde-boyle-yakalandi-0.jpg'><img loading=\"lazy\" decoding=\"async\" width=\"200\" height=\"300\" src=\"https:\/\/safirdemo.com\/lara\/wp-content\/uploads\/blanca-blanco-balkonda-yari-ciplak-halde-boyle-yakalandi-0.jpg\" class=\"attachment-medium size-medium\" alt=\"\" \/><\/a><\/p>\n<p>Pazartesi g&uuml;n&uuml; ABD&#8217;nin Utah \u015fehrindeki evinin balkonuna, kahve i&ccedil;mek i&ccedil;in &ccedil;\u0131kan Blanco&#8217;nun &uuml;zerinde sadece &ouml;n&uuml; a&ccedil;\u0131k hardal rengi bir ceket ve i&ccedil; &ccedil;ama\u015f\u0131r\u0131 vard\u0131.<\/p>\n<p>&nbsp;<\/p>\n<p>&nbsp;<\/p>\n"},"caption":{"rendered":"<p>Pazartesi g&uuml;n&uuml; ABD&#8217;nin Utah \u015fehrindeki evinin balkonuna, kahve i&ccedil;mek i&ccedil;in &ccedil;\u0131kan Blanco&#8217;nun &uuml;zerinde sadece &ouml;n&uuml; a&ccedil;\u0131k hardal rengi bir ceket ve i&ccedil; &ccedil;ama\u015f\u0131r\u0131 vard\u0131. &nbsp; &nbsp;<\/p>\n"},"alt_text":"","media_type":"image","mime_type":"image\/jpeg","media_details":{"width":427,"height":640,"file":"blanca-blanco-balkonda-yari-ciplak-halde-boyle-yakalandi-0.jpg","filesize":45872,"sizes":{},"image_meta":{"aperture":"0","credit":"","camera":"","caption":"","created_timestamp":"0","copyright":"","focal_length":"0","iso":"0","shutter_speed":"0","title":"","orientation":"0","keywords":[]}},"post":337,"source_url":"https:\/\/safirdemo.com\/lara\/wp-content\/uploads\/blanca-blanco-balkonda-yari-ciplak-halde-boyle-yakalandi-0.jpg","_links":{"self":[{"href":"https:\/\/safirdemo.com\/lara\/wp-json\/wp\/v2\/media\/339","targetHints":{"allow":["GET"]}}],"collection":[{"href":"https:\/\/safirdemo.com\/lara\/wp-json\/wp\/v2\/media"}],"about":[{"href":"https:\/\/safirdemo.com\/lara\/wp-json\/wp\/v2\/types\/attachment"}],"author":[{"embeddable":true,"href":"https:\/\/safirdemo.com\/lara\/wp-json\/wp\/v2\/users\/1"}],"replies":[{"embeddable":true,"href":"https:\/\/safirdemo.com\/lara\/wp-json\/wp\/v2\/comments?post=339"}],"wp:attached-to":[{"embeddable":true,"post_type":"post","id":337,"href":"https:\/\/safirdemo.com\/lara\/wp-json\/wp\/v2\/posts\/337"}],"curies":[{"name":"wp","href":"https:\/\/api.w.org\/{rel}","templated":true}]}}

Blanca Blanco balkonda yarı çıplak halde böyle yakalandı!

<p class="attachment"><a href='https://safirdemo.com/lara/wp-content/uploads/blanca-blanco-balkonda-yari-ciplak-halde-boyle-yakalandi-0.jpg'><img loading="lazy" decoding="async" width="200" height="300" src="https://safirdemo.com/lara/wp-content/uploads/blanca-blanco-balkonda-yari-ciplak-halde-boyle-yakalandi-0.jpg" class="attachment-medium size-medium" alt="" /></a></p>
<p>Pazartesi g&uuml;n&uuml; ABD&#8217;nin Utah şehrindeki evinin balkonuna, kahve i&ccedil;mek i&ccedil;in &ccedil;ıkan Blanco&#8217;nun &uuml;zerinde sadece &ouml;n&uuml; a&ccedil;ık hardal rengi bir ceket ve i&ccedil; &ccedil;amaşırı vardı.</p>
<p>&nbsp;</p>
<p>&nbsp;</p>

<p>Pazartesi g&uuml;n&uuml; ABD&#8217;nin Utah şehrindeki evinin balkonuna, kahve i&ccedil;mek i&ccedil;in &ccedil;ıkan Blanco&#8217;nun &uuml;zerinde sadece &ouml;n&uuml; a&ccedil;ık hardal rengi bir ceket ve i&ccedil; &ccedil;amaşırı vardı. &nbsp; &nbsp;</p>
