{"id":341,"date":"2026-01-31T12:32:45","date_gmt":"2026-01-31T09:32:45","guid":{"rendered":"http:\/\/demo.safirtema.com\/lara\/wp-content\/uploads\/2020\/03\/blanca-blanco-balkonda-yari-ciplak-halde-boyle-yakalandi-2.jpg"},"modified":"2026-01-31T12:32:45","modified_gmt":"2026-01-31T09:32:45","slug":"blanca-blanco-balkonda-yari-ciplak-halde-boyle-yakalandi-5","status":"inherit","type":"attachment","link":"https:\/\/safirdemo.com\/lara\/blanca-blanco-balkonda-yari-ciplak-halde-boyle-yakalandi\/blanca-blanco-balkonda-yari-ciplak-halde-boyle-yakalandi-5\/","title":{"rendered":"Blanca Blanco balkonda yar\u0131 \u00e7\u0131plak halde b\u00f6yle yakaland\u0131!"},"author":1,"featured_media":0,"comment_status":"open","ping_status":"closed","template":"","meta":[],"class_list":["post-341","attachment","type-attachment","status-inherit","hentry"],"description":{"rendered":"<p class=\"attachment\"><a href='https:\/\/safirdemo.com\/lara\/wp-content\/uploads\/blanca-blanco-balkonda-yari-ciplak-halde-boyle-yakalandi-2.jpg'><img loading=\"lazy\" decoding=\"async\" width=\"203\" height=\"300\" src=\"https:\/\/safirdemo.com\/lara\/wp-content\/uploads\/blanca-blanco-balkonda-yari-ciplak-halde-boyle-yakalandi-2.jpg\" class=\"attachment-medium size-medium\" alt=\"\" \/><\/a><\/p>\n<p><strong>ALTIN K&Uuml;RE&#8217;DEK\u0130 KIRMIZI TERC\u0130H\u0130 TEPK\u0130 &Ccedil;EKM\u0130\u015eT\u0130<\/strong><\/p>\n<p>&nbsp;Blanco ge&ccedil;ti\u011fimiz ay d&uuml;zenlenen Golden Globe &ouml;d&uuml;llerinde giydi\u011fi k\u0131rm\u0131z\u0131 elbise ile &ccedil;ok konu\u015fulmu\u015ftu. Hem cesur elbisesi hem de herkes sekt&ouml;rdeki tacizi protesto etmek i&ccedil;in siyah giyerken yapt\u0131\u011f\u0131 renk se&ccedil;imi ile ele\u015ftirilerin oda\u011f\u0131 haline gelmi\u015fti.<\/p>\n"},"caption":{"rendered":"<p>ALTIN K&Uuml;RE&#8217;DEK\u0130 KIRMIZI TERC\u0130H\u0130 TEPK\u0130 &Ccedil;EKM\u0130\u015eT\u0130 &nbsp;Blanco ge&ccedil;ti\u011fimiz ay d&uuml;zenlenen Golden Globe &ouml;d&uuml;llerinde giydi\u011fi k\u0131rm\u0131z\u0131 elbise ile &ccedil;ok konu\u015fulmu\u015ftu. Hem cesur elbisesi hem de herkes sekt&ouml;rdeki tacizi protesto etmek i&ccedil;in siyah giyerken yapt\u0131\u011f\u0131 renk se&ccedil;imi ile ele\u015ftirilerin oda\u011f\u0131 haline gelmi\u015fti.<\/p>\n"},"alt_text":"","media_type":"image","mime_type":"image\/jpeg","media_details":{"width":434,"height":640,"file":"blanca-blanco-balkonda-yari-ciplak-halde-boyle-yakalandi-2.jpg","filesize":55150,"sizes":{},"image_meta":{"aperture":"0","credit":"","camera":"","caption":"","created_timestamp":"0","copyright":"","focal_length":"0","iso":"0","shutter_speed":"0","title":"","orientation":"0","keywords":[]}},"post":337,"source_url":"https:\/\/safirdemo.com\/lara\/wp-content\/uploads\/blanca-blanco-balkonda-yari-ciplak-halde-boyle-yakalandi-2.jpg","_links":{"self":[{"href":"https:\/\/safirdemo.com\/lara\/wp-json\/wp\/v2\/media\/341","targetHints":{"allow":["GET"]}}],"collection":[{"href":"https:\/\/safirdemo.com\/lara\/wp-json\/wp\/v2\/media"}],"about":[{"href":"https:\/\/safirdemo.com\/lara\/wp-json\/wp\/v2\/types\/attachment"}],"author":[{"embeddable":true,"href":"https:\/\/safirdemo.com\/lara\/wp-json\/wp\/v2\/users\/1"}],"replies":[{"embeddable":true,"href":"https:\/\/safirdemo.com\/lara\/wp-json\/wp\/v2\/comments?post=341"}],"wp:attached-to":[{"embeddable":true,"post_type":"post","id":337,"href":"https:\/\/safirdemo.com\/lara\/wp-json\/wp\/v2\/posts\/337"}],"curies":[{"name":"wp","href":"https:\/\/api.w.org\/{rel}","templated":true}]}}

Blanca Blanco balkonda yarı çıplak halde böyle yakalandı!

<p class="attachment"><a href='https://safirdemo.com/lara/wp-content/uploads/blanca-blanco-balkonda-yari-ciplak-halde-boyle-yakalandi-2.jpg'><img loading="lazy" decoding="async" width="203" height="300" src="https://safirdemo.com/lara/wp-content/uploads/blanca-blanco-balkonda-yari-ciplak-halde-boyle-yakalandi-2.jpg" class="attachment-medium size-medium" alt="" /></a></p>
<p><strong>ALTIN K&Uuml;RE&#8217;DEKİ KIRMIZI TERCİHİ TEPKİ &Ccedil;EKMİŞTİ</strong></p>
<p>&nbsp;Blanco ge&ccedil;tiğimiz ay d&uuml;zenlenen Golden Globe &ouml;d&uuml;llerinde giydiği kırmızı elbise ile &ccedil;ok konuşulmuştu. Hem cesur elbisesi hem de herkes sekt&ouml;rdeki tacizi protesto etmek i&ccedil;in siyah giyerken yaptığı renk se&ccedil;imi ile eleştirilerin odağı haline gelmişti.</p>

<p>ALTIN K&Uuml;RE&#8217;DEKİ KIRMIZI TERCİHİ TEPKİ &Ccedil;EKMİŞTİ &nbsp;Blanco ge&ccedil;tiğimiz ay d&uuml;zenlenen Golden Globe &ouml;d&uuml;llerinde giydiği kırmızı elbise ile &ccedil;ok konuşulmuştu. Hem cesur elbisesi hem de herkes sekt&ouml;rdeki tacizi protesto etmek i&ccedil;in siyah giyerken yaptığı renk se&ccedil;imi ile eleştirilerin odağı haline gelmişti.</p>
