{"id":349,"date":"2026-01-31T12:32:53","date_gmt":"2026-01-31T09:32:53","guid":{"rendered":"http:\/\/demo.safirtema.com\/lara\/wp-content\/uploads\/2020\/03\/anastasia-reshetovanin-ayaklarinin-buyuklugu-sosyal-medyada-olay-oldu-0.jpg"},"modified":"2026-01-31T12:32:53","modified_gmt":"2026-01-31T09:32:53","slug":"anastasia-reshetovanin-ayaklarinin-buyuklugu-sosyal-medyada-olay-oldu-3","status":"inherit","type":"attachment","link":"https:\/\/safirdemo.com\/lara\/anastasia-reshetovanin-ayaklarinin-buyuklugu-sosyal-medyada-olay-oldu\/anastasia-reshetovanin-ayaklarinin-buyuklugu-sosyal-medyada-olay-oldu-3\/","title":{"rendered":"Anastasia Reshetova\u2019n\u0131n ayaklar\u0131n\u0131n b\u00fcy\u00fckl\u00fc\u011f\u00fc sosyal medyada olay oldu"},"author":1,"featured_media":0,"comment_status":"open","ping_status":"closed","template":"","meta":[],"class_list":["post-349","attachment","type-attachment","status-inherit","hentry"],"description":{"rendered":"<p class=\"attachment\"><a href='https:\/\/safirdemo.com\/lara\/wp-content\/uploads\/anastasia-reshetovanin-ayaklarinin-buyuklugu-sosyal-medyada-olay-oldu-0.jpg'><img loading=\"lazy\" decoding=\"async\" width=\"300\" height=\"253\" src=\"https:\/\/safirdemo.com\/lara\/wp-content\/uploads\/anastasia-reshetovanin-ayaklarinin-buyuklugu-sosyal-medyada-olay-oldu-0.jpg\" class=\"attachment-medium size-medium\" alt=\"\" \/><\/a><\/p>\n<p>Rusya&#8217;da bir kad\u0131n dergisi haz\u0131rlad\u0131\u011f\u0131 &#8220;b&uuml;y&uuml;k ayakl\u0131 kad\u0131nlar&#8217; dosyas\u0131yla b&uuml;y&uuml;k g&uuml;r&uuml;lt&uuml; kopard\u0131. A\u011f\u0131rl\u0131kl\u0131 olarak futbolcu e\u015flerinin yer ald\u0131\u011f\u0131 dosyada &ouml;ne &ccedil;\u0131kan isimlerden biri de Anastasia Reshetova oldu.<\/p>\n"},"caption":{"rendered":"<p>Rusya&#8217;da bir kad\u0131n dergisi haz\u0131rlad\u0131\u011f\u0131 &#8220;b&uuml;y&uuml;k ayakl\u0131 kad\u0131nlar&#8217; dosyas\u0131yla b&uuml;y&uuml;k g&uuml;r&uuml;lt&uuml; kopard\u0131. A\u011f\u0131rl\u0131kl\u0131 olarak futbolcu e\u015flerinin yer ald\u0131\u011f\u0131 dosyada &ouml;ne &ccedil;\u0131kan isimlerden biri de Anastasia Reshetova oldu.<\/p>\n"},"alt_text":"","media_type":"image","mime_type":"image\/jpeg","media_details":{"width":640,"height":540,"file":"anastasia-reshetovanin-ayaklarinin-buyuklugu-sosyal-medyada-olay-oldu-0.jpg","filesize":74034,"sizes":{},"image_meta":{"aperture":"0","credit":"","camera":"","caption":"","created_timestamp":"0","copyright":"","focal_length":"0","iso":"0","shutter_speed":"0","title":"","orientation":"0","keywords":[]}},"post":347,"source_url":"https:\/\/safirdemo.com\/lara\/wp-content\/uploads\/anastasia-reshetovanin-ayaklarinin-buyuklugu-sosyal-medyada-olay-oldu-0.jpg","_links":{"self":[{"href":"https:\/\/safirdemo.com\/lara\/wp-json\/wp\/v2\/media\/349","targetHints":{"allow":["GET"]}}],"collection":[{"href":"https:\/\/safirdemo.com\/lara\/wp-json\/wp\/v2\/media"}],"about":[{"href":"https:\/\/safirdemo.com\/lara\/wp-json\/wp\/v2\/types\/attachment"}],"author":[{"embeddable":true,"href":"https:\/\/safirdemo.com\/lara\/wp-json\/wp\/v2\/users\/1"}],"replies":[{"embeddable":true,"href":"https:\/\/safirdemo.com\/lara\/wp-json\/wp\/v2\/comments?post=349"}],"wp:attached-to":[{"embeddable":true,"post_type":"post","id":347,"href":"https:\/\/safirdemo.com\/lara\/wp-json\/wp\/v2\/posts\/347"}],"curies":[{"name":"wp","href":"https:\/\/api.w.org\/{rel}","templated":true}]}}

Anastasia Reshetova’nın ayaklarının büyüklüğü sosyal medyada olay oldu

<p class="attachment"><a href='https://safirdemo.com/lara/wp-content/uploads/anastasia-reshetovanin-ayaklarinin-buyuklugu-sosyal-medyada-olay-oldu-0.jpg'><img loading="lazy" decoding="async" width="300" height="253" src="https://safirdemo.com/lara/wp-content/uploads/anastasia-reshetovanin-ayaklarinin-buyuklugu-sosyal-medyada-olay-oldu-0.jpg" class="attachment-medium size-medium" alt="" /></a></p>
<p>Rusya&#8217;da bir kadın dergisi hazırladığı &#8220;b&uuml;y&uuml;k ayaklı kadınlar&#8217; dosyasıyla b&uuml;y&uuml;k g&uuml;r&uuml;lt&uuml; kopardı. Ağırlıklı olarak futbolcu eşlerinin yer aldığı dosyada &ouml;ne &ccedil;ıkan isimlerden biri de Anastasia Reshetova oldu.</p>

<p>Rusya&#8217;da bir kadın dergisi hazırladığı &#8220;b&uuml;y&uuml;k ayaklı kadınlar&#8217; dosyasıyla b&uuml;y&uuml;k g&uuml;r&uuml;lt&uuml; kopardı. Ağırlıklı olarak futbolcu eşlerinin yer aldığı dosyada &ouml;ne &ccedil;ıkan isimlerden biri de Anastasia Reshetova oldu.</p>
