{"id":350,"date":"2026-01-31T12:32:53","date_gmt":"2026-01-31T09:32:53","guid":{"rendered":"http:\/\/demo.safirtema.com\/lara\/wp-content\/uploads\/2020\/03\/anastasia-reshetovanin-ayaklarinin-buyuklugu-sosyal-medyada-olay-oldu-1.jpg"},"modified":"2026-01-31T12:32:53","modified_gmt":"2026-01-31T09:32:53","slug":"anastasia-reshetovanin-ayaklarinin-buyuklugu-sosyal-medyada-olay-oldu-4","status":"inherit","type":"attachment","link":"https:\/\/safirdemo.com\/lara\/anastasia-reshetovanin-ayaklarinin-buyuklugu-sosyal-medyada-olay-oldu\/anastasia-reshetovanin-ayaklarinin-buyuklugu-sosyal-medyada-olay-oldu-4\/","title":{"rendered":"Anastasia Reshetova\u2019n\u0131n ayaklar\u0131n\u0131n b\u00fcy\u00fckl\u00fc\u011f\u00fc sosyal medyada olay oldu"},"author":1,"featured_media":0,"comment_status":"open","ping_status":"closed","template":"","meta":[],"class_list":["post-350","attachment","type-attachment","status-inherit","hentry"],"description":{"rendered":"<p class=\"attachment\"><a href='https:\/\/safirdemo.com\/lara\/wp-content\/uploads\/anastasia-reshetovanin-ayaklarinin-buyuklugu-sosyal-medyada-olay-oldu-1.jpg'><img loading=\"lazy\" decoding=\"async\" width=\"300\" height=\"173\" src=\"https:\/\/safirdemo.com\/lara\/wp-content\/uploads\/anastasia-reshetovanin-ayaklarinin-buyuklugu-sosyal-medyada-olay-oldu-1.jpg\" class=\"attachment-medium size-medium\" alt=\"\" \/><\/a><\/p>\n<p>21 ya\u015f\u0131ndaki model, Instagram&#8217;daki takip&ccedil;i say\u0131s\u0131n\u0131 bu dergide yer alan pozlar\u0131 sayesinde biraz daha art\u0131rd\u0131.&nbsp;<\/p>\n<p>&nbsp;<\/p>\n"},"caption":{"rendered":"<p>21 ya\u015f\u0131ndaki model, Instagram&#8217;daki takip&ccedil;i say\u0131s\u0131n\u0131 bu dergide yer alan pozlar\u0131 sayesinde biraz daha art\u0131rd\u0131.&nbsp; &nbsp;<\/p>\n"},"alt_text":"","media_type":"image","mime_type":"image\/jpeg","media_details":{"width":640,"height":370,"file":"anastasia-reshetovanin-ayaklarinin-buyuklugu-sosyal-medyada-olay-oldu-1.jpg","filesize":50546,"sizes":{},"image_meta":{"aperture":"0","credit":"","camera":"","caption":"","created_timestamp":"0","copyright":"","focal_length":"0","iso":"0","shutter_speed":"0","title":"","orientation":"0","keywords":[]}},"post":347,"source_url":"https:\/\/safirdemo.com\/lara\/wp-content\/uploads\/anastasia-reshetovanin-ayaklarinin-buyuklugu-sosyal-medyada-olay-oldu-1.jpg","_links":{"self":[{"href":"https:\/\/safirdemo.com\/lara\/wp-json\/wp\/v2\/media\/350","targetHints":{"allow":["GET"]}}],"collection":[{"href":"https:\/\/safirdemo.com\/lara\/wp-json\/wp\/v2\/media"}],"about":[{"href":"https:\/\/safirdemo.com\/lara\/wp-json\/wp\/v2\/types\/attachment"}],"author":[{"embeddable":true,"href":"https:\/\/safirdemo.com\/lara\/wp-json\/wp\/v2\/users\/1"}],"replies":[{"embeddable":true,"href":"https:\/\/safirdemo.com\/lara\/wp-json\/wp\/v2\/comments?post=350"}],"wp:attached-to":[{"embeddable":true,"post_type":"post","id":347,"href":"https:\/\/safirdemo.com\/lara\/wp-json\/wp\/v2\/posts\/347"}],"curies":[{"name":"wp","href":"https:\/\/api.w.org\/{rel}","templated":true}]}}

Anastasia Reshetova’nın ayaklarının büyüklüğü sosyal medyada olay oldu

<p class="attachment"><a href='https://safirdemo.com/lara/wp-content/uploads/anastasia-reshetovanin-ayaklarinin-buyuklugu-sosyal-medyada-olay-oldu-1.jpg'><img loading="lazy" decoding="async" width="300" height="173" src="https://safirdemo.com/lara/wp-content/uploads/anastasia-reshetovanin-ayaklarinin-buyuklugu-sosyal-medyada-olay-oldu-1.jpg" class="attachment-medium size-medium" alt="" /></a></p>
<p>21 yaşındaki model, Instagram&#8217;daki takip&ccedil;i sayısını bu dergide yer alan pozları sayesinde biraz daha artırdı.&nbsp;</p>
<p>&nbsp;</p>

<p>21 yaşındaki model, Instagram&#8217;daki takip&ccedil;i sayısını bu dergide yer alan pozları sayesinde biraz daha artırdı.&nbsp; &nbsp;</p>
