{"id":351,"date":"2026-01-31T12:32:54","date_gmt":"2026-01-31T09:32:54","guid":{"rendered":"http:\/\/demo.safirtema.com\/lara\/wp-content\/uploads\/2020\/03\/anastasia-reshetovanin-ayaklarinin-buyuklugu-sosyal-medyada-olay-oldu-2.jpg"},"modified":"2026-01-31T12:32:54","modified_gmt":"2026-01-31T09:32:54","slug":"anastasia-reshetovanin-ayaklarinin-buyuklugu-sosyal-medyada-olay-oldu-5","status":"inherit","type":"attachment","link":"https:\/\/safirdemo.com\/lara\/anastasia-reshetovanin-ayaklarinin-buyuklugu-sosyal-medyada-olay-oldu\/anastasia-reshetovanin-ayaklarinin-buyuklugu-sosyal-medyada-olay-oldu-5\/","title":{"rendered":"Anastasia Reshetova\u2019n\u0131n ayaklar\u0131n\u0131n b\u00fcy\u00fckl\u00fc\u011f\u00fc sosyal medyada olay oldu"},"author":1,"featured_media":0,"comment_status":"open","ping_status":"closed","template":"","meta":[],"class_list":["post-351","attachment","type-attachment","status-inherit","hentry"],"description":{"rendered":"<p class=\"attachment\"><a href='https:\/\/safirdemo.com\/lara\/wp-content\/uploads\/anastasia-reshetovanin-ayaklarinin-buyuklugu-sosyal-medyada-olay-oldu-2.jpg'><img loading=\"lazy\" decoding=\"async\" width=\"194\" height=\"300\" src=\"https:\/\/safirdemo.com\/lara\/wp-content\/uploads\/anastasia-reshetovanin-ayaklarinin-buyuklugu-sosyal-medyada-olay-oldu-2.jpg\" class=\"attachment-medium size-medium\" alt=\"\" \/><\/a><\/p>\n<p>34 ya\u015f\u0131ndaki rap y\u0131ld\u0131z\u0131 Timati ile birlikte olan 1.78 boyundaki eski g&uuml;zellik krali&ccedil;esi Anastasia Reshetova&rsquo;n\u0131n ayaklar\u0131n\u0131n b&uuml;y&uuml;kl&uuml;\u011f&uuml; sosyal medya payla\u015f\u0131mlar\u0131nda da dikkat &ccedil;ekiyor.<\/p>\n"},"caption":{"rendered":"<p>34 ya\u015f\u0131ndaki rap y\u0131ld\u0131z\u0131 Timati ile birlikte olan 1.78 boyundaki eski g&uuml;zellik krali&ccedil;esi Anastasia Reshetova&rsquo;n\u0131n ayaklar\u0131n\u0131n b&uuml;y&uuml;kl&uuml;\u011f&uuml; sosyal medya payla\u015f\u0131mlar\u0131nda da dikkat &ccedil;ekiyor.<\/p>\n"},"alt_text":"","media_type":"image","mime_type":"image\/jpeg","media_details":{"width":414,"height":640,"file":"anastasia-reshetovanin-ayaklarinin-buyuklugu-sosyal-medyada-olay-oldu-2.jpg","filesize":68750,"sizes":{},"image_meta":{"aperture":"0","credit":"","camera":"","caption":"","created_timestamp":"0","copyright":"","focal_length":"0","iso":"0","shutter_speed":"0","title":"","orientation":"0","keywords":[]}},"post":347,"source_url":"https:\/\/safirdemo.com\/lara\/wp-content\/uploads\/anastasia-reshetovanin-ayaklarinin-buyuklugu-sosyal-medyada-olay-oldu-2.jpg","_links":{"self":[{"href":"https:\/\/safirdemo.com\/lara\/wp-json\/wp\/v2\/media\/351","targetHints":{"allow":["GET"]}}],"collection":[{"href":"https:\/\/safirdemo.com\/lara\/wp-json\/wp\/v2\/media"}],"about":[{"href":"https:\/\/safirdemo.com\/lara\/wp-json\/wp\/v2\/types\/attachment"}],"author":[{"embeddable":true,"href":"https:\/\/safirdemo.com\/lara\/wp-json\/wp\/v2\/users\/1"}],"replies":[{"embeddable":true,"href":"https:\/\/safirdemo.com\/lara\/wp-json\/wp\/v2\/comments?post=351"}],"wp:attached-to":[{"embeddable":true,"post_type":"post","id":347,"href":"https:\/\/safirdemo.com\/lara\/wp-json\/wp\/v2\/posts\/347"}],"curies":[{"name":"wp","href":"https:\/\/api.w.org\/{rel}","templated":true}]}}

Anastasia Reshetova’nın ayaklarının büyüklüğü sosyal medyada olay oldu

<p class="attachment"><a href='https://safirdemo.com/lara/wp-content/uploads/anastasia-reshetovanin-ayaklarinin-buyuklugu-sosyal-medyada-olay-oldu-2.jpg'><img loading="lazy" decoding="async" width="194" height="300" src="https://safirdemo.com/lara/wp-content/uploads/anastasia-reshetovanin-ayaklarinin-buyuklugu-sosyal-medyada-olay-oldu-2.jpg" class="attachment-medium size-medium" alt="" /></a></p>
<p>34 yaşındaki rap yıldızı Timati ile birlikte olan 1.78 boyundaki eski g&uuml;zellik krali&ccedil;esi Anastasia Reshetova&rsquo;nın ayaklarının b&uuml;y&uuml;kl&uuml;ğ&uuml; sosyal medya paylaşımlarında da dikkat &ccedil;ekiyor.</p>

<p>34 yaşındaki rap yıldızı Timati ile birlikte olan 1.78 boyundaki eski g&uuml;zellik krali&ccedil;esi Anastasia Reshetova&rsquo;nın ayaklarının b&uuml;y&uuml;kl&uuml;ğ&uuml; sosyal medya paylaşımlarında da dikkat &ccedil;ekiyor.</p>
