{"id":352,"date":"2026-01-31T12:32:54","date_gmt":"2026-01-31T09:32:54","guid":{"rendered":"http:\/\/demo.safirtema.com\/lara\/wp-content\/uploads\/2020\/03\/anastasia-reshetovanin-ayaklarinin-buyuklugu-sosyal-medyada-olay-oldu-3.jpg"},"modified":"2026-01-31T12:32:54","modified_gmt":"2026-01-31T09:32:54","slug":"anastasia-reshetovanin-ayaklarinin-buyuklugu-sosyal-medyada-olay-oldu-6","status":"inherit","type":"attachment","link":"https:\/\/safirdemo.com\/lara\/anastasia-reshetovanin-ayaklarinin-buyuklugu-sosyal-medyada-olay-oldu\/anastasia-reshetovanin-ayaklarinin-buyuklugu-sosyal-medyada-olay-oldu-6\/","title":{"rendered":"Anastasia Reshetova\u2019n\u0131n ayaklar\u0131n\u0131n b\u00fcy\u00fckl\u00fc\u011f\u00fc sosyal medyada olay oldu"},"author":1,"featured_media":0,"comment_status":"open","ping_status":"closed","template":"","meta":[],"class_list":["post-352","attachment","type-attachment","status-inherit","hentry"],"description":{"rendered":"<p class=\"attachment\"><a href='https:\/\/safirdemo.com\/lara\/wp-content\/uploads\/anastasia-reshetovanin-ayaklarinin-buyuklugu-sosyal-medyada-olay-oldu-3.jpg'><img loading=\"lazy\" decoding=\"async\" width=\"273\" height=\"300\" src=\"https:\/\/safirdemo.com\/lara\/wp-content\/uploads\/anastasia-reshetovanin-ayaklarinin-buyuklugu-sosyal-medyada-olay-oldu-3.jpg\" class=\"attachment-medium size-medium\" alt=\"\" \/><\/a><\/p>\n<p>Reshetova&rsquo;n\u0131n sosyal medya hesab\u0131ndan yapt\u0131\u011f\u0131 payla\u015f\u0131mlar\u0131n alt\u0131na bir&ccedil;ok takip&ccedil;isi ayaklar\u0131 i&ccedil;in &ldquo;palet gibi&rdquo; yorumunu yap\u0131yor.<\/p>\n"},"caption":{"rendered":"<p>Reshetova&rsquo;n\u0131n sosyal medya hesab\u0131ndan yapt\u0131\u011f\u0131 payla\u015f\u0131mlar\u0131n alt\u0131na bir&ccedil;ok takip&ccedil;isi ayaklar\u0131 i&ccedil;in &ldquo;palet gibi&rdquo; yorumunu yap\u0131yor.<\/p>\n"},"alt_text":"","media_type":"image","mime_type":"image\/jpeg","media_details":{"width":582,"height":640,"file":"anastasia-reshetovanin-ayaklarinin-buyuklugu-sosyal-medyada-olay-oldu-3.jpg","filesize":74633,"sizes":{},"image_meta":{"aperture":"0","credit":"","camera":"","caption":"","created_timestamp":"0","copyright":"","focal_length":"0","iso":"0","shutter_speed":"0","title":"","orientation":"0","keywords":[]}},"post":347,"source_url":"https:\/\/safirdemo.com\/lara\/wp-content\/uploads\/anastasia-reshetovanin-ayaklarinin-buyuklugu-sosyal-medyada-olay-oldu-3.jpg","_links":{"self":[{"href":"https:\/\/safirdemo.com\/lara\/wp-json\/wp\/v2\/media\/352","targetHints":{"allow":["GET"]}}],"collection":[{"href":"https:\/\/safirdemo.com\/lara\/wp-json\/wp\/v2\/media"}],"about":[{"href":"https:\/\/safirdemo.com\/lara\/wp-json\/wp\/v2\/types\/attachment"}],"author":[{"embeddable":true,"href":"https:\/\/safirdemo.com\/lara\/wp-json\/wp\/v2\/users\/1"}],"replies":[{"embeddable":true,"href":"https:\/\/safirdemo.com\/lara\/wp-json\/wp\/v2\/comments?post=352"}],"wp:attached-to":[{"embeddable":true,"post_type":"post","id":347,"href":"https:\/\/safirdemo.com\/lara\/wp-json\/wp\/v2\/posts\/347"}],"curies":[{"name":"wp","href":"https:\/\/api.w.org\/{rel}","templated":true}]}}

Anastasia Reshetova’nın ayaklarının büyüklüğü sosyal medyada olay oldu

<p class="attachment"><a href='https://safirdemo.com/lara/wp-content/uploads/anastasia-reshetovanin-ayaklarinin-buyuklugu-sosyal-medyada-olay-oldu-3.jpg'><img loading="lazy" decoding="async" width="273" height="300" src="https://safirdemo.com/lara/wp-content/uploads/anastasia-reshetovanin-ayaklarinin-buyuklugu-sosyal-medyada-olay-oldu-3.jpg" class="attachment-medium size-medium" alt="" /></a></p>
<p>Reshetova&rsquo;nın sosyal medya hesabından yaptığı paylaşımların altına bir&ccedil;ok takip&ccedil;isi ayakları i&ccedil;in &ldquo;palet gibi&rdquo; yorumunu yapıyor.</p>

<p>Reshetova&rsquo;nın sosyal medya hesabından yaptığı paylaşımların altına bir&ccedil;ok takip&ccedil;isi ayakları i&ccedil;in &ldquo;palet gibi&rdquo; yorumunu yapıyor.</p>
