{"id":16,"date":"2026-03-02T12:15:08","date_gmt":"2026-03-02T09:15:08","guid":{"rendered":"http:\/\/demo.safirtema.com\/maya\/?page_id=16"},"modified":"2026-03-12T11:03:19","modified_gmt":"2026-03-12T08:03:19","slug":"cozum-ortaklari","status":"publish","type":"page","link":"https:\/\/safirdemo.com\/maya\/cozum-ortaklari\/","title":{"rendered":"\u00c7\u00f6z\u00fcm Ortaklar\u0131"},"content":{"rendered":"\n<figure class=\"wp-block-gallery has-nested-images columns-default wp-block-gallery-1 is-layout-flex wp-block-gallery-is-layout-flex\">\n<figure class=\"wp-block-image size-full\"><img loading=\"lazy\" decoding=\"async\" width=\"300\" height=\"72\" data-id=\"41\" src=\"https:\/\/safirdemo.com\/maya\/wp-content\/uploads\/arcelik.png\" alt=\"\" class=\"wp-image-41\"\/><\/figure>\n\n\n\n<figure class=\"wp-block-image size-full\"><img loading=\"lazy\" decoding=\"async\" width=\"300\" height=\"62\" data-id=\"42\" src=\"https:\/\/safirdemo.com\/maya\/wp-content\/uploads\/borcam.png\" alt=\"\" class=\"wp-image-42\"\/><\/figure>\n\n\n\n<figure class=\"wp-block-image size-full\"><img loading=\"lazy\" decoding=\"async\" width=\"300\" height=\"98\" data-id=\"43\" src=\"https:\/\/safirdemo.com\/maya\/wp-content\/uploads\/delonghi.png\" alt=\"\" class=\"wp-image-43\"\/><\/figure>\n\n\n\n<figure class=\"wp-block-image size-full\"><img loading=\"lazy\" decoding=\"async\" width=\"300\" height=\"55\" data-id=\"44\" src=\"https:\/\/safirdemo.com\/maya\/wp-content\/uploads\/hotpoint.png\" alt=\"\" class=\"wp-image-44\"\/><\/figure>\n\n\n\n<figure class=\"wp-block-image size-full\"><img loading=\"lazy\" decoding=\"async\" width=\"300\" height=\"72\" data-id=\"45\" src=\"https:\/\/safirdemo.com\/maya\/wp-content\/uploads\/jen.png\" alt=\"\" class=\"wp-image-45\"\/><\/figure>\n\n\n\n<figure class=\"wp-block-image size-full\"><img loading=\"lazy\" decoding=\"async\" width=\"300\" height=\"113\" data-id=\"46\" src=\"https:\/\/safirdemo.com\/maya\/wp-content\/uploads\/karaca.png\" alt=\"\" class=\"wp-image-46\"\/><\/figure>\n\n\n\n<figure class=\"wp-block-image size-full\"><img loading=\"lazy\" decoding=\"async\" width=\"300\" height=\"48\" data-id=\"47\" src=\"https:\/\/safirdemo.com\/maya\/wp-content\/uploads\/kutahya.png\" alt=\"\" class=\"wp-image-47\"\/><\/figure>\n\n\n\n<figure class=\"wp-block-image size-full\"><img loading=\"lazy\" decoding=\"async\" width=\"300\" height=\"54\" data-id=\"48\" src=\"https:\/\/safirdemo.com\/maya\/wp-content\/uploads\/pasabahce.png\" alt=\"\" class=\"wp-image-48\"\/><\/figure>\n\n\n\n<figure class=\"wp-block-image size-full\"><img loading=\"lazy\" decoding=\"async\" width=\"300\" height=\"48\" data-id=\"49\" src=\"https:\/\/safirdemo.com\/maya\/wp-content\/uploads\/siemens.png\" alt=\"\" class=\"wp-image-49\"\/><\/figure>\n<\/figure>\n","protected":false},"excerpt":{"rendered":"","protected":false},"author":1,"featured_media":0,"parent":0,"menu_order":0,"comment_status":"closed","ping_status":"closed","template":"pages\/page-references.php","meta":{"footnotes":""},"class_list":["post-16","page","type-page","status-publish","hentry"],"_links":{"self":[{"href":"https:\/\/safirdemo.com\/maya\/wp-json\/wp\/v2\/pages\/16","targetHints":{"allow":["GET"]}}],"collection":[{"href":"https:\/\/safirdemo.com\/maya\/wp-json\/wp\/v2\/pages"}],"about":[{"href":"https:\/\/safirdemo.com\/maya\/wp-json\/wp\/v2\/types\/page"}],"author":[{"embeddable":true,"href":"https:\/\/safirdemo.com\/maya\/wp-json\/wp\/v2\/users\/1"}],"replies":[{"embeddable":true,"href":"https:\/\/safirdemo.com\/maya\/wp-json\/wp\/v2\/comments?post=16"}],"version-history":[{"count":6,"href":"https:\/\/safirdemo.com\/maya\/wp-json\/wp\/v2\/pages\/16\/revisions"}],"predecessor-version":[{"id":405,"href":"https:\/\/safirdemo.com\/maya\/wp-json\/wp\/v2\/pages\/16\/revisions\/405"}],"wp:attachment":[{"href":"https:\/\/safirdemo.com\/maya\/wp-json\/wp\/v2\/media?parent=16"}],"curies":[{"name":"wp","href":"https:\/\/api.w.org\/{rel}","templated":true}]}}