{"id":451,"date":"2026-01-01T16:27:08","date_gmt":"2019-02-01T13:27:08","guid":{"rendered":"http:\/\/demo.safirtema.com\/neva\/wp-content\/uploads\/2019\/02\/cem-yilmazin-takipcisine-verdigi-cevap-guldurdu-3.jpg"},"modified":"2026-01-01T16:27:08","modified_gmt":"2026-01-01T13:27:08","slug":"cem-yilmazin-takipcisine-verdigi-cevap-guldurdu-6","status":"inherit","type":"attachment","link":"https:\/\/safirdemo.com\/neva\/cem-yilmazin-takipcisine-verdigi-cevap-guldurdu\/cem-yilmazin-takipcisine-verdigi-cevap-guldurdu-6\/","title":{"rendered":"Cem Y\u0131lmaz&#8217;\u0131n takip\u00e7isine verdi\u011fi cevap g\u00fcld\u00fcrd\u00fc"},"author":1,"featured_media":0,"comment_status":"open","ping_status":"closed","template":"","meta":[],"class_list":["post-451","attachment","type-attachment","status-inherit","hentry"],"description":{"rendered":"<p class=\"attachment\"><a href='https:\/\/safirdemo.com\/neva\/wp-content\/uploads\/\/cem-yilmazin-takipcisine-verdigi-cevap-guldurdu-3.jpg'><img loading=\"lazy\" decoding=\"async\" width=\"300\" height=\"300\" src=\"https:\/\/safirdemo.com\/neva\/wp-content\/uploads\/\/cem-yilmazin-takipcisine-verdigi-cevap-guldurdu-3-300x300.jpg\" class=\"attachment-medium size-medium\" alt=\"\" srcset=\"https:\/\/safirdemo.com\/neva\/wp-content\/uploads\/\/cem-yilmazin-takipcisine-verdigi-cevap-guldurdu-3-300x300.jpg 300w, https:\/\/safirdemo.com\/neva\/wp-content\/uploads\/\/cem-yilmazin-takipcisine-verdigi-cevap-guldurdu-3-150x150.jpg 150w, https:\/\/safirdemo.com\/neva\/wp-content\/uploads\/\/cem-yilmazin-takipcisine-verdigi-cevap-guldurdu-3.jpg 736w\" sizes=\"auto, (max-width: 300px) 100vw, 300px\" \/><\/a><\/p>\n<p>Cem Y\u0131lmaz kimdir?: Sinema oyuncusu, y\u00f6netmen, karikat\u00fcrist ve komedyen. Cem Y\u0131lmaz, 23 Nisan 1973&#8217;te istanbul&#8217;da Kocamustafapa\u015fa\u2019da do\u011fdu. Aslen Sivasl\u0131d\u0131r. Anne ad\u0131 Sabahat, baba ad\u0131 Arif\u2019tir. Can ad\u0131nda bir a\u011fabeyi ve \u00d6zge ad\u0131nda bir k\u0131zkarde\u015fi vard\u0131r. Kocamustafapa\u015fa&#8217;da ki Mehmet Akif \u0130lkokulu&#8217;nda 4. s\u0131n\u0131fta okurken ailesiyle birlikte Bah\u00e7elievler&#8217;e ta\u015f\u0131nd\u0131. Ortaokulu Bah\u00e7elievler Kaz\u0131m Karabekir Ortaokulu&#8217;nda bitirdi. Lise \u00f6\u011frenimi Etiler Anadolu Otelcilik ve Turizm Meslek Lisesi&#8217;nde g\u00f6rm\u00fc\u015ft\u00fcr.<\/p>\n"},"caption":{"rendered":"<p>Cem Y\u0131lmaz kimdir?: Sinema oyuncusu, y\u00f6netmen, karikat\u00fcrist ve komedyen. Cem Y\u0131lmaz, 23 Nisan 1973&#8217;te istanbul&#8217;da Kocamustafapa\u015fa\u2019da do\u011fdu. Aslen Sivasl\u0131d\u0131r. Anne ad\u0131 Sabahat, baba ad\u0131 Arif\u2019tir. Can ad\u0131nda bir a\u011fabeyi ve \u00d6zge ad\u0131nda bir k\u0131zkarde\u015fi vard\u0131r. Kocamustafapa\u015fa&#8217;da ki Mehmet Akif \u0130lkokulu&#8217;nda 4. s\u0131n\u0131fta okurken ailesiyle birlikte Bah\u00e7elievler&#8217;e ta\u015f\u0131nd\u0131. Ortaokulu Bah\u00e7elievler Kaz\u0131m Karabekir Ortaokulu&#8217;nda bitirdi. Lise \u00f6\u011frenimi [&hellip;]<\/p>\n"},"alt_text":"","media_type":"image","mime_type":"image\/jpeg","media_details":{"width":736,"height":736,"file":"\/cem-yilmazin-takipcisine-verdigi-cevap-guldurdu-3.jpg","sizes":{"thumbnail":{"file":"cem-yilmazin-takipcisine-verdigi-cevap-guldurdu-3-150x150.jpg","width":150,"height":150,"mime_type":"image\/jpeg","source_url":"https:\/\/safirdemo.com\/neva\/wp-content\/uploads\/\/cem-yilmazin-takipcisine-verdigi-cevap-guldurdu-3-150x150.jpg"},"medium":{"file":"cem-yilmazin-takipcisine-verdigi-cevap-guldurdu-3-300x300.jpg","width":300,"height":300,"mime_type":"image\/jpeg","source_url":"https:\/\/safirdemo.com\/neva\/wp-content\/uploads\/\/cem-yilmazin-takipcisine-verdigi-cevap-guldurdu-3-300x300.jpg"},"safirWide":{"file":"cem-yilmazin-takipcisine-verdigi-cevap-guldurdu-3-700x420.jpg","width":700,"height":420,"mime_type":"image\/jpeg","source_url":"https:\/\/safirdemo.com\/neva\/wp-content\/uploads\/\/cem-yilmazin-takipcisine-verdigi-cevap-guldurdu-3-700x420.jpg"},"safirMiddle":{"file":"cem-yilmazin-takipcisine-verdigi-cevap-guldurdu-3-400x240.jpg","width":400,"height":240,"mime_type":"image\/jpeg","source_url":"https:\/\/safirdemo.com\/neva\/wp-content\/uploads\/\/cem-yilmazin-takipcisine-verdigi-cevap-guldurdu-3-400x240.jpg"},"full":{"file":"cem-yilmazin-takipcisine-verdigi-cevap-guldurdu-3.jpg","width":736,"height":736,"mime_type":"image\/jpeg","source_url":"https:\/\/safirdemo.com\/neva\/wp-content\/uploads\/\/cem-yilmazin-takipcisine-verdigi-cevap-guldurdu-3.jpg"}},"image_meta":{"aperture":"0","credit":"","camera":"","caption":"","created_timestamp":"0","copyright":"","focal_length":"0","iso":"0","shutter_speed":"0","title":"","orientation":"0","keywords":[]}},"post":446,"source_url":"https:\/\/safirdemo.com\/neva\/wp-content\/uploads\/\/cem-yilmazin-takipcisine-verdigi-cevap-guldurdu-3.jpg","_links":{"self":[{"href":"https:\/\/safirdemo.com\/neva\/wp-json\/wp\/v2\/media\/451","targetHints":{"allow":["GET"]}}],"collection":[{"href":"https:\/\/safirdemo.com\/neva\/wp-json\/wp\/v2\/media"}],"about":[{"href":"https:\/\/safirdemo.com\/neva\/wp-json\/wp\/v2\/types\/attachment"}],"author":[{"embeddable":true,"href":"https:\/\/safirdemo.com\/neva\/wp-json\/wp\/v2\/users\/1"}],"replies":[{"embeddable":true,"href":"https:\/\/safirdemo.com\/neva\/wp-json\/wp\/v2\/comments?post=451"}],"wp:attached-to":[{"embeddable":true,"post_type":"post","id":446,"href":"https:\/\/safirdemo.com\/neva\/wp-json\/wp\/v2\/posts\/446"}],"curies":[{"name":"wp","href":"https:\/\/api.w.org\/{rel}","templated":true}]}}

Cem Yılmaz&#8217;ın takipçisine verdiği cevap güldürdü

<p class="attachment"><a href='https://safirdemo.com/neva/wp-content/uploads//cem-yilmazin-takipcisine-verdigi-cevap-guldurdu-3.jpg'><img loading="lazy" decoding="async" width="300" height="300" src="https://safirdemo.com/neva/wp-content/uploads//cem-yilmazin-takipcisine-verdigi-cevap-guldurdu-3-300x300.jpg" class="attachment-medium size-medium" alt="" srcset="https://safirdemo.com/neva/wp-content/uploads//cem-yilmazin-takipcisine-verdigi-cevap-guldurdu-3-300x300.jpg 300w, https://safirdemo.com/neva/wp-content/uploads//cem-yilmazin-takipcisine-verdigi-cevap-guldurdu-3-150x150.jpg 150w, https://safirdemo.com/neva/wp-content/uploads//cem-yilmazin-takipcisine-verdigi-cevap-guldurdu-3.jpg 736w" sizes="auto, (max-width: 300px) 100vw, 300px" /></a></p>
<p>Cem Yılmaz kimdir?: Sinema oyuncusu, yönetmen, karikatürist ve komedyen. Cem Yılmaz, 23 Nisan 1973&#8217;te istanbul&#8217;da Kocamustafapaşa’da doğdu. Aslen Sivaslıdır. Anne adı Sabahat, baba adı Arif’tir. Can adında bir ağabeyi ve Özge adında bir kızkardeşi vardır. Kocamustafapaşa&#8217;da ki Mehmet Akif İlkokulu&#8217;nda 4. sınıfta okurken ailesiyle birlikte Bahçelievler&#8217;e taşındı. Ortaokulu Bahçelievler Kazım Karabekir Ortaokulu&#8217;nda bitirdi. Lise öğrenimi Etiler Anadolu Otelcilik ve Turizm Meslek Lisesi&#8217;nde görmüştür.</p>

<p>Cem Yılmaz kimdir?: Sinema oyuncusu, yönetmen, karikatürist ve komedyen. Cem Yılmaz, 23 Nisan 1973&#8217;te istanbul&#8217;da Kocamustafapaşa’da doğdu. Aslen Sivaslıdır. Anne adı Sabahat, baba adı Arif’tir. Can adında bir ağabeyi ve Özge adında bir kızkardeşi vardır. Kocamustafapaşa&#8217;da ki Mehmet Akif İlkokulu&#8217;nda 4. sınıfta okurken ailesiyle birlikte Bahçelievler&#8217;e taşındı. Ortaokulu Bahçelievler Kazım Karabekir Ortaokulu&#8217;nda bitirdi. Lise öğrenimi [&hellip;]</p>
