{"id":460,"date":"2026-01-01T16:27:19","date_gmt":"2019-02-01T13:27:19","guid":{"rendered":"http:\/\/demo.safirtema.com\/neva\/wp-content\/uploads\/2019\/02\/musluman-degilim-ama-namaz-kiliyorum-diyen-ivana-sert-tesetture-girdi-2.jpg"},"modified":"2026-01-01T16:27:19","modified_gmt":"2026-01-01T13:27:19","slug":"musluman-degilim-ama-namaz-kiliyorum-diyen-ivana-sert-tesetture-girdi-5","status":"inherit","type":"attachment","link":"https:\/\/safirdemo.com\/neva\/ivana-sert-tesetture-girdi\/musluman-degilim-ama-namaz-kiliyorum-diyen-ivana-sert-tesetture-girdi-5\/","title":{"rendered":"M\u00fcsl\u00fcman de\u011filim ama namaz k\u0131l\u0131yorum diyen Ivana Sert tesett\u00fcre girdi"},"author":1,"featured_media":0,"comment_status":"open","ping_status":"closed","template":"","meta":[],"class_list":["post-460","attachment","type-attachment","status-inherit","hentry"],"description":{"rendered":"<p class=\"attachment\"><a href='https:\/\/safirdemo.com\/neva\/wp-content\/uploads\/\/musluman-degilim-ama-namaz-kiliyorum-diyen-ivana-sert-tesetture-girdi-2.jpg'><img loading=\"lazy\" decoding=\"async\" width=\"300\" height=\"294\" src=\"https:\/\/safirdemo.com\/neva\/wp-content\/uploads\/\/musluman-degilim-ama-namaz-kiliyorum-diyen-ivana-sert-tesetture-girdi-2-300x294.jpg\" class=\"attachment-medium size-medium\" alt=\"\" srcset=\"https:\/\/safirdemo.com\/neva\/wp-content\/uploads\/\/musluman-degilim-ama-namaz-kiliyorum-diyen-ivana-sert-tesetture-girdi-2-300x294.jpg 300w, https:\/\/safirdemo.com\/neva\/wp-content\/uploads\/\/musluman-degilim-ama-namaz-kiliyorum-diyen-ivana-sert-tesetture-girdi-2.jpg 557w\" sizes=\"auto, (max-width: 300px) 100vw, 300px\" \/><\/a><\/p>\n<p>NAMAZ KILIYORUM: Yapt\u0131\u011f\u0131 a\u00e7\u0131klamalarla da ad\u0131ndan s\u0131k\u00e7a s\u00f6z ettiren Ivana Sert, ge\u00e7ti\u011fimiz y\u0131llarda kat\u0131ld\u0131\u011f\u0131 bir iftar program\u0131nda m\u00fcsl\u00fcman olmad\u0131\u011f\u0131n\u0131 s\u00f6yleyerek \u015f\u00f6yle konu\u015fmu\u015ftu: M\u00fcsl\u00fcman olmad\u0131m ama namaz k\u0131l\u0131yorum. \u00c7\u00fcnk\u00fc huzur buluyorum. S\u0131k s\u0131k camiye de gidiyorum. Dua edilen yerlerin enerjisi bana \u00e7ok iyi geliyor&#8221;<\/p>\n"},"caption":{"rendered":"<p>NAMAZ KILIYORUM: Yapt\u0131\u011f\u0131 a\u00e7\u0131klamalarla da ad\u0131ndan s\u0131k\u00e7a s\u00f6z ettiren Ivana Sert, ge\u00e7ti\u011fimiz y\u0131llarda kat\u0131ld\u0131\u011f\u0131 bir iftar program\u0131nda m\u00fcsl\u00fcman olmad\u0131\u011f\u0131n\u0131 s\u00f6yleyerek \u015f\u00f6yle konu\u015fmu\u015ftu: M\u00fcsl\u00fcman olmad\u0131m ama namaz k\u0131l\u0131yorum. \u00c7\u00fcnk\u00fc huzur buluyorum. S\u0131k s\u0131k camiye de gidiyorum. Dua edilen yerlerin enerjisi bana \u00e7ok iyi geliyor&#8221;<\/p>\n"},"alt_text":"","media_type":"image","mime_type":"image\/jpeg","media_details":{"width":557,"height":546,"file":"\/musluman-degilim-ama-namaz-kiliyorum-diyen-ivana-sert-tesetture-girdi-2.jpg","sizes":{"thumbnail":{"file":"musluman-degilim-ama-namaz-kiliyorum-diyen-ivana-sert-tesetture-girdi-2-150x150.jpg","width":150,"height":150,"mime_type":"image\/png","source_url":"https:\/\/safirdemo.com\/neva\/wp-content\/uploads\/\/musluman-degilim-ama-namaz-kiliyorum-diyen-ivana-sert-tesetture-girdi-2-150x150.jpg"},"medium":{"file":"musluman-degilim-ama-namaz-kiliyorum-diyen-ivana-sert-tesetture-girdi-2-300x294.jpg","width":300,"height":294,"mime_type":"image\/png","source_url":"https:\/\/safirdemo.com\/neva\/wp-content\/uploads\/\/musluman-degilim-ama-namaz-kiliyorum-diyen-ivana-sert-tesetture-girdi-2-300x294.jpg"},"safirWide":{"file":"musluman-degilim-ama-namaz-kiliyorum-diyen-ivana-sert-tesetture-girdi-2-557x420.jpg","width":557,"height":420,"mime_type":"image\/png","source_url":"https:\/\/safirdemo.com\/neva\/wp-content\/uploads\/\/musluman-degilim-ama-namaz-kiliyorum-diyen-ivana-sert-tesetture-girdi-2-557x420.jpg"},"safirMiddle":{"file":"musluman-degilim-ama-namaz-kiliyorum-diyen-ivana-sert-tesetture-girdi-2-400x240.jpg","width":400,"height":240,"mime_type":"image\/png","source_url":"https:\/\/safirdemo.com\/neva\/wp-content\/uploads\/\/musluman-degilim-ama-namaz-kiliyorum-diyen-ivana-sert-tesetture-girdi-2-400x240.jpg"},"full":{"file":"musluman-degilim-ama-namaz-kiliyorum-diyen-ivana-sert-tesetture-girdi-2.jpg","width":557,"height":546,"mime_type":"image\/jpeg","source_url":"https:\/\/safirdemo.com\/neva\/wp-content\/uploads\/\/musluman-degilim-ama-namaz-kiliyorum-diyen-ivana-sert-tesetture-girdi-2.jpg"}},"image_meta":{"aperture":"0","credit":"","camera":"","caption":"","created_timestamp":"0","copyright":"","focal_length":"0","iso":"0","shutter_speed":"0","title":"","orientation":"0","keywords":[]}},"post":456,"source_url":"https:\/\/safirdemo.com\/neva\/wp-content\/uploads\/\/musluman-degilim-ama-namaz-kiliyorum-diyen-ivana-sert-tesetture-girdi-2.jpg","_links":{"self":[{"href":"https:\/\/safirdemo.com\/neva\/wp-json\/wp\/v2\/media\/460","targetHints":{"allow":["GET"]}}],"collection":[{"href":"https:\/\/safirdemo.com\/neva\/wp-json\/wp\/v2\/media"}],"about":[{"href":"https:\/\/safirdemo.com\/neva\/wp-json\/wp\/v2\/types\/attachment"}],"author":[{"embeddable":true,"href":"https:\/\/safirdemo.com\/neva\/wp-json\/wp\/v2\/users\/1"}],"replies":[{"embeddable":true,"href":"https:\/\/safirdemo.com\/neva\/wp-json\/wp\/v2\/comments?post=460"}],"wp:attached-to":[{"embeddable":true,"post_type":"post","id":456,"href":"https:\/\/safirdemo.com\/neva\/wp-json\/wp\/v2\/posts\/456"}],"curies":[{"name":"wp","href":"https:\/\/api.w.org\/{rel}","templated":true}]}}

Müslüman değilim ama namaz kılıyorum diyen Ivana Sert tesettüre girdi

<p class="attachment"><a href='https://safirdemo.com/neva/wp-content/uploads//musluman-degilim-ama-namaz-kiliyorum-diyen-ivana-sert-tesetture-girdi-2.jpg'><img loading="lazy" decoding="async" width="300" height="294" src="https://safirdemo.com/neva/wp-content/uploads//musluman-degilim-ama-namaz-kiliyorum-diyen-ivana-sert-tesetture-girdi-2-300x294.jpg" class="attachment-medium size-medium" alt="" srcset="https://safirdemo.com/neva/wp-content/uploads//musluman-degilim-ama-namaz-kiliyorum-diyen-ivana-sert-tesetture-girdi-2-300x294.jpg 300w, https://safirdemo.com/neva/wp-content/uploads//musluman-degilim-ama-namaz-kiliyorum-diyen-ivana-sert-tesetture-girdi-2.jpg 557w" sizes="auto, (max-width: 300px) 100vw, 300px" /></a></p>
<p>NAMAZ KILIYORUM: Yaptığı açıklamalarla da adından sıkça söz ettiren Ivana Sert, geçtiğimiz yıllarda katıldığı bir iftar programında müslüman olmadığını söyleyerek şöyle konuşmuştu: Müslüman olmadım ama namaz kılıyorum. Çünkü huzur buluyorum. Sık sık camiye de gidiyorum. Dua edilen yerlerin enerjisi bana çok iyi geliyor&#8221;</p>

<p>NAMAZ KILIYORUM: Yaptığı açıklamalarla da adından sıkça söz ettiren Ivana Sert, geçtiğimiz yıllarda katıldığı bir iftar programında müslüman olmadığını söyleyerek şöyle konuşmuştu: Müslüman olmadım ama namaz kılıyorum. Çünkü huzur buluyorum. Sık sık camiye de gidiyorum. Dua edilen yerlerin enerjisi bana çok iyi geliyor&#8221;</p>
