{"id":462,"date":"2026-01-01T16:27:19","date_gmt":"2019-02-01T13:27:19","guid":{"rendered":"http:\/\/demo.safirtema.com\/neva\/wp-content\/uploads\/2019\/02\/musluman-degilim-ama-namaz-kiliyorum-diyen-ivana-sert-tesetture-girdi-4.jpg"},"modified":"2026-01-01T16:27:19","modified_gmt":"2026-01-01T13:27:19","slug":"musluman-degilim-ama-namaz-kiliyorum-diyen-ivana-sert-tesetture-girdi-7","status":"inherit","type":"attachment","link":"https:\/\/safirdemo.com\/neva\/ivana-sert-tesetture-girdi\/musluman-degilim-ama-namaz-kiliyorum-diyen-ivana-sert-tesetture-girdi-7\/","title":{"rendered":"M\u00fcsl\u00fcman de\u011filim ama namaz k\u0131l\u0131yorum diyen Ivana Sert tesett\u00fcre girdi"},"author":1,"featured_media":0,"comment_status":"open","ping_status":"closed","template":"","meta":[],"class_list":["post-462","attachment","type-attachment","status-inherit","hentry"],"description":{"rendered":"<p class=\"attachment\"><a href='https:\/\/safirdemo.com\/neva\/wp-content\/uploads\/\/musluman-degilim-ama-namaz-kiliyorum-diyen-ivana-sert-tesetture-girdi-4.jpg'><img loading=\"lazy\" decoding=\"async\" width=\"269\" height=\"300\" src=\"https:\/\/safirdemo.com\/neva\/wp-content\/uploads\/\/musluman-degilim-ama-namaz-kiliyorum-diyen-ivana-sert-tesetture-girdi-4-269x300.jpg\" class=\"attachment-medium size-medium\" alt=\"\" srcset=\"https:\/\/safirdemo.com\/neva\/wp-content\/uploads\/\/musluman-degilim-ama-namaz-kiliyorum-diyen-ivana-sert-tesetture-girdi-4-269x300.jpg 269w, https:\/\/safirdemo.com\/neva\/wp-content\/uploads\/\/musluman-degilim-ama-namaz-kiliyorum-diyen-ivana-sert-tesetture-girdi-4.jpg 499w\" sizes=\"auto, (max-width: 269px) 100vw, 269px\" \/><\/a><\/p>\n<p>Miss Belgrade olarak tescilli mankenlik kariyerine bir s\u00fcre son veren Ivana Sert  uzun bir s\u00fcredir T\u00fcrkiye&#8217;de ya\u015f\u0131yor ve \u00fclkemizde moda ad\u0131na yap\u0131lan etkinliklerin ba\u015f\u0131nda geliyor.<\/p>\n"},"caption":{"rendered":"<p>Miss Belgrade olarak tescilli mankenlik kariyerine bir s\u00fcre son veren Ivana Sert uzun bir s\u00fcredir T\u00fcrkiye&#8217;de ya\u015f\u0131yor ve \u00fclkemizde moda ad\u0131na yap\u0131lan etkinliklerin ba\u015f\u0131nda geliyor.<\/p>\n"},"alt_text":"","media_type":"image","mime_type":"image\/jpeg","media_details":{"width":499,"height":557,"file":"\/musluman-degilim-ama-namaz-kiliyorum-diyen-ivana-sert-tesetture-girdi-4.jpg","sizes":{"thumbnail":{"file":"musluman-degilim-ama-namaz-kiliyorum-diyen-ivana-sert-tesetture-girdi-4-150x150.jpg","width":150,"height":150,"mime_type":"image\/png","source_url":"https:\/\/safirdemo.com\/neva\/wp-content\/uploads\/\/musluman-degilim-ama-namaz-kiliyorum-diyen-ivana-sert-tesetture-girdi-4-150x150.jpg"},"medium":{"file":"musluman-degilim-ama-namaz-kiliyorum-diyen-ivana-sert-tesetture-girdi-4-269x300.jpg","width":269,"height":300,"mime_type":"image\/png","source_url":"https:\/\/safirdemo.com\/neva\/wp-content\/uploads\/\/musluman-degilim-ama-namaz-kiliyorum-diyen-ivana-sert-tesetture-girdi-4-269x300.jpg"},"safirWide":{"file":"musluman-degilim-ama-namaz-kiliyorum-diyen-ivana-sert-tesetture-girdi-4-499x420.jpg","width":499,"height":420,"mime_type":"image\/png","source_url":"https:\/\/safirdemo.com\/neva\/wp-content\/uploads\/\/musluman-degilim-ama-namaz-kiliyorum-diyen-ivana-sert-tesetture-girdi-4-499x420.jpg"},"safirMiddle":{"file":"musluman-degilim-ama-namaz-kiliyorum-diyen-ivana-sert-tesetture-girdi-4-400x240.jpg","width":400,"height":240,"mime_type":"image\/png","source_url":"https:\/\/safirdemo.com\/neva\/wp-content\/uploads\/\/musluman-degilim-ama-namaz-kiliyorum-diyen-ivana-sert-tesetture-girdi-4-400x240.jpg"},"full":{"file":"musluman-degilim-ama-namaz-kiliyorum-diyen-ivana-sert-tesetture-girdi-4.jpg","width":499,"height":557,"mime_type":"image\/jpeg","source_url":"https:\/\/safirdemo.com\/neva\/wp-content\/uploads\/\/musluman-degilim-ama-namaz-kiliyorum-diyen-ivana-sert-tesetture-girdi-4.jpg"}},"image_meta":{"aperture":"0","credit":"","camera":"","caption":"","created_timestamp":"0","copyright":"","focal_length":"0","iso":"0","shutter_speed":"0","title":"","orientation":"0","keywords":[]}},"post":456,"source_url":"https:\/\/safirdemo.com\/neva\/wp-content\/uploads\/\/musluman-degilim-ama-namaz-kiliyorum-diyen-ivana-sert-tesetture-girdi-4.jpg","_links":{"self":[{"href":"https:\/\/safirdemo.com\/neva\/wp-json\/wp\/v2\/media\/462","targetHints":{"allow":["GET"]}}],"collection":[{"href":"https:\/\/safirdemo.com\/neva\/wp-json\/wp\/v2\/media"}],"about":[{"href":"https:\/\/safirdemo.com\/neva\/wp-json\/wp\/v2\/types\/attachment"}],"author":[{"embeddable":true,"href":"https:\/\/safirdemo.com\/neva\/wp-json\/wp\/v2\/users\/1"}],"replies":[{"embeddable":true,"href":"https:\/\/safirdemo.com\/neva\/wp-json\/wp\/v2\/comments?post=462"}],"wp:attached-to":[{"embeddable":true,"post_type":"post","id":456,"href":"https:\/\/safirdemo.com\/neva\/wp-json\/wp\/v2\/posts\/456"}],"curies":[{"name":"wp","href":"https:\/\/api.w.org\/{rel}","templated":true}]}}

Müslüman değilim ama namaz kılıyorum diyen Ivana Sert tesettüre girdi

<p class="attachment"><a href='https://safirdemo.com/neva/wp-content/uploads//musluman-degilim-ama-namaz-kiliyorum-diyen-ivana-sert-tesetture-girdi-4.jpg'><img loading="lazy" decoding="async" width="269" height="300" src="https://safirdemo.com/neva/wp-content/uploads//musluman-degilim-ama-namaz-kiliyorum-diyen-ivana-sert-tesetture-girdi-4-269x300.jpg" class="attachment-medium size-medium" alt="" srcset="https://safirdemo.com/neva/wp-content/uploads//musluman-degilim-ama-namaz-kiliyorum-diyen-ivana-sert-tesetture-girdi-4-269x300.jpg 269w, https://safirdemo.com/neva/wp-content/uploads//musluman-degilim-ama-namaz-kiliyorum-diyen-ivana-sert-tesetture-girdi-4.jpg 499w" sizes="auto, (max-width: 269px) 100vw, 269px" /></a></p>
<p>Miss Belgrade olarak tescilli mankenlik kariyerine bir süre son veren Ivana Sert  uzun bir süredir Türkiye&#8217;de yaşıyor ve ülkemizde moda adına yapılan etkinliklerin başında geliyor.</p>

<p>Miss Belgrade olarak tescilli mankenlik kariyerine bir süre son veren Ivana Sert uzun bir süredir Türkiye&#8217;de yaşıyor ve ülkemizde moda adına yapılan etkinliklerin başında geliyor.</p>
