{"id":464,"date":"2026-01-01T16:27:20","date_gmt":"2019-02-01T13:27:20","guid":{"rendered":"http:\/\/demo.safirtema.com\/neva\/wp-content\/uploads\/2019\/02\/musluman-degilim-ama-namaz-kiliyorum-diyen-ivana-sert-tesetture-girdi-6.jpg"},"modified":"2026-01-01T16:27:20","modified_gmt":"2026-01-01T13:27:20","slug":"musluman-degilim-ama-namaz-kiliyorum-diyen-ivana-sert-tesetture-girdi-9","status":"inherit","type":"attachment","link":"https:\/\/safirdemo.com\/neva\/ivana-sert-tesetture-girdi\/musluman-degilim-ama-namaz-kiliyorum-diyen-ivana-sert-tesetture-girdi-9\/","title":{"rendered":"M\u00fcsl\u00fcman de\u011filim ama namaz k\u0131l\u0131yorum diyen Ivana Sert tesett\u00fcre girdi"},"author":1,"featured_media":0,"comment_status":"open","ping_status":"closed","template":"","meta":[],"class_list":["post-464","attachment","type-attachment","status-inherit","hentry"],"description":{"rendered":"<p class=\"attachment\"><a href='https:\/\/safirdemo.com\/neva\/wp-content\/uploads\/\/musluman-degilim-ama-namaz-kiliyorum-diyen-ivana-sert-tesetture-girdi-6.jpg'><img loading=\"lazy\" decoding=\"async\" width=\"300\" height=\"278\" src=\"https:\/\/safirdemo.com\/neva\/wp-content\/uploads\/\/musluman-degilim-ama-namaz-kiliyorum-diyen-ivana-sert-tesetture-girdi-6-300x278.jpg\" class=\"attachment-medium size-medium\" alt=\"\" srcset=\"https:\/\/safirdemo.com\/neva\/wp-content\/uploads\/\/musluman-degilim-ama-namaz-kiliyorum-diyen-ivana-sert-tesetture-girdi-6-300x278.jpg 300w, https:\/\/safirdemo.com\/neva\/wp-content\/uploads\/\/musluman-degilim-ama-namaz-kiliyorum-diyen-ivana-sert-tesetture-girdi-6.jpg 585w\" sizes=\"auto, (max-width: 300px) 100vw, 300px\" \/><\/a><\/p>\n<p>Ivana Sert, S\u0131rbistan\u2019da kat\u0131ld\u0131\u011f\u0131 g\u00fczellik yar\u0131\u015fmas\u0131nda Belgrad G\u00fczel se\u00e7ildi. Ard\u0131ndan T\u00fcrkiye\u2019ye Miss Globe\u2019a kat\u0131lmak i\u00e7in gelip 2002\u2019de T\u00fcrkiye\u2019ye yerle\u015fti.<\/p>\n"},"caption":{"rendered":"<p>Ivana Sert, S\u0131rbistan\u2019da kat\u0131ld\u0131\u011f\u0131 g\u00fczellik yar\u0131\u015fmas\u0131nda Belgrad G\u00fczel se\u00e7ildi. Ard\u0131ndan T\u00fcrkiye\u2019ye Miss Globe\u2019a kat\u0131lmak i\u00e7in gelip 2002\u2019de T\u00fcrkiye\u2019ye yerle\u015fti.<\/p>\n"},"alt_text":"","media_type":"image","mime_type":"image\/jpeg","media_details":{"width":585,"height":542,"file":"\/musluman-degilim-ama-namaz-kiliyorum-diyen-ivana-sert-tesetture-girdi-6.jpg","sizes":{"thumbnail":{"file":"musluman-degilim-ama-namaz-kiliyorum-diyen-ivana-sert-tesetture-girdi-6-150x150.jpg","width":150,"height":150,"mime_type":"image\/png","source_url":"https:\/\/safirdemo.com\/neva\/wp-content\/uploads\/\/musluman-degilim-ama-namaz-kiliyorum-diyen-ivana-sert-tesetture-girdi-6-150x150.jpg"},"medium":{"file":"musluman-degilim-ama-namaz-kiliyorum-diyen-ivana-sert-tesetture-girdi-6-300x278.jpg","width":300,"height":278,"mime_type":"image\/png","source_url":"https:\/\/safirdemo.com\/neva\/wp-content\/uploads\/\/musluman-degilim-ama-namaz-kiliyorum-diyen-ivana-sert-tesetture-girdi-6-300x278.jpg"},"safirWide":{"file":"musluman-degilim-ama-namaz-kiliyorum-diyen-ivana-sert-tesetture-girdi-6-585x420.jpg","width":585,"height":420,"mime_type":"image\/png","source_url":"https:\/\/safirdemo.com\/neva\/wp-content\/uploads\/\/musluman-degilim-ama-namaz-kiliyorum-diyen-ivana-sert-tesetture-girdi-6-585x420.jpg"},"safirMiddle":{"file":"musluman-degilim-ama-namaz-kiliyorum-diyen-ivana-sert-tesetture-girdi-6-400x240.jpg","width":400,"height":240,"mime_type":"image\/png","source_url":"https:\/\/safirdemo.com\/neva\/wp-content\/uploads\/\/musluman-degilim-ama-namaz-kiliyorum-diyen-ivana-sert-tesetture-girdi-6-400x240.jpg"},"full":{"file":"musluman-degilim-ama-namaz-kiliyorum-diyen-ivana-sert-tesetture-girdi-6.jpg","width":585,"height":542,"mime_type":"image\/jpeg","source_url":"https:\/\/safirdemo.com\/neva\/wp-content\/uploads\/\/musluman-degilim-ama-namaz-kiliyorum-diyen-ivana-sert-tesetture-girdi-6.jpg"}},"image_meta":{"aperture":"0","credit":"","camera":"","caption":"","created_timestamp":"0","copyright":"","focal_length":"0","iso":"0","shutter_speed":"0","title":"","orientation":"0","keywords":[]}},"post":456,"source_url":"https:\/\/safirdemo.com\/neva\/wp-content\/uploads\/\/musluman-degilim-ama-namaz-kiliyorum-diyen-ivana-sert-tesetture-girdi-6.jpg","_links":{"self":[{"href":"https:\/\/safirdemo.com\/neva\/wp-json\/wp\/v2\/media\/464","targetHints":{"allow":["GET"]}}],"collection":[{"href":"https:\/\/safirdemo.com\/neva\/wp-json\/wp\/v2\/media"}],"about":[{"href":"https:\/\/safirdemo.com\/neva\/wp-json\/wp\/v2\/types\/attachment"}],"author":[{"embeddable":true,"href":"https:\/\/safirdemo.com\/neva\/wp-json\/wp\/v2\/users\/1"}],"replies":[{"embeddable":true,"href":"https:\/\/safirdemo.com\/neva\/wp-json\/wp\/v2\/comments?post=464"}],"wp:attached-to":[{"embeddable":true,"post_type":"post","id":456,"href":"https:\/\/safirdemo.com\/neva\/wp-json\/wp\/v2\/posts\/456"}],"curies":[{"name":"wp","href":"https:\/\/api.w.org\/{rel}","templated":true}]}}

Müslüman değilim ama namaz kılıyorum diyen Ivana Sert tesettüre girdi

<p class="attachment"><a href='https://safirdemo.com/neva/wp-content/uploads//musluman-degilim-ama-namaz-kiliyorum-diyen-ivana-sert-tesetture-girdi-6.jpg'><img loading="lazy" decoding="async" width="300" height="278" src="https://safirdemo.com/neva/wp-content/uploads//musluman-degilim-ama-namaz-kiliyorum-diyen-ivana-sert-tesetture-girdi-6-300x278.jpg" class="attachment-medium size-medium" alt="" srcset="https://safirdemo.com/neva/wp-content/uploads//musluman-degilim-ama-namaz-kiliyorum-diyen-ivana-sert-tesetture-girdi-6-300x278.jpg 300w, https://safirdemo.com/neva/wp-content/uploads//musluman-degilim-ama-namaz-kiliyorum-diyen-ivana-sert-tesetture-girdi-6.jpg 585w" sizes="auto, (max-width: 300px) 100vw, 300px" /></a></p>
<p>Ivana Sert, Sırbistan’da katıldığı güzellik yarışmasında Belgrad Güzel seçildi. Ardından Türkiye’ye Miss Globe’a katılmak için gelip 2002’de Türkiye’ye yerleşti.</p>

<p>Ivana Sert, Sırbistan’da katıldığı güzellik yarışmasında Belgrad Güzel seçildi. Ardından Türkiye’ye Miss Globe’a katılmak için gelip 2002’de Türkiye’ye yerleşti.</p>
