{"id":466,"date":"2026-01-01T16:27:20","date_gmt":"2019-02-01T13:27:20","guid":{"rendered":"http:\/\/demo.safirtema.com\/neva\/wp-content\/uploads\/2019\/02\/musluman-degilim-ama-namaz-kiliyorum-diyen-ivana-sert-tesetture-girdi-8.jpg"},"modified":"2026-01-01T16:27:20","modified_gmt":"2026-01-01T13:27:20","slug":"musluman-degilim-ama-namaz-kiliyorum-diyen-ivana-sert-tesetture-girdi-11","status":"inherit","type":"attachment","link":"https:\/\/safirdemo.com\/neva\/ivana-sert-tesetture-girdi\/musluman-degilim-ama-namaz-kiliyorum-diyen-ivana-sert-tesetture-girdi-11\/","title":{"rendered":"M\u00fcsl\u00fcman de\u011filim ama namaz k\u0131l\u0131yorum diyen Ivana Sert tesett\u00fcre girdi"},"author":1,"featured_media":0,"comment_status":"open","ping_status":"closed","template":"","meta":[],"class_list":["post-466","attachment","type-attachment","status-inherit","hentry"],"description":{"rendered":"<p class=\"attachment\"><a href='https:\/\/safirdemo.com\/neva\/wp-content\/uploads\/\/musluman-degilim-ama-namaz-kiliyorum-diyen-ivana-sert-tesetture-girdi-8.jpg'><img loading=\"lazy\" decoding=\"async\" width=\"273\" height=\"300\" src=\"https:\/\/safirdemo.com\/neva\/wp-content\/uploads\/\/musluman-degilim-ama-namaz-kiliyorum-diyen-ivana-sert-tesetture-girdi-8-273x300.jpg\" class=\"attachment-medium size-medium\" alt=\"\" srcset=\"https:\/\/safirdemo.com\/neva\/wp-content\/uploads\/\/musluman-degilim-ama-namaz-kiliyorum-diyen-ivana-sert-tesetture-girdi-8-273x300.jpg 273w, https:\/\/safirdemo.com\/neva\/wp-content\/uploads\/\/musluman-degilim-ama-namaz-kiliyorum-diyen-ivana-sert-tesetture-girdi-8.jpg 508w\" sizes=\"auto, (max-width: 273px) 100vw, 273px\" \/><\/a><\/p>\n<p>D\u00fcnyan\u0131n \u00fcnl\u00fc markalar\u0131n\u0131 T\u00fcrkiye\u2019ye getiren \u0130vana Sert&#8217;in, Ni\u015fanta\u015f\u0131\u2019nda ma\u011fazas\u0131 bulunmaktad\u0131r. 2010\u2019da j\u00fcrisi oldu\u011fu Bug\u00fcn Ne Giysem isimli yar\u0131\u015fmayla pop\u00fclerli\u011fi artan Sert, ayn\u0131 zamanda 2011\u2019de yay\u0131nlanmaya ba\u015flayan Yok B\u00f6yle Dans isimli programda yar\u0131\u015fmac\u0131 olmu\u015ftur.<\/p>\n"},"caption":{"rendered":"<p>D\u00fcnyan\u0131n \u00fcnl\u00fc markalar\u0131n\u0131 T\u00fcrkiye\u2019ye getiren \u0130vana Sert&#8217;in, Ni\u015fanta\u015f\u0131\u2019nda ma\u011fazas\u0131 bulunmaktad\u0131r. 2010\u2019da j\u00fcrisi oldu\u011fu Bug\u00fcn Ne Giysem isimli yar\u0131\u015fmayla pop\u00fclerli\u011fi artan Sert, ayn\u0131 zamanda 2011\u2019de yay\u0131nlanmaya ba\u015flayan Yok B\u00f6yle Dans isimli programda yar\u0131\u015fmac\u0131 olmu\u015ftur.<\/p>\n"},"alt_text":"","media_type":"image","mime_type":"image\/jpeg","media_details":{"width":508,"height":558,"file":"\/musluman-degilim-ama-namaz-kiliyorum-diyen-ivana-sert-tesetture-girdi-8.jpg","sizes":{"thumbnail":{"file":"musluman-degilim-ama-namaz-kiliyorum-diyen-ivana-sert-tesetture-girdi-8-150x150.jpg","width":150,"height":150,"mime_type":"image\/png","source_url":"https:\/\/safirdemo.com\/neva\/wp-content\/uploads\/\/musluman-degilim-ama-namaz-kiliyorum-diyen-ivana-sert-tesetture-girdi-8-150x150.jpg"},"medium":{"file":"musluman-degilim-ama-namaz-kiliyorum-diyen-ivana-sert-tesetture-girdi-8-273x300.jpg","width":273,"height":300,"mime_type":"image\/png","source_url":"https:\/\/safirdemo.com\/neva\/wp-content\/uploads\/\/musluman-degilim-ama-namaz-kiliyorum-diyen-ivana-sert-tesetture-girdi-8-273x300.jpg"},"safirWide":{"file":"musluman-degilim-ama-namaz-kiliyorum-diyen-ivana-sert-tesetture-girdi-8-508x420.jpg","width":508,"height":420,"mime_type":"image\/png","source_url":"https:\/\/safirdemo.com\/neva\/wp-content\/uploads\/\/musluman-degilim-ama-namaz-kiliyorum-diyen-ivana-sert-tesetture-girdi-8-508x420.jpg"},"safirMiddle":{"file":"musluman-degilim-ama-namaz-kiliyorum-diyen-ivana-sert-tesetture-girdi-8-400x240.jpg","width":400,"height":240,"mime_type":"image\/png","source_url":"https:\/\/safirdemo.com\/neva\/wp-content\/uploads\/\/musluman-degilim-ama-namaz-kiliyorum-diyen-ivana-sert-tesetture-girdi-8-400x240.jpg"},"full":{"file":"musluman-degilim-ama-namaz-kiliyorum-diyen-ivana-sert-tesetture-girdi-8.jpg","width":508,"height":558,"mime_type":"image\/jpeg","source_url":"https:\/\/safirdemo.com\/neva\/wp-content\/uploads\/\/musluman-degilim-ama-namaz-kiliyorum-diyen-ivana-sert-tesetture-girdi-8.jpg"}},"image_meta":{"aperture":"0","credit":"","camera":"","caption":"","created_timestamp":"0","copyright":"","focal_length":"0","iso":"0","shutter_speed":"0","title":"","orientation":"0","keywords":[]}},"post":456,"source_url":"https:\/\/safirdemo.com\/neva\/wp-content\/uploads\/\/musluman-degilim-ama-namaz-kiliyorum-diyen-ivana-sert-tesetture-girdi-8.jpg","_links":{"self":[{"href":"https:\/\/safirdemo.com\/neva\/wp-json\/wp\/v2\/media\/466","targetHints":{"allow":["GET"]}}],"collection":[{"href":"https:\/\/safirdemo.com\/neva\/wp-json\/wp\/v2\/media"}],"about":[{"href":"https:\/\/safirdemo.com\/neva\/wp-json\/wp\/v2\/types\/attachment"}],"author":[{"embeddable":true,"href":"https:\/\/safirdemo.com\/neva\/wp-json\/wp\/v2\/users\/1"}],"replies":[{"embeddable":true,"href":"https:\/\/safirdemo.com\/neva\/wp-json\/wp\/v2\/comments?post=466"}],"wp:attached-to":[{"embeddable":true,"post_type":"post","id":456,"href":"https:\/\/safirdemo.com\/neva\/wp-json\/wp\/v2\/posts\/456"}],"curies":[{"name":"wp","href":"https:\/\/api.w.org\/{rel}","templated":true}]}}

Müslüman değilim ama namaz kılıyorum diyen Ivana Sert tesettüre girdi

<p class="attachment"><a href='https://safirdemo.com/neva/wp-content/uploads//musluman-degilim-ama-namaz-kiliyorum-diyen-ivana-sert-tesetture-girdi-8.jpg'><img loading="lazy" decoding="async" width="273" height="300" src="https://safirdemo.com/neva/wp-content/uploads//musluman-degilim-ama-namaz-kiliyorum-diyen-ivana-sert-tesetture-girdi-8-273x300.jpg" class="attachment-medium size-medium" alt="" srcset="https://safirdemo.com/neva/wp-content/uploads//musluman-degilim-ama-namaz-kiliyorum-diyen-ivana-sert-tesetture-girdi-8-273x300.jpg 273w, https://safirdemo.com/neva/wp-content/uploads//musluman-degilim-ama-namaz-kiliyorum-diyen-ivana-sert-tesetture-girdi-8.jpg 508w" sizes="auto, (max-width: 273px) 100vw, 273px" /></a></p>
<p>Dünyanın ünlü markalarını Türkiye’ye getiren İvana Sert&#8217;in, Nişantaşı’nda mağazası bulunmaktadır. 2010’da jürisi olduğu Bugün Ne Giysem isimli yarışmayla popülerliği artan Sert, aynı zamanda 2011’de yayınlanmaya başlayan Yok Böyle Dans isimli programda yarışmacı olmuştur.</p>

<p>Dünyanın ünlü markalarını Türkiye’ye getiren İvana Sert&#8217;in, Nişantaşı’nda mağazası bulunmaktadır. 2010’da jürisi olduğu Bugün Ne Giysem isimli yarışmayla popülerliği artan Sert, aynı zamanda 2011’de yayınlanmaya başlayan Yok Böyle Dans isimli programda yarışmacı olmuştur.</p>
