{"id":467,"date":"2026-01-01T16:27:20","date_gmt":"2019-02-01T13:27:20","guid":{"rendered":"http:\/\/demo.safirtema.com\/neva\/wp-content\/uploads\/2019\/02\/musluman-degilim-ama-namaz-kiliyorum-diyen-ivana-sert-tesetture-girdi-9.jpg"},"modified":"2026-01-01T16:27:20","modified_gmt":"2026-01-01T13:27:20","slug":"musluman-degilim-ama-namaz-kiliyorum-diyen-ivana-sert-tesetture-girdi-12","status":"inherit","type":"attachment","link":"https:\/\/safirdemo.com\/neva\/ivana-sert-tesetture-girdi\/musluman-degilim-ama-namaz-kiliyorum-diyen-ivana-sert-tesetture-girdi-12\/","title":{"rendered":"M\u00fcsl\u00fcman de\u011filim ama namaz k\u0131l\u0131yorum diyen Ivana Sert tesett\u00fcre girdi"},"author":1,"featured_media":0,"comment_status":"open","ping_status":"closed","template":"","meta":[],"class_list":["post-467","attachment","type-attachment","status-inherit","hentry"],"description":{"rendered":"<p class=\"attachment\"><a href='https:\/\/safirdemo.com\/neva\/wp-content\/uploads\/\/musluman-degilim-ama-namaz-kiliyorum-diyen-ivana-sert-tesetture-girdi-9.jpg'><img loading=\"lazy\" decoding=\"async\" width=\"258\" height=\"300\" src=\"https:\/\/safirdemo.com\/neva\/wp-content\/uploads\/\/musluman-degilim-ama-namaz-kiliyorum-diyen-ivana-sert-tesetture-girdi-9-258x300.jpg\" class=\"attachment-medium size-medium\" alt=\"\" srcset=\"https:\/\/safirdemo.com\/neva\/wp-content\/uploads\/\/musluman-degilim-ama-namaz-kiliyorum-diyen-ivana-sert-tesetture-girdi-9-258x300.jpg 258w, https:\/\/safirdemo.com\/neva\/wp-content\/uploads\/\/musluman-degilim-ama-namaz-kiliyorum-diyen-ivana-sert-tesetture-girdi-9.jpg 504w\" sizes=\"auto, (max-width: 258px) 100vw, 258px\" \/><\/a><\/p>\n<p>\u00c7e\u015fitli reklamlarda ve dizilerde de rol alan \u0130vana Sert,  2012\u2019de Bizimlesin isimli bir kitap \u00e7\u0131karm\u0131\u015ft\u0131r.<\/p>\n"},"caption":{"rendered":"<p>\u00c7e\u015fitli reklamlarda ve dizilerde de rol alan \u0130vana Sert, 2012\u2019de Bizimlesin isimli bir kitap \u00e7\u0131karm\u0131\u015ft\u0131r.<\/p>\n"},"alt_text":"","media_type":"image","mime_type":"image\/jpeg","media_details":{"width":504,"height":587,"file":"\/musluman-degilim-ama-namaz-kiliyorum-diyen-ivana-sert-tesetture-girdi-9.jpg","sizes":{"thumbnail":{"file":"musluman-degilim-ama-namaz-kiliyorum-diyen-ivana-sert-tesetture-girdi-9-150x150.jpg","width":150,"height":150,"mime_type":"image\/png","source_url":"https:\/\/safirdemo.com\/neva\/wp-content\/uploads\/\/musluman-degilim-ama-namaz-kiliyorum-diyen-ivana-sert-tesetture-girdi-9-150x150.jpg"},"medium":{"file":"musluman-degilim-ama-namaz-kiliyorum-diyen-ivana-sert-tesetture-girdi-9-258x300.jpg","width":258,"height":300,"mime_type":"image\/png","source_url":"https:\/\/safirdemo.com\/neva\/wp-content\/uploads\/\/musluman-degilim-ama-namaz-kiliyorum-diyen-ivana-sert-tesetture-girdi-9-258x300.jpg"},"safirWide":{"file":"musluman-degilim-ama-namaz-kiliyorum-diyen-ivana-sert-tesetture-girdi-9-504x420.jpg","width":504,"height":420,"mime_type":"image\/png","source_url":"https:\/\/safirdemo.com\/neva\/wp-content\/uploads\/\/musluman-degilim-ama-namaz-kiliyorum-diyen-ivana-sert-tesetture-girdi-9-504x420.jpg"},"safirMiddle":{"file":"musluman-degilim-ama-namaz-kiliyorum-diyen-ivana-sert-tesetture-girdi-9-400x240.jpg","width":400,"height":240,"mime_type":"image\/png","source_url":"https:\/\/safirdemo.com\/neva\/wp-content\/uploads\/\/musluman-degilim-ama-namaz-kiliyorum-diyen-ivana-sert-tesetture-girdi-9-400x240.jpg"},"full":{"file":"musluman-degilim-ama-namaz-kiliyorum-diyen-ivana-sert-tesetture-girdi-9.jpg","width":504,"height":587,"mime_type":"image\/jpeg","source_url":"https:\/\/safirdemo.com\/neva\/wp-content\/uploads\/\/musluman-degilim-ama-namaz-kiliyorum-diyen-ivana-sert-tesetture-girdi-9.jpg"}},"image_meta":{"aperture":"0","credit":"","camera":"","caption":"","created_timestamp":"0","copyright":"","focal_length":"0","iso":"0","shutter_speed":"0","title":"","orientation":"0","keywords":[]}},"post":456,"source_url":"https:\/\/safirdemo.com\/neva\/wp-content\/uploads\/\/musluman-degilim-ama-namaz-kiliyorum-diyen-ivana-sert-tesetture-girdi-9.jpg","_links":{"self":[{"href":"https:\/\/safirdemo.com\/neva\/wp-json\/wp\/v2\/media\/467","targetHints":{"allow":["GET"]}}],"collection":[{"href":"https:\/\/safirdemo.com\/neva\/wp-json\/wp\/v2\/media"}],"about":[{"href":"https:\/\/safirdemo.com\/neva\/wp-json\/wp\/v2\/types\/attachment"}],"author":[{"embeddable":true,"href":"https:\/\/safirdemo.com\/neva\/wp-json\/wp\/v2\/users\/1"}],"replies":[{"embeddable":true,"href":"https:\/\/safirdemo.com\/neva\/wp-json\/wp\/v2\/comments?post=467"}],"wp:attached-to":[{"embeddable":true,"post_type":"post","id":456,"href":"https:\/\/safirdemo.com\/neva\/wp-json\/wp\/v2\/posts\/456"}],"curies":[{"name":"wp","href":"https:\/\/api.w.org\/{rel}","templated":true}]}}

Müslüman değilim ama namaz kılıyorum diyen Ivana Sert tesettüre girdi

<p class="attachment"><a href='https://safirdemo.com/neva/wp-content/uploads//musluman-degilim-ama-namaz-kiliyorum-diyen-ivana-sert-tesetture-girdi-9.jpg'><img loading="lazy" decoding="async" width="258" height="300" src="https://safirdemo.com/neva/wp-content/uploads//musluman-degilim-ama-namaz-kiliyorum-diyen-ivana-sert-tesetture-girdi-9-258x300.jpg" class="attachment-medium size-medium" alt="" srcset="https://safirdemo.com/neva/wp-content/uploads//musluman-degilim-ama-namaz-kiliyorum-diyen-ivana-sert-tesetture-girdi-9-258x300.jpg 258w, https://safirdemo.com/neva/wp-content/uploads//musluman-degilim-ama-namaz-kiliyorum-diyen-ivana-sert-tesetture-girdi-9.jpg 504w" sizes="auto, (max-width: 258px) 100vw, 258px" /></a></p>
<p>Çeşitli reklamlarda ve dizilerde de rol alan İvana Sert,  2012’de Bizimlesin isimli bir kitap çıkarmıştır.</p>

<p>Çeşitli reklamlarda ve dizilerde de rol alan İvana Sert, 2012’de Bizimlesin isimli bir kitap çıkarmıştır.</p>
