{"id":322,"date":"2026-02-03T18:47:18","date_gmt":"2026-02-03T15:47:18","guid":{"rendered":"http:\/\/demo.safirtema.com\/safirblog\/wp-content\/uploads\/2018\/05\/jetlag-sorunu-tarih-oluyor-0.jpg"},"modified":"2026-02-03T18:47:18","modified_gmt":"2026-02-03T15:47:18","slug":"jetlag-sorunu-tarih-oluyor-3","status":"inherit","type":"attachment","link":"https:\/\/safirdemo.com\/safirblog\/jetlag-sorunu-tarih-oluyor\/jetlag-sorunu-tarih-oluyor-3\/","title":{"rendered":"Jetlag sorunu tarih oluyor"},"author":1,"featured_media":0,"comment_status":"open","ping_status":"closed","template":"","meta":[],"class_list":["post-322","attachment","type-attachment","status-inherit","hentry"],"description":{"rendered":"<p class=\"attachment\"><a href='https:\/\/safirdemo.com\/safirblog\/wp-content\/uploads\/jetlag-sorunu-tarih-oluyor-0.jpg'><img loading=\"lazy\" decoding=\"async\" width=\"300\" height=\"183\" src=\"https:\/\/safirdemo.com\/safirblog\/wp-content\/uploads\/jetlag-sorunu-tarih-oluyor-0.jpg\" class=\"attachment-medium size-medium\" alt=\"\" \/><\/a><\/p>\n<p>Uzun u&ccedil;u\u015flarda s\u0131kl\u0131kla ya\u015fanan jetlag soruna &ccedil;&ouml;z&uuml;m arayan Boeing teknisyenleri, yeni &uuml;retilen A 787 Dreamliner&#8217;\u0131n, bile\u015fik g&ouml;vdesinde plastik ala\u015f\u0131ml\u0131 karbon fiber yerine al&uuml;minyum ala\u015f\u0131m kullan\u0131labilece\u011fini belirtiyor.<\/p>\n"},"caption":{"rendered":"<p>Uzun u&ccedil;u\u015flarda s\u0131kl\u0131kla ya\u015fanan jetlag soruna &ccedil;&ouml;z&uuml;m arayan Boeing teknisyenleri, yeni &uuml;retilen A 787 Dreamliner&#8217;\u0131n, bile\u015fik g&ouml;vdesinde plastik ala\u015f\u0131ml\u0131 karbon fiber yerine al&uuml;minyum ala\u015f\u0131m kullan\u0131labilece\u011fini belirtiyor.<\/p>\n"},"alt_text":"","media_type":"image","mime_type":"image\/jpeg","media_details":{"width":640,"height":391,"file":"jetlag-sorunu-tarih-oluyor-0.jpg","filesize":60113,"sizes":{},"image_meta":{"aperture":"0","credit":"","camera":"","caption":"","created_timestamp":"0","copyright":"","focal_length":"0","iso":"0","shutter_speed":"0","title":"","orientation":"0","keywords":[]}},"post":320,"source_url":"https:\/\/safirdemo.com\/safirblog\/wp-content\/uploads\/jetlag-sorunu-tarih-oluyor-0.jpg","_links":{"self":[{"href":"https:\/\/safirdemo.com\/safirblog\/wp-json\/wp\/v2\/media\/322","targetHints":{"allow":["GET"]}}],"collection":[{"href":"https:\/\/safirdemo.com\/safirblog\/wp-json\/wp\/v2\/media"}],"about":[{"href":"https:\/\/safirdemo.com\/safirblog\/wp-json\/wp\/v2\/types\/attachment"}],"author":[{"embeddable":true,"href":"https:\/\/safirdemo.com\/safirblog\/wp-json\/wp\/v2\/users\/1"}],"replies":[{"embeddable":true,"href":"https:\/\/safirdemo.com\/safirblog\/wp-json\/wp\/v2\/comments?post=322"}],"wp:attached-to":[{"embeddable":true,"post_type":"post","id":320,"href":"https:\/\/safirdemo.com\/safirblog\/wp-json\/wp\/v2\/posts\/320"}],"curies":[{"name":"wp","href":"https:\/\/api.w.org\/{rel}","templated":true}]}}

<p class="attachment"><a href='https://safirdemo.com/safirblog/wp-content/uploads/jetlag-sorunu-tarih-oluyor-0.jpg'><img loading="lazy" decoding="async" width="300" height="183" src="https://safirdemo.com/safirblog/wp-content/uploads/jetlag-sorunu-tarih-oluyor-0.jpg" class="attachment-medium size-medium" alt="" /></a></p>
<p>Uzun u&ccedil;uşlarda sıklıkla yaşanan jetlag soruna &ccedil;&ouml;z&uuml;m arayan Boeing teknisyenleri, yeni &uuml;retilen A 787 Dreamliner&#8217;ın, bileşik g&ouml;vdesinde plastik alaşımlı karbon fiber yerine al&uuml;minyum alaşım kullanılabileceğini belirtiyor.</p>

<p>Uzun u&ccedil;uşlarda sıklıkla yaşanan jetlag soruna &ccedil;&ouml;z&uuml;m arayan Boeing teknisyenleri, yeni &uuml;retilen A 787 Dreamliner&#8217;ın, bileşik g&ouml;vdesinde plastik alaşımlı karbon fiber yerine al&uuml;minyum alaşım kullanılabileceğini belirtiyor.</p>
