{"id":651,"date":"2026-02-26T17:38:53","date_gmt":"2026-02-26T17:38:53","guid":{"rendered":"https:\/\/safirdemo.com\/safirkurumsal\/?page_id=651"},"modified":"2026-02-26T17:38:53","modified_gmt":"2026-02-26T17:38:53","slug":"tema-ikonlari","status":"publish","type":"page","link":"https:\/\/safirdemo.com\/safirkurumsal\/tema-ikonlari\/","title":{"rendered":"Tema \u0130konlar\u0131"},"content":{"rendered":"<p>Bu sayfada temaya ait varsay\u0131lan ikonlar\u0131 g\u00f6rmektesiniz. Temadaki <strong>icons<\/strong> klas\u00f6r\u00fcne kendi ikonlar\u0131n\u0131z\u0131 kolayca ekleyerek sistemde g\u00f6r\u00fcnmesini sa\u011flayabilirsiniz.<\/p>\n\n\t\t<div class=\"themeIcons\">\n\t\t\t\t\t\t<div class=\"item found \" data-icon=\"alinti\" >\n\t\t\t\t<span class=\"safiricon icon\"><svg class=\"safiricon-alinti\"><use href=\"#safiricon-alinti\"><\/use><\/svg><\/span>\t\t\t<\/div>\n\t\t\t\t\t\t<div class=\"item found \" data-icon=\"ampul\" >\n\t\t\t\t<span class=\"safiricon icon\"><svg class=\"safiricon-ampul\"><use href=\"#safiricon-ampul\"><\/use><\/svg><\/span>\t\t\t<\/div>\n\t\t\t\t\t\t<div class=\"item found \" data-icon=\"anlasma\" >\n\t\t\t\t<span class=\"safiricon icon\"><svg class=\"safiricon-anlasma\"><use href=\"#safiricon-anlasma\"><\/use><\/svg><\/span>\t\t\t<\/div>\n\t\t\t\t\t\t<div class=\"item found \" data-icon=\"arti\" >\n\t\t\t\t<span class=\"safiricon icon\"><svg class=\"safiricon-arti\"><use href=\"#safiricon-arti\"><\/use><\/svg><\/span>\t\t\t<\/div>\n\t\t\t\t\t\t<div class=\"item found \" data-icon=\"atisareti\" >\n\t\t\t\t<span class=\"safiricon icon\"><svg class=\"safiricon-atisareti\"><use href=\"#safiricon-atisareti\"><\/use><\/svg><\/span>\t\t\t<\/div>\n\t\t\t\t\t\t<div class=\"item found \" data-icon=\"bilgi\" >\n\t\t\t\t<span class=\"safiricon icon\"><svg class=\"safiricon-bilgi\"><use href=\"#safiricon-bilgi\"><\/use><\/svg><\/span>\t\t\t<\/div>\n\t\t\t\t\t\t<div class=\"item found \" data-icon=\"bina\" >\n\t\t\t\t<span class=\"safiricon icon\"><svg class=\"safiricon-bina\"><use href=\"#safiricon-bina\"><\/use><\/svg><\/span>\t\t\t<\/div>\n\t\t\t\t\t\t<div class=\"item found \" data-icon=\"buyutec\" >\n\t\t\t\t<span class=\"safiricon icon\"><svg class=\"safiricon-buyutec\"><use href=\"#safiricon-buyutec\"><\/use><\/svg><\/span>\t\t\t<\/div>\n\t\t\t\t\t\t<div class=\"item found \" data-icon=\"canta\" >\n\t\t\t\t<span class=\"safiricon icon\"><svg class=\"safiricon-canta\"><use href=\"#safiricon-canta\"><\/use><\/svg><\/span>\t\t\t<\/div>\n\t\t\t\t\t\t<div class=\"item found \" data-icon=\"cep\" >\n\t\t\t\t<span class=\"safiricon icon\"><svg class=\"safiricon-cep\"><use href=\"#safiricon-cep\"><\/use><\/svg><\/span>\t\t\t<\/div>\n\t\t\t\t\t\t<div class=\"item found \" data-icon=\"cuzdan\" >\n\t\t\t\t<span class=\"safiricon icon\"><svg class=\"safiricon-cuzdan\"><use href=\"#safiricon-cuzdan\"><\/use><\/svg><\/span>\t\t\t<\/div>\n\t\t\t\t\t\t<div class=\"item found \" data-icon=\"daire\" >\n\t\t\t\t<span class=\"safiricon icon\"><svg class=\"safiricon-daire\"><use href=\"#safiricon-daire\"><\/use><\/svg><\/span>\t\t\t<\/div>\n\t\t\t\t\t\t<div class=\"item found \" data-icon=\"destek\" >\n\t\t\t\t<span class=\"safiricon icon\"><svg class=\"safiricon-destek\"><use href=\"#safiricon-destek\"><\/use><\/svg><\/span>\t\t\t<\/div>\n\t\t\t\t\t\t<div class=\"item found \" data-icon=\"dunya\" >\n\t\t\t\t<span class=\"safiricon icon\"><svg class=\"safiricon-dunya\"><use href=\"#safiricon-dunya\"><\/use><\/svg><\/span>\t\t\t<\/div>\n\t\t\t\t\t\t<div class=\"item found \" data-icon=\"duyuru\" >\n\t\t\t\t<span class=\"safiricon icon\"><svg class=\"safiricon-duyuru\"><use href=\"#safiricon-duyuru\"><\/use><\/svg><\/span>\t\t\t<\/div>\n\t\t\t\t\t\t<div class=\"item found \" data-icon=\"ekip\" >\n\t\t\t\t<span class=\"safiricon icon\"><svg class=\"safiricon-ekip\"><use href=\"#safiricon-ekip\"><\/use><\/svg><\/span>\t\t\t<\/div>\n\t\t\t\t\t\t<div class=\"item found \" data-icon=\"elmas\" >\n\t\t\t\t<span class=\"safiricon icon\"><svg class=\"safiricon-elmas\"><use href=\"#safiricon-elmas\"><\/use><\/svg><\/span>\t\t\t<\/div>\n\t\t\t\t\t\t<div class=\"item found \" data-icon=\"ev\" >\n\t\t\t\t<span class=\"safiricon icon\"><svg class=\"safiricon-ev\"><use href=\"#safiricon-ev\"><\/use><\/svg><\/span>\t\t\t<\/div>\n\t\t\t\t\t\t<div class=\"item found \" data-icon=\"foto\" >\n\t\t\t\t<span class=\"safiricon icon\"><svg class=\"safiricon-foto\"><use href=\"#safiricon-foto\"><\/use><\/svg><\/span>\t\t\t<\/div>\n\t\t\t\t\t\t<div class=\"item found \" data-icon=\"gazete\" >\n\t\t\t\t<span class=\"safiricon icon\"><svg class=\"safiricon-gazete\"><use href=\"#safiricon-gazete\"><\/use><\/svg><\/span>\t\t\t<\/div>\n\t\t\t\t\t\t<div class=\"item found \" data-icon=\"gulenyuz\" >\n\t\t\t\t<span class=\"safiricon icon\"><svg class=\"safiricon-gulenyuz\"><use href=\"#safiricon-gulenyuz\"><\/use><\/svg><\/span>\t\t\t<\/div>\n\t\t\t\t\t\t<div class=\"item found \" data-icon=\"harita\" >\n\t\t\t\t<span class=\"safiricon icon\"><svg class=\"safiricon-harita\"><use href=\"#safiricon-harita\"><\/use><\/svg><\/span>\t\t\t<\/div>\n\t\t\t\t\t\t<div class=\"item found \" data-icon=\"hesap\" >\n\t\t\t\t<span class=\"safiricon icon\"><svg class=\"safiricon-hesap\"><use href=\"#safiricon-hesap\"><\/use><\/svg><\/span>\t\t\t<\/div>\n\t\t\t\t\t\t<div class=\"item found \" data-icon=\"iletisim\" >\n\t\t\t\t<span class=\"safiricon icon\"><svg class=\"safiricon-iletisim\"><use href=\"#safiricon-iletisim\"><\/use><\/svg><\/span>\t\t\t<\/div>\n\t\t\t\t\t\t<div class=\"item found \" data-icon=\"istatistik\" >\n\t\t\t\t<span class=\"safiricon icon\"><svg class=\"safiricon-istatistik\"><use href=\"#safiricon-istatistik\"><\/use><\/svg><\/span>\t\t\t<\/div>\n\t\t\t\t\t\t<div class=\"item found \" data-icon=\"kalem\" >\n\t\t\t\t<span class=\"safiricon icon\"><svg class=\"safiricon-kalem\"><use href=\"#safiricon-kalem\"><\/use><\/svg><\/span>\t\t\t<\/div>\n\t\t\t\t\t\t<div class=\"item found \" data-icon=\"kalp\" >\n\t\t\t\t<span class=\"safiricon icon\"><svg class=\"safiricon-kalp\"><use href=\"#safiricon-kalp\"><\/use><\/svg><\/span>\t\t\t<\/div>\n\t\t\t\t\t\t<div class=\"item found \" data-icon=\"kampanya\" >\n\t\t\t\t<span class=\"safiricon icon\"><svg class=\"safiricon-kampanya\"><use href=\"#safiricon-kampanya\"><\/use><\/svg><\/span>\t\t\t<\/div>\n\t\t\t\t\t\t<div class=\"item found \" data-icon=\"klasor\" >\n\t\t\t\t<span class=\"safiricon icon\"><svg class=\"safiricon-klasor\"><use href=\"#safiricon-klasor\"><\/use><\/svg><\/span>\t\t\t<\/div>\n\t\t\t\t\t\t<div class=\"item found \" data-icon=\"kullanici\" >\n\t\t\t\t<span class=\"safiricon icon\"><svg class=\"safiricon-kullanici\"><use href=\"#safiricon-kullanici\"><\/use><\/svg><\/span>\t\t\t<\/div>\n\t\t\t\t\t\t<div class=\"item found \" data-icon=\"kurumsal\" >\n\t\t\t\t<span class=\"safiricon icon\"><svg class=\"safiricon-kurumsal\"><use href=\"#safiricon-kurumsal\"><\/use><\/svg><\/span>\t\t\t<\/div>\n\t\t\t\t\t\t<div class=\"item found \" data-icon=\"liste\" >\n\t\t\t\t<span class=\"safiricon icon\"><svg class=\"safiricon-liste\"><use href=\"#safiricon-liste\"><\/use><\/svg><\/span>\t\t\t<\/div>\n\t\t\t\t\t\t<div class=\"item found \" data-icon=\"mercek\" >\n\t\t\t\t<span class=\"safiricon icon\"><svg class=\"safiricon-mercek\"><use href=\"#safiricon-mercek\"><\/use><\/svg><\/span>\t\t\t<\/div>\n\t\t\t\t\t\t<div class=\"item found \" data-icon=\"mesaj\" >\n\t\t\t\t<span class=\"safiricon icon\"><svg class=\"safiricon-mesaj\"><use href=\"#safiricon-mesaj\"><\/use><\/svg><\/span>\t\t\t<\/div>\n\t\t\t\t\t\t<div class=\"item found \" data-icon=\"monitor\" >\n\t\t\t\t<span class=\"safiricon icon\"><svg class=\"safiricon-monitor\"><use href=\"#safiricon-monitor\"><\/use><\/svg><\/span>\t\t\t<\/div>\n\t\t\t\t\t\t<div class=\"item found \" data-icon=\"mouse\" >\n\t\t\t\t<span class=\"safiricon icon\"><svg class=\"safiricon-mouse\"><use href=\"#safiricon-mouse\"><\/use><\/svg><\/span>\t\t\t<\/div>\n\t\t\t\t\t\t<div class=\"item found \" data-icon=\"nakliye\" >\n\t\t\t\t<span class=\"safiricon icon\"><svg class=\"safiricon-nakliye\"><use href=\"#safiricon-nakliye\"><\/use><\/svg><\/span>\t\t\t<\/div>\n\t\t\t\t\t\t<div class=\"item found \" data-icon=\"odul\" >\n\t\t\t\t<span class=\"safiricon icon\"><svg class=\"safiricon-odul\"><use href=\"#safiricon-odul\"><\/use><\/svg><\/span>\t\t\t<\/div>\n\t\t\t\t\t\t<div class=\"item found \" data-icon=\"ok\" >\n\t\t\t\t<span class=\"safiricon icon\"><svg class=\"safiricon-ok\"><use href=\"#safiricon-ok\"><\/use><\/svg><\/span>\t\t\t<\/div>\n\t\t\t\t\t\t<div class=\"item found \" data-icon=\"ok2\" >\n\t\t\t\t<span class=\"safiricon icon\"><svg class=\"safiricon-ok2\"><use href=\"#safiricon-ok2\"><\/use><\/svg><\/span>\t\t\t<\/div>\n\t\t\t\t\t\t<div class=\"item found \" data-icon=\"ozellik\" >\n\t\t\t\t<span class=\"safiricon icon\"><svg class=\"safiricon-ozellik\"><use href=\"#safiricon-ozellik\"><\/use><\/svg><\/span>\t\t\t<\/div>\n\t\t\t\t\t\t<div class=\"item found \" data-icon=\"para\" >\n\t\t\t\t<span class=\"safiricon icon\"><svg class=\"safiricon-para\"><use href=\"#safiricon-para\"><\/use><\/svg><\/span>\t\t\t<\/div>\n\t\t\t\t\t\t<div class=\"item found \" data-icon=\"pdf\" >\n\t\t\t\t<span class=\"safiricon icon\"><svg class=\"safiricon-pdf\"><use href=\"#safiricon-pdf\"><\/use><\/svg><\/span>\t\t\t<\/div>\n\t\t\t\t\t\t<div class=\"item found \" data-icon=\"proje\" >\n\t\t\t\t<span class=\"safiricon icon\"><svg class=\"safiricon-proje\"><use href=\"#safiricon-proje\"><\/use><\/svg><\/span>\t\t\t<\/div>\n\t\t\t\t\t\t<div class=\"item found \" data-icon=\"rakam1\" >\n\t\t\t\t<span class=\"safiricon icon\"><svg class=\"safiricon-rakam1\"><use href=\"#safiricon-rakam1\"><\/use><\/svg><\/span>\t\t\t<\/div>\n\t\t\t\t\t\t<div class=\"item found \" data-icon=\"rakam2\" >\n\t\t\t\t<span class=\"safiricon icon\"><svg class=\"safiricon-rakam2\"><use href=\"#safiricon-rakam2\"><\/use><\/svg><\/span>\t\t\t<\/div>\n\t\t\t\t\t\t<div class=\"item found \" data-icon=\"rakam3\" >\n\t\t\t\t<span class=\"safiricon icon\"><svg class=\"safiricon-rakam3\"><use href=\"#safiricon-rakam3\"><\/use><\/svg><\/span>\t\t\t<\/div>\n\t\t\t\t\t\t<div class=\"item found \" data-icon=\"rakam4\" >\n\t\t\t\t<span class=\"safiricon icon\"><svg class=\"safiricon-rakam4\"><use href=\"#safiricon-rakam4\"><\/use><\/svg><\/span>\t\t\t<\/div>\n\t\t\t\t\t\t<div class=\"item found \" data-icon=\"rakam5\" >\n\t\t\t\t<span class=\"safiricon icon\"><svg class=\"safiricon-rakam5\"><use href=\"#safiricon-rakam5\"><\/use><\/svg><\/span>\t\t\t<\/div>\n\t\t\t\t\t\t<div class=\"item found \" data-icon=\"rakam6\" >\n\t\t\t\t<span class=\"safiricon icon\"><svg class=\"safiricon-rakam6\"><use href=\"#safiricon-rakam6\"><\/use><\/svg><\/span>\t\t\t<\/div>\n\t\t\t\t\t\t<div class=\"item found \" data-icon=\"rakam7\" >\n\t\t\t\t<span class=\"safiricon icon\"><svg class=\"safiricon-rakam7\"><use href=\"#safiricon-rakam7\"><\/use><\/svg><\/span>\t\t\t<\/div>\n\t\t\t\t\t\t<div class=\"item found \" data-icon=\"rakam8\" >\n\t\t\t\t<span class=\"safiricon icon\"><svg class=\"safiricon-rakam8\"><use href=\"#safiricon-rakam8\"><\/use><\/svg><\/span>\t\t\t<\/div>\n\t\t\t\t\t\t<div class=\"item found \" data-icon=\"rakam9\" >\n\t\t\t\t<span class=\"safiricon icon\"><svg class=\"safiricon-rakam9\"><use href=\"#safiricon-rakam9\"><\/use><\/svg><\/span>\t\t\t<\/div>\n\t\t\t\t\t\t<div class=\"item found \" data-icon=\"referans\" >\n\t\t\t\t<span class=\"safiricon icon\"><svg class=\"safiricon-referans\"><use href=\"#safiricon-referans\"><\/use><\/svg><\/span>\t\t\t<\/div>\n\t\t\t\t\t\t<div class=\"item found \" data-icon=\"saat\" >\n\t\t\t\t<span class=\"safiricon icon\"><svg class=\"safiricon-saat\"><use href=\"#safiricon-saat\"><\/use><\/svg><\/span>\t\t\t<\/div>\n\t\t\t\t\t\t<div class=\"item found \" data-icon=\"sayfa\" >\n\t\t\t\t<span class=\"safiricon icon\"><svg class=\"safiricon-sayfa\"><use href=\"#safiricon-sayfa\"><\/use><\/svg><\/span>\t\t\t<\/div>\n\t\t\t\t\t\t<div class=\"item found \" data-icon=\"sepet\" >\n\t\t\t\t<span class=\"safiricon icon\"><svg class=\"safiricon-sepet\"><use href=\"#safiricon-sepet\"><\/use><\/svg><\/span>\t\t\t<\/div>\n\t\t\t\t\t\t<div class=\"item found \" data-icon=\"soru\" >\n\t\t\t\t<span class=\"safiricon icon\"><svg class=\"safiricon-soru\"><use href=\"#safiricon-soru\"><\/use><\/svg><\/span>\t\t\t<\/div>\n\t\t\t\t\t\t<div class=\"item found \" data-icon=\"takvim\" >\n\t\t\t\t<span class=\"safiricon icon\"><svg class=\"safiricon-takvim\"><use href=\"#safiricon-takvim\"><\/use><\/svg><\/span>\t\t\t<\/div>\n\t\t\t\t\t\t<div class=\"item found \" data-icon=\"tamir\" >\n\t\t\t\t<span class=\"safiricon icon\"><svg class=\"safiricon-tamir\"><use href=\"#safiricon-tamir\"><\/use><\/svg><\/span>\t\t\t<\/div>\n\t\t\t\t\t\t<div class=\"item found \" data-icon=\"telefon\" >\n\t\t\t\t<span class=\"safiricon icon\"><svg class=\"safiricon-telefon\"><use href=\"#safiricon-telefon\"><\/use><\/svg><\/span>\t\t\t<\/div>\n\t\t\t\t\t\t<div class=\"item found \" data-icon=\"urun\" >\n\t\t\t\t<span class=\"safiricon icon\"><svg class=\"safiricon-urun\"><use href=\"#safiricon-urun\"><\/use><\/svg><\/span>\t\t\t<\/div>\n\t\t\t\t\t\t<div class=\"item found \" data-icon=\"video\" >\n\t\t\t\t<span class=\"safiricon icon\"><svg class=\"safiricon-video\"><use href=\"#safiricon-video\"><\/use><\/svg><\/span>\t\t\t<\/div>\n\t\t\t\t\t\t<div class=\"item found \" data-icon=\"whatsapp\" >\n\t\t\t\t<span class=\"safiricon icon\"><svg class=\"safiricon-whatsapp\"><use href=\"#safiricon-whatsapp\"><\/use><\/svg><\/span>\t\t\t<\/div>\n\t\t\t\t\t\t<div class=\"item found \" data-icon=\"yildiz\" >\n\t\t\t\t<span class=\"safiricon icon\"><svg class=\"safiricon-yildiz\"><use href=\"#safiricon-yildiz\"><\/use><\/svg><\/span>\t\t\t<\/div>\n\t\t\t\t\t\t<div class=\"item found \" data-icon=\"yorum\" >\n\t\t\t\t<span class=\"safiricon icon\"><svg class=\"safiricon-yorum\"><use href=\"#safiricon-yorum\"><\/use><\/svg><\/span>\t\t\t<\/div>\n\t\t\t\t\t\t<div class=\"item found \" data-icon=\"yorumyaz\" >\n\t\t\t\t<span class=\"safiricon icon\"><svg class=\"safiricon-yorumyaz\"><use href=\"#safiricon-yorumyaz\"><\/use><\/svg><\/span>\t\t\t<\/div>\n\t\t\t\t\t<\/div>\n\t\t<style>\n\t\t\t.themeIcons {\n\t\t\t\t&, .iconGroup {\n\t\t\t\t\tdisplay: grid;\n\t\t\t\t\tgrid-template-columns:repeat(auto-fill, minmax(90px, 1fr));\n\t\t\t\t\tgap: 30px;\n\t\t\t\t}\n\t\t\t\t.item {\n\t\t\t\t\tspan.icon {\n\t\t\t\t\t\tdisplay: block;\n\t\t\t\t\t\ttext-align: center;\n\t\t\t\t\t\tbackground:#f8f8f8;\n\t\t\t\t\t\tborder-radius: 6px;\n\t\t\t\t\t\tpadding: 20px\n\t\t\t\t\t}\n\t\t\t\t\t.title {\n\t\t\t\t\t\tfont-size: 15px;\n\t\t\t\t\t\ttext-align: center;\n\t\t\t\t\t\tmargin-top: 5px;\n\t\t\t\t\t}\n\t\t\t\t}\n\t\t\t\t.icon svg {\n\t\t\t\t\tmargin: 0 auto;\n\t\t\t\t\twidth: 30px;\n\t\t\t\t\theight: 30px;\n\t\t\t\t\tfill: var(--c1);\n\t\t\t\t}\n\t\t\t\t.iconGroup {\n\t\t\t\t\tgrid-column: 1 \/ -1;\n\t\t\t\t}\n\t\t\t\t.section-title {\n\t\t\t\t\tgrid-column: 1 \/ -1;\n\t\t\t\t\tborder-left: 3px solid #ddd;\n\t\t\t\t\ttext-align: left;\n\t\t\t\t\tpadding: 10px;\n\t\t\t\t\tfont-weight: 600;\n\t\t\t\t\ttext-transform: uppercase;\n\t\t\t\t\tbackground: #fafafa;\n\t\t\t\t\tdisplay: block;\n\t\t\t\t}\n\t\t\t}\n\t\t<\/style>\n\t\t<script>\n\t\t\tconst getLastPart = text => text.split(\"--\").pop();\n\t\t\tconst icons = document.querySelectorAll(\".themeIcons .item\");\n\t\t\tfor (let icon of icons) {\n\t\t\t\tconst titleDiv = document.createElement(\"div\");\n\t\t\t\ttitleDiv.classList.add(\"title\");\n\t\t\t\ttitleDiv.innerHTML = getLastPart(icon.getAttribute(\"data-icon\"));\n\t\t\t\ticon.appendChild(titleDiv);\n\t\t\t}\n\t\t<\/script>\n\t\t","protected":false},"excerpt":{"rendered":"<p>Bu sayfada temaya ait varsay\u0131lan ikonlar\u0131 g\u00f6rmektesiniz. Temadaki icons klas\u00f6r\u00fcne kendi ikonlar\u0131n\u0131z\u0131 kolayca ekleyerek sistemde g\u00f6r\u00fcnmesini sa\u011flayabilirsiniz.<\/p>\n","protected":false},"author":1,"featured_media":0,"parent":0,"menu_order":0,"comment_status":"closed","ping_status":"closed","template":"","meta":{"footnotes":""},"class_list":["post-651","page","type-page","status-publish","hentry"],"_links":{"self":[{"href":"https:\/\/safirdemo.com\/safirkurumsal\/wp-json\/wp\/v2\/pages\/651","targetHints":{"allow":["GET"]}}],"collection":[{"href":"https:\/\/safirdemo.com\/safirkurumsal\/wp-json\/wp\/v2\/pages"}],"about":[{"href":"https:\/\/safirdemo.com\/safirkurumsal\/wp-json\/wp\/v2\/types\/page"}],"author":[{"embeddable":true,"href":"https:\/\/safirdemo.com\/safirkurumsal\/wp-json\/wp\/v2\/users\/1"}],"replies":[{"embeddable":true,"href":"https:\/\/safirdemo.com\/safirkurumsal\/wp-json\/wp\/v2\/comments?post=651"}],"version-history":[{"count":1,"href":"https:\/\/safirdemo.com\/safirkurumsal\/wp-json\/wp\/v2\/pages\/651\/revisions"}],"predecessor-version":[{"id":652,"href":"https:\/\/safirdemo.com\/safirkurumsal\/wp-json\/wp\/v2\/pages\/651\/revisions\/652"}],"wp:attachment":[{"href":"https:\/\/safirdemo.com\/safirkurumsal\/wp-json\/wp\/v2\/media?parent=651"}],"curies":[{"name":"wp","href":"https:\/\/api.w.org\/{rel}","templated":true}]}}