{"id":266,"date":"2026-02-28T21:12:39","date_gmt":"2026-01-28T18:12:39","guid":{"rendered":"http:\/\/demo.safirtema.com\/safirvideo\/?page_id=266"},"modified":"2026-02-28T21:56:13","modified_gmt":"2026-02-28T18:56:13","slug":"uyelik","status":"publish","type":"page","link":"https:\/\/safirdemo.com\/safirvideo\/uyelik\/","title":{"rendered":"\u00dcyelik"},"content":{"rendered":"<p>Bile\u015fen destekli bu sayfay\u0131 istedi\u011finiz ama\u00e7la kullanabilirsiniz. \u00d6rne\u011fin geli\u015fmi\u015f yaz\u0131lar bile\u015fenini ekleyerek bu ay\u0131n en pop\u00fcler videolar\u0131 tarz\u0131nda bir sayfa yapabilmeniz m\u00fcmk\u00fcn. Demoda bu sayfa \u00fcyelik sayfas\u0131 olarak kullan\u0131lmaktad\u0131r.<\/p>\n","protected":false},"excerpt":{"rendered":"<p>Bile\u015fen destekli bu sayfay\u0131 istedi\u011finiz ama\u00e7la kullanabilirsiniz. \u00d6rne\u011fin geli\u015fmi\u015f yaz\u0131lar bile\u015fenini ekleyerek bu ay\u0131n en pop\u00fcler videolar\u0131 tarz\u0131nda bir sayfa yapabilmeniz m\u00fcmk\u00fcn. Demoda bu sayfa \u00fcyelik sayfas\u0131 olarak kullan\u0131lmaktad\u0131r.<\/p>\n","protected":false},"author":1,"featured_media":0,"parent":0,"menu_order":0,"comment_status":"closed","ping_status":"closed","template":"pages\/page-widget.php","meta":{"footnotes":""},"class_list":["post-266","page","type-page","status-publish","hentry"],"_links":{"self":[{"href":"https:\/\/safirdemo.com\/safirvideo\/wp-json\/wp\/v2\/pages\/266","targetHints":{"allow":["GET"]}}],"collection":[{"href":"https:\/\/safirdemo.com\/safirvideo\/wp-json\/wp\/v2\/pages"}],"about":[{"href":"https:\/\/safirdemo.com\/safirvideo\/wp-json\/wp\/v2\/types\/page"}],"author":[{"embeddable":true,"href":"https:\/\/safirdemo.com\/safirvideo\/wp-json\/wp\/v2\/users\/1"}],"replies":[{"embeddable":true,"href":"https:\/\/safirdemo.com\/safirvideo\/wp-json\/wp\/v2\/comments?post=266"}],"version-history":[{"count":2,"href":"https:\/\/safirdemo.com\/safirvideo\/wp-json\/wp\/v2\/pages\/266\/revisions"}],"predecessor-version":[{"id":289,"href":"https:\/\/safirdemo.com\/safirvideo\/wp-json\/wp\/v2\/pages\/266\/revisions\/289"}],"wp:attachment":[{"href":"https:\/\/safirdemo.com\/safirvideo\/wp-json\/wp\/v2\/media?parent=266"}],"curies":[{"name":"wp","href":"https:\/\/api.w.org\/{rel}","templated":true}]}}