{"id":1990,"date":"2026-02-14T20:01:44","date_gmt":"2026-02-14T17:01:44","guid":{"rendered":"http:\/\/demo.safirtema.com\/webportalv2\/?attachment_id=1990"},"modified":"2026-02-14T20:01:44","modified_gmt":"2026-02-14T17:01:44","slug":"yirtmacli-elbise-modelleri-6","status":"inherit","type":"attachment","link":"https:\/\/safirdemo.com\/safirwebportal\/yirtmacli-elbise-modelleri\/yirtmacli-elbise-modelleri-6\/","title":{"rendered":"Y\u0131rtma\u00e7l\u0131 elbise modelleri"},"author":1,"featured_media":0,"comment_status":"open","ping_status":"open","template":"","meta":[],"class_list":["post-1990","attachment","type-attachment","status-inherit","hentry"],"description":{"rendered":"<p class=\"attachment\"><a href='https:\/\/safirdemo.com\/safirwebportal\/wp-content\/uploads\/yirtmacli-elbise-modelleri-5.jpg'><img loading=\"lazy\" decoding=\"async\" width=\"300\" height=\"225\" src=\"https:\/\/safirdemo.com\/safirwebportal\/wp-content\/uploads\/yirtmacli-elbise-modelleri-5.jpg\" class=\"attachment-medium size-medium\" alt=\"\" \/><\/a><\/p>\n"},"caption":{"rendered":""},"alt_text":"","media_type":"image","mime_type":"image\/jpeg","media_details":{"width":500,"height":375,"file":"yirtmacli-elbise-modelleri-5.jpg","filesize":45527,"sizes":{},"image_meta":{"aperture":"0","credit":"","camera":"","caption":"","created_timestamp":"0","copyright":"","focal_length":"0","iso":"0","shutter_speed":"0","title":"","orientation":"0","keywords":[]}},"post":1985,"source_url":"https:\/\/safirdemo.com\/safirwebportal\/wp-content\/uploads\/yirtmacli-elbise-modelleri-5.jpg","_links":{"self":[{"href":"https:\/\/safirdemo.com\/safirwebportal\/wp-json\/wp\/v2\/media\/1990","targetHints":{"allow":["GET"]}}],"collection":[{"href":"https:\/\/safirdemo.com\/safirwebportal\/wp-json\/wp\/v2\/media"}],"about":[{"href":"https:\/\/safirdemo.com\/safirwebportal\/wp-json\/wp\/v2\/types\/attachment"}],"author":[{"embeddable":true,"href":"https:\/\/safirdemo.com\/safirwebportal\/wp-json\/wp\/v2\/users\/1"}],"replies":[{"embeddable":true,"href":"https:\/\/safirdemo.com\/safirwebportal\/wp-json\/wp\/v2\/comments?post=1990"}],"wp:attached-to":[{"embeddable":true,"post_type":"post","id":1985,"href":"https:\/\/safirdemo.com\/safirwebportal\/wp-json\/wp\/v2\/posts\/1985"}],"curies":[{"name":"wp","href":"https:\/\/api.w.org\/{rel}","templated":true}]}}

Yırtmaçlı elbise modelleri
