{"id":331,"date":"2026-02-14T18:15:29","date_gmt":"2026-02-14T15:15:29","guid":{"rendered":"http:\/\/demo.safirtema.com\/webportalv2\/?attachment_id=331"},"modified":"2026-02-14T18:15:29","modified_gmt":"2026-02-14T15:15:29","slug":"dizel-mi-benzinli-mi-tercih-edersiniz-7","status":"inherit","type":"attachment","link":"https:\/\/safirdemo.com\/safirwebportal\/dizel-mi-benzinli-mi-tercih-edersiniz\/dizel-mi-benzinli-mi-tercih-edersiniz-7\/","title":{"rendered":"Dizel mi benzinli mi tercih edersiniz?"},"author":1,"featured_media":0,"comment_status":"open","ping_status":"open","template":"","meta":[],"class_list":["post-331","attachment","type-attachment","status-inherit","hentry"],"description":{"rendered":"<p class=\"attachment\"><a href='https:\/\/safirdemo.com\/safirwebportal\/wp-content\/uploads\/dizel-mi-benzinli-mi-tercih-edersiniz-6.jpg'><img loading=\"lazy\" decoding=\"async\" width=\"300\" height=\"145\" src=\"https:\/\/safirdemo.com\/safirwebportal\/wp-content\/uploads\/dizel-mi-benzinli-mi-tercih-edersiniz-6.jpg\" class=\"attachment-medium size-medium\" alt=\"\" \/><\/a><\/p>\n<p>Almanya\u2019da, modele ba\u011fl\u0131 olarak, dizelle \u00e7al\u0131\u015fan bir otomobil y\u0131lda 15 bin kilometrenin \u00fczerinde yol kat edildi\u011fi takdirde yap\u0131lan fazladan yat\u0131r\u0131m\u0131n kar\u015f\u0131l\u0131\u011f\u0131n\u0131 veriyor.<\/p>\n"},"caption":{"rendered":"<p>Almanya\u2019da, modele ba\u011fl\u0131 olarak, dizelle \u00e7al\u0131\u015fan bir otomobil y\u0131lda 15 bin kilometrenin \u00fczerinde yol kat edildi\u011fi takdirde yap\u0131lan fazladan yat\u0131r\u0131m\u0131n kar\u015f\u0131l\u0131\u011f\u0131n\u0131 veriyor.<\/p>\n"},"alt_text":"","media_type":"image","mime_type":"image\/jpeg","media_details":{"width":600,"height":290,"file":"dizel-mi-benzinli-mi-tercih-edersiniz-6.jpg","filesize":82534,"sizes":{},"image_meta":{"aperture":"0","credit":"","camera":"","caption":"","created_timestamp":"0","copyright":"","focal_length":"0","iso":"0","shutter_speed":"0","title":"","orientation":"0","keywords":[]}},"post":325,"source_url":"https:\/\/safirdemo.com\/safirwebportal\/wp-content\/uploads\/dizel-mi-benzinli-mi-tercih-edersiniz-6.jpg","_links":{"self":[{"href":"https:\/\/safirdemo.com\/safirwebportal\/wp-json\/wp\/v2\/media\/331","targetHints":{"allow":["GET"]}}],"collection":[{"href":"https:\/\/safirdemo.com\/safirwebportal\/wp-json\/wp\/v2\/media"}],"about":[{"href":"https:\/\/safirdemo.com\/safirwebportal\/wp-json\/wp\/v2\/types\/attachment"}],"author":[{"embeddable":true,"href":"https:\/\/safirdemo.com\/safirwebportal\/wp-json\/wp\/v2\/users\/1"}],"replies":[{"embeddable":true,"href":"https:\/\/safirdemo.com\/safirwebportal\/wp-json\/wp\/v2\/comments?post=331"}],"wp:attached-to":[{"embeddable":true,"post_type":"post","id":325,"href":"https:\/\/safirdemo.com\/safirwebportal\/wp-json\/wp\/v2\/posts\/325"}],"curies":[{"name":"wp","href":"https:\/\/api.w.org\/{rel}","templated":true}]}}

<p class="attachment"><a href='https://safirdemo.com/safirwebportal/wp-content/uploads/dizel-mi-benzinli-mi-tercih-edersiniz-6.jpg'><img loading="lazy" decoding="async" width="300" height="145" src="https://safirdemo.com/safirwebportal/wp-content/uploads/dizel-mi-benzinli-mi-tercih-edersiniz-6.jpg" class="attachment-medium size-medium" alt="" /></a></p>
<p>Almanya’da, modele bağlı olarak, dizelle çalışan bir otomobil yılda 15 bin kilometrenin üzerinde yol kat edildiği takdirde yapılan fazladan yatırımın karşılığını veriyor.</p>

<p>Almanya’da, modele bağlı olarak, dizelle çalışan bir otomobil yılda 15 bin kilometrenin üzerinde yol kat edildiği takdirde yapılan fazladan yatırımın karşılığını veriyor.</p>
