{"id":416,"date":"2026-02-14T18:17:44","date_gmt":"2026-02-14T15:17:44","guid":{"rendered":"http:\/\/demo.safirtema.com\/webportalv2\/?attachment_id=416"},"modified":"2026-02-14T18:17:44","modified_gmt":"2026-02-14T15:17:44","slug":"tam-gaz-kampanya-2","status":"inherit","type":"attachment","link":"https:\/\/safirdemo.com\/safirwebportal\/tam-gaz-kampanya\/tam-gaz-kampanya-2\/","title":{"rendered":"Tam gaz kampanya"},"author":1,"featured_media":0,"comment_status":"open","ping_status":"open","template":"","meta":[],"class_list":["post-416","attachment","type-attachment","status-inherit","hentry"],"description":{"rendered":"<p class=\"attachment\"><a href='https:\/\/safirdemo.com\/safirwebportal\/wp-content\/uploads\/tam-gaz-kampanya-1.jpg'><img loading=\"lazy\" decoding=\"async\" width=\"300\" height=\"225\" src=\"https:\/\/safirdemo.com\/safirwebportal\/wp-content\/uploads\/tam-gaz-kampanya-1.jpg\" class=\"attachment-medium size-medium\" alt=\"\" \/><\/a><\/p>\n<p>8 ayda\u00a0otomobil\u00a0ve hafif ticari ara\u00e7 pazar\u0131n\u0131n\u00a0y\u00fczde 21.49&#8217;unu kaybeden\u00a0otomotiv firmalar\u0131, hedeflerini tutturabilmek i\u00e7in umutlar\u0131n\u0131 y\u0131l\u0131n kalan d\u00f6neminde yapacaklar\u0131 sat\u0131\u015flara ba\u011flad\u0131.\u00a0Eyl\u00fcl\u00a0kampanyalar\u0131ndaindirimler ve d\u00fc\u015f\u00fck taksit se\u00e7enekleri\u00a0\u00f6ne \u00e7\u0131kt\u0131. \u0130\u015fte baz\u0131 kampanyalar:<br \/>\u00a0<\/p>\n"},"caption":{"rendered":"<p>8 ayda\u00a0otomobil\u00a0ve hafif ticari ara\u00e7 pazar\u0131n\u0131n\u00a0y\u00fczde 21.49&#8217;unu kaybeden\u00a0otomotiv firmalar\u0131, hedeflerini tutturabilmek i\u00e7in umutlar\u0131n\u0131 y\u0131l\u0131n kalan d\u00f6neminde yapacaklar\u0131 sat\u0131\u015flara ba\u011flad\u0131.\u00a0Eyl\u00fcl\u00a0kampanyalar\u0131ndaindirimler ve d\u00fc\u015f\u00fck taksit se\u00e7enekleri\u00a0\u00f6ne \u00e7\u0131kt\u0131. \u0130\u015fte baz\u0131 kampanyalar:\u00a0<\/p>\n"},"alt_text":"","media_type":"image","mime_type":"image\/jpeg","media_details":{"width":600,"height":450,"file":"tam-gaz-kampanya-1.jpg","filesize":157622,"sizes":{},"image_meta":{"aperture":"0","credit":"","camera":"","caption":"","created_timestamp":"0","copyright":"","focal_length":"0","iso":"0","shutter_speed":"0","title":"","orientation":"0","keywords":[]}},"post":415,"source_url":"https:\/\/safirdemo.com\/safirwebportal\/wp-content\/uploads\/tam-gaz-kampanya-1.jpg","_links":{"self":[{"href":"https:\/\/safirdemo.com\/safirwebportal\/wp-json\/wp\/v2\/media\/416","targetHints":{"allow":["GET"]}}],"collection":[{"href":"https:\/\/safirdemo.com\/safirwebportal\/wp-json\/wp\/v2\/media"}],"about":[{"href":"https:\/\/safirdemo.com\/safirwebportal\/wp-json\/wp\/v2\/types\/attachment"}],"author":[{"embeddable":true,"href":"https:\/\/safirdemo.com\/safirwebportal\/wp-json\/wp\/v2\/users\/1"}],"replies":[{"embeddable":true,"href":"https:\/\/safirdemo.com\/safirwebportal\/wp-json\/wp\/v2\/comments?post=416"}],"wp:attached-to":[{"embeddable":true,"post_type":"post","id":415,"href":"https:\/\/safirdemo.com\/safirwebportal\/wp-json\/wp\/v2\/posts\/415"}],"curies":[{"name":"wp","href":"https:\/\/api.w.org\/{rel}","templated":true}]}}

<p class="attachment"><a href='https://safirdemo.com/safirwebportal/wp-content/uploads/tam-gaz-kampanya-1.jpg'><img loading="lazy" decoding="async" width="300" height="225" src="https://safirdemo.com/safirwebportal/wp-content/uploads/tam-gaz-kampanya-1.jpg" class="attachment-medium size-medium" alt="" /></a></p>
<p>8 ayda otomobil ve hafif ticari araç pazarının yüzde 21.49&#8217;unu kaybeden otomotiv firmaları, hedeflerini tutturabilmek için umutlarını yılın kalan döneminde yapacakları satışlara bağladı. Eylül kampanyalarındaindirimler ve düşük taksit seçenekleri öne çıktı. İşte bazı kampanyalar:<br /> </p>

<p>8 ayda otomobil ve hafif ticari araç pazarının yüzde 21.49&#8217;unu kaybeden otomotiv firmaları, hedeflerini tutturabilmek için umutlarını yılın kalan döneminde yapacakları satışlara bağladı. Eylül kampanyalarındaindirimler ve düşük taksit seçenekleri öne çıktı. İşte bazı kampanyalar: </p>
