{"id":480,"date":"2026-02-14T18:20:40","date_gmt":"2026-02-14T15:20:40","guid":{"rendered":"http:\/\/demo.safirtema.com\/webportalv2\/?attachment_id=480"},"modified":"2026-02-14T18:20:40","modified_gmt":"2026-02-14T15:20:40","slug":"yavru-fil-zekasiyla-annesini-kurtardi-10","status":"inherit","type":"attachment","link":"https:\/\/safirdemo.com\/safirwebportal\/yavru-fil-zekasiyla-annesini-kurtardi\/yavru-fil-zekasiyla-annesini-kurtardi-10\/","title":{"rendered":"Yavru fil zekas\u0131yla annesini kurtard\u0131"},"author":1,"featured_media":0,"comment_status":"open","ping_status":"open","template":"","meta":[],"class_list":["post-480","attachment","type-attachment","status-inherit","hentry"],"description":{"rendered":"<p class=\"attachment\"><a href='https:\/\/safirdemo.com\/safirwebportal\/wp-content\/uploads\/yavru-fil-zekasiyla-annesini-kurtardi-9.jpg'><img loading=\"lazy\" decoding=\"async\" width=\"300\" height=\"199\" src=\"https:\/\/safirdemo.com\/safirwebportal\/wp-content\/uploads\/yavru-fil-zekasiyla-annesini-kurtardi-9.jpg\" class=\"attachment-medium size-medium\" alt=\"\" \/><\/a><\/p>\n<p>Botswana&#8217;da \u00e7ekilen bu foto\u011fraflar, tam 18 s\u0131rtlan\u0131n sald\u0131r\u0131s\u0131na u\u011frayan yavrusunu kurtarmaya \u00e7al\u0131\u015fan anne filin dramatik m\u00fccadelesini yans\u0131t\u0131yor<\/p>\n"},"caption":{"rendered":"<p>Botswana&#8217;da \u00e7ekilen bu foto\u011fraflar, tam 18 s\u0131rtlan\u0131n sald\u0131r\u0131s\u0131na u\u011frayan yavrusunu kurtarmaya \u00e7al\u0131\u015fan anne filin dramatik m\u00fccadelesini yans\u0131t\u0131yor<\/p>\n"},"alt_text":"","media_type":"image","mime_type":"image\/jpeg","media_details":{"width":614,"height":408,"file":"yavru-fil-zekasiyla-annesini-kurtardi-9.jpg","filesize":164223,"sizes":{},"image_meta":{"aperture":"0","credit":"","camera":"","caption":"","created_timestamp":"0","copyright":"","focal_length":"0","iso":"0","shutter_speed":"0","title":"","orientation":"0","keywords":[]}},"post":471,"source_url":"https:\/\/safirdemo.com\/safirwebportal\/wp-content\/uploads\/yavru-fil-zekasiyla-annesini-kurtardi-9.jpg","_links":{"self":[{"href":"https:\/\/safirdemo.com\/safirwebportal\/wp-json\/wp\/v2\/media\/480","targetHints":{"allow":["GET"]}}],"collection":[{"href":"https:\/\/safirdemo.com\/safirwebportal\/wp-json\/wp\/v2\/media"}],"about":[{"href":"https:\/\/safirdemo.com\/safirwebportal\/wp-json\/wp\/v2\/types\/attachment"}],"author":[{"embeddable":true,"href":"https:\/\/safirdemo.com\/safirwebportal\/wp-json\/wp\/v2\/users\/1"}],"replies":[{"embeddable":true,"href":"https:\/\/safirdemo.com\/safirwebportal\/wp-json\/wp\/v2\/comments?post=480"}],"wp:attached-to":[{"embeddable":true,"post_type":"post","id":471,"href":"https:\/\/safirdemo.com\/safirwebportal\/wp-json\/wp\/v2\/posts\/471"}],"curies":[{"name":"wp","href":"https:\/\/api.w.org\/{rel}","templated":true}]}}

Yavru fil zekasıyla annesini kurtardı

<p class="attachment"><a href='https://safirdemo.com/safirwebportal/wp-content/uploads/yavru-fil-zekasiyla-annesini-kurtardi-9.jpg'><img loading="lazy" decoding="async" width="300" height="199" src="https://safirdemo.com/safirwebportal/wp-content/uploads/yavru-fil-zekasiyla-annesini-kurtardi-9.jpg" class="attachment-medium size-medium" alt="" /></a></p>
<p>Botswana&#8217;da çekilen bu fotoğraflar, tam 18 sırtlanın saldırısına uğrayan yavrusunu kurtarmaya çalışan anne filin dramatik mücadelesini yansıtıyor</p>

<p>Botswana&#8217;da çekilen bu fotoğraflar, tam 18 sırtlanın saldırısına uğrayan yavrusunu kurtarmaya çalışan anne filin dramatik mücadelesini yansıtıyor</p>
