{"id":547,"date":"2026-02-14T18:26:26","date_gmt":"2026-02-14T15:26:26","guid":{"rendered":"http:\/\/demo.safirtema.com\/webportalv2\/?attachment_id=547"},"modified":"2026-02-14T18:26:26","modified_gmt":"2026-02-14T15:26:26","slug":"googleda-6-12-ekim-tarihleri-arasinda-ne-aradik-3","status":"inherit","type":"attachment","link":"https:\/\/safirdemo.com\/safirwebportal\/googleda-6-12-ekim-tarihleri-arasinda-ne-aradik\/googleda-6-12-ekim-tarihleri-arasinda-ne-aradik-3\/","title":{"rendered":"Google&#8217;da 6-12 Ekim tarihleri aras\u0131nda ne arad\u0131k"},"author":1,"featured_media":0,"comment_status":"open","ping_status":"open","template":"","meta":[],"class_list":["post-547","attachment","type-attachment","status-inherit","hentry"],"description":{"rendered":"<p class=\"attachment\"><a href='https:\/\/safirdemo.com\/safirwebportal\/wp-content\/uploads\/google-da-6-12-ekim-tarihleri-arasinda-ne-aradik-2.jpg'><img loading=\"lazy\" decoding=\"async\" width=\"300\" height=\"169\" src=\"https:\/\/safirdemo.com\/safirwebportal\/wp-content\/uploads\/google-da-6-12-ekim-tarihleri-arasinda-ne-aradik-2.jpg\" class=\"attachment-medium size-medium\" alt=\"\" \/><\/a><\/p>\n<p>Cem Garipo\u011flu<\/p>\n<p>Cem Garipo\u011flu&#8217;nun intihar\u0131n\u0131n ard\u0131ndan t\u00fcm T\u00fcrkiye Garipo\u011flu&#8217;nu arad\u0131.<\/p>\n"},"caption":{"rendered":"<p>Cem Garipo\u011flu Cem Garipo\u011flu&#8217;nun intihar\u0131n\u0131n ard\u0131ndan t\u00fcm T\u00fcrkiye Garipo\u011flu&#8217;nu arad\u0131.<\/p>\n"},"alt_text":"","media_type":"image","mime_type":"image\/jpeg","media_details":{"width":614,"height":346,"file":"google-da-6-12-ekim-tarihleri-arasinda-ne-aradik-2.jpg","filesize":84745,"sizes":{},"image_meta":{"aperture":"0","credit":"","camera":"","caption":"","created_timestamp":"0","copyright":"","focal_length":"0","iso":"0","shutter_speed":"0","title":"","orientation":"0","keywords":[]}},"post":545,"source_url":"https:\/\/safirdemo.com\/safirwebportal\/wp-content\/uploads\/google-da-6-12-ekim-tarihleri-arasinda-ne-aradik-2.jpg","_links":{"self":[{"href":"https:\/\/safirdemo.com\/safirwebportal\/wp-json\/wp\/v2\/media\/547","targetHints":{"allow":["GET"]}}],"collection":[{"href":"https:\/\/safirdemo.com\/safirwebportal\/wp-json\/wp\/v2\/media"}],"about":[{"href":"https:\/\/safirdemo.com\/safirwebportal\/wp-json\/wp\/v2\/types\/attachment"}],"author":[{"embeddable":true,"href":"https:\/\/safirdemo.com\/safirwebportal\/wp-json\/wp\/v2\/users\/1"}],"replies":[{"embeddable":true,"href":"https:\/\/safirdemo.com\/safirwebportal\/wp-json\/wp\/v2\/comments?post=547"}],"wp:attached-to":[{"embeddable":true,"post_type":"post","id":545,"href":"https:\/\/safirdemo.com\/safirwebportal\/wp-json\/wp\/v2\/posts\/545"}],"curies":[{"name":"wp","href":"https:\/\/api.w.org\/{rel}","templated":true}]}}

Google&#8217;da 6-12 Ekim tarihleri arasında ne aradık

<p class="attachment"><a href='https://safirdemo.com/safirwebportal/wp-content/uploads/google-da-6-12-ekim-tarihleri-arasinda-ne-aradik-2.jpg'><img loading="lazy" decoding="async" width="300" height="169" src="https://safirdemo.com/safirwebportal/wp-content/uploads/google-da-6-12-ekim-tarihleri-arasinda-ne-aradik-2.jpg" class="attachment-medium size-medium" alt="" /></a></p>
<p>Cem Garipoğlu</p>
<p>Cem Garipoğlu&#8217;nun intiharının ardından tüm Türkiye Garipoğlu&#8217;nu aradı.</p>

<p>Cem Garipoğlu Cem Garipoğlu&#8217;nun intiharının ardından tüm Türkiye Garipoğlu&#8217;nu aradı.</p>
