{"id":551,"date":"2026-02-14T18:26:29","date_gmt":"2026-02-14T15:26:29","guid":{"rendered":"http:\/\/demo.safirtema.com\/webportalv2\/?attachment_id=551"},"modified":"2026-02-14T18:26:29","modified_gmt":"2026-02-14T15:26:29","slug":"googleda-6-12-ekim-tarihleri-arasinda-ne-aradik-7","status":"inherit","type":"attachment","link":"https:\/\/safirdemo.com\/safirwebportal\/googleda-6-12-ekim-tarihleri-arasinda-ne-aradik\/googleda-6-12-ekim-tarihleri-arasinda-ne-aradik-7\/","title":{"rendered":"Google&#8217;da 6-12 Ekim tarihleri aras\u0131nda ne arad\u0131k"},"author":1,"featured_media":0,"comment_status":"open","ping_status":"open","template":"","meta":[],"class_list":["post-551","attachment","type-attachment","status-inherit","hentry"],"description":{"rendered":"<p class=\"attachment\"><a href='https:\/\/safirdemo.com\/safirwebportal\/wp-content\/uploads\/google-da-6-12-ekim-tarihleri-arasinda-ne-aradik-6.jpg'><img loading=\"lazy\" decoding=\"async\" width=\"300\" height=\"169\" src=\"https:\/\/safirdemo.com\/safirwebportal\/wp-content\/uploads\/google-da-6-12-ekim-tarihleri-arasinda-ne-aradik-6.jpg\" class=\"attachment-medium size-medium\" alt=\"\" \/><\/a><\/p>\n<p>Volkan Sara\u00e7o\u011flu<\/p>\n<p>Tiyatro sanat\u00e7\u0131s\u0131 ve dizi oyuncusu Volkan Sara\u00e7o\u011flu 8 Ekim tarihinde hayat\u0131n\u0131 kaybetti.<\/p>\n"},"caption":{"rendered":"<p>Volkan Sara\u00e7o\u011flu Tiyatro sanat\u00e7\u0131s\u0131 ve dizi oyuncusu Volkan Sara\u00e7o\u011flu 8 Ekim tarihinde hayat\u0131n\u0131 kaybetti.<\/p>\n"},"alt_text":"","media_type":"image","mime_type":"image\/jpeg","media_details":{"width":614,"height":345,"file":"google-da-6-12-ekim-tarihleri-arasinda-ne-aradik-6.jpg","filesize":123765,"sizes":{},"image_meta":{"aperture":"0","credit":"","camera":"","caption":"","created_timestamp":"0","copyright":"","focal_length":"0","iso":"0","shutter_speed":"0","title":"","orientation":"0","keywords":[]}},"post":545,"source_url":"https:\/\/safirdemo.com\/safirwebportal\/wp-content\/uploads\/google-da-6-12-ekim-tarihleri-arasinda-ne-aradik-6.jpg","_links":{"self":[{"href":"https:\/\/safirdemo.com\/safirwebportal\/wp-json\/wp\/v2\/media\/551","targetHints":{"allow":["GET"]}}],"collection":[{"href":"https:\/\/safirdemo.com\/safirwebportal\/wp-json\/wp\/v2\/media"}],"about":[{"href":"https:\/\/safirdemo.com\/safirwebportal\/wp-json\/wp\/v2\/types\/attachment"}],"author":[{"embeddable":true,"href":"https:\/\/safirdemo.com\/safirwebportal\/wp-json\/wp\/v2\/users\/1"}],"replies":[{"embeddable":true,"href":"https:\/\/safirdemo.com\/safirwebportal\/wp-json\/wp\/v2\/comments?post=551"}],"wp:attached-to":[{"embeddable":true,"post_type":"post","id":545,"href":"https:\/\/safirdemo.com\/safirwebportal\/wp-json\/wp\/v2\/posts\/545"}],"curies":[{"name":"wp","href":"https:\/\/api.w.org\/{rel}","templated":true}]}}

Google&#8217;da 6-12 Ekim tarihleri arasında ne aradık

<p class="attachment"><a href='https://safirdemo.com/safirwebportal/wp-content/uploads/google-da-6-12-ekim-tarihleri-arasinda-ne-aradik-6.jpg'><img loading="lazy" decoding="async" width="300" height="169" src="https://safirdemo.com/safirwebportal/wp-content/uploads/google-da-6-12-ekim-tarihleri-arasinda-ne-aradik-6.jpg" class="attachment-medium size-medium" alt="" /></a></p>
<p>Volkan Saraçoğlu</p>
<p>Tiyatro sanatçısı ve dizi oyuncusu Volkan Saraçoğlu 8 Ekim tarihinde hayatını kaybetti.</p>

<p>Volkan Saraçoğlu Tiyatro sanatçısı ve dizi oyuncusu Volkan Saraçoğlu 8 Ekim tarihinde hayatını kaybetti.</p>
