{"id":555,"date":"2026-02-14T18:26:32","date_gmt":"2026-02-14T15:26:32","guid":{"rendered":"http:\/\/demo.safirtema.com\/webportalv2\/?attachment_id=555"},"modified":"2026-02-14T18:26:32","modified_gmt":"2026-02-14T15:26:32","slug":"googleda-6-12-ekim-tarihleri-arasinda-ne-aradik-11","status":"inherit","type":"attachment","link":"https:\/\/safirdemo.com\/safirwebportal\/googleda-6-12-ekim-tarihleri-arasinda-ne-aradik\/googleda-6-12-ekim-tarihleri-arasinda-ne-aradik-11\/","title":{"rendered":"Google&#8217;da 6-12 Ekim tarihleri aras\u0131nda ne arad\u0131k"},"author":1,"featured_media":0,"comment_status":"open","ping_status":"open","template":"","meta":[],"class_list":["post-555","attachment","type-attachment","status-inherit","hentry"],"description":{"rendered":"<p class=\"attachment\"><a href='https:\/\/safirdemo.com\/safirwebportal\/wp-content\/uploads\/google-da-6-12-ekim-tarihleri-arasinda-ne-aradik-10.jpg'><img loading=\"lazy\" decoding=\"async\" width=\"300\" height=\"179\" src=\"https:\/\/safirdemo.com\/safirwebportal\/wp-content\/uploads\/google-da-6-12-ekim-tarihleri-arasinda-ne-aradik-10.jpg\" class=\"attachment-medium size-medium\" alt=\"\" \/><\/a><\/p>\n<p>Ozan Tufan<\/p>\n<p>Her ne kadar \u00c7ek Cumhuriyeti ma\u00e7\u0131n\u0131 kaybetse de, A Milli Tak\u0131m&#8217;\u0131n gen\u00e7 oyuncusu Ozan Tufan&#8217;\u0131n sahada adeta tek ba\u015f\u0131na sava\u015fmas\u0131 t\u00fcm T\u00fcrkiye&#8217;nin dikkatini \u00e7ekti.<\/p>\n"},"caption":{"rendered":"<p>Ozan Tufan Her ne kadar \u00c7ek Cumhuriyeti ma\u00e7\u0131n\u0131 kaybetse de, A Milli Tak\u0131m&#8217;\u0131n gen\u00e7 oyuncusu Ozan Tufan&#8217;\u0131n sahada adeta tek ba\u015f\u0131na sava\u015fmas\u0131 t\u00fcm T\u00fcrkiye&#8217;nin dikkatini \u00e7ekti.<\/p>\n"},"alt_text":"","media_type":"image","mime_type":"image\/jpeg","media_details":{"width":527,"height":315,"file":"google-da-6-12-ekim-tarihleri-arasinda-ne-aradik-10.jpg","filesize":58351,"sizes":{},"image_meta":{"aperture":"0","credit":"","camera":"","caption":"","created_timestamp":"0","copyright":"","focal_length":"0","iso":"0","shutter_speed":"0","title":"","orientation":"0","keywords":[]}},"post":545,"source_url":"https:\/\/safirdemo.com\/safirwebportal\/wp-content\/uploads\/google-da-6-12-ekim-tarihleri-arasinda-ne-aradik-10.jpg","_links":{"self":[{"href":"https:\/\/safirdemo.com\/safirwebportal\/wp-json\/wp\/v2\/media\/555","targetHints":{"allow":["GET"]}}],"collection":[{"href":"https:\/\/safirdemo.com\/safirwebportal\/wp-json\/wp\/v2\/media"}],"about":[{"href":"https:\/\/safirdemo.com\/safirwebportal\/wp-json\/wp\/v2\/types\/attachment"}],"author":[{"embeddable":true,"href":"https:\/\/safirdemo.com\/safirwebportal\/wp-json\/wp\/v2\/users\/1"}],"replies":[{"embeddable":true,"href":"https:\/\/safirdemo.com\/safirwebportal\/wp-json\/wp\/v2\/comments?post=555"}],"wp:attached-to":[{"embeddable":true,"post_type":"post","id":545,"href":"https:\/\/safirdemo.com\/safirwebportal\/wp-json\/wp\/v2\/posts\/545"}],"curies":[{"name":"wp","href":"https:\/\/api.w.org\/{rel}","templated":true}]}}

Google&#8217;da 6-12 Ekim tarihleri arasında ne aradık

<p class="attachment"><a href='https://safirdemo.com/safirwebportal/wp-content/uploads/google-da-6-12-ekim-tarihleri-arasinda-ne-aradik-10.jpg'><img loading="lazy" decoding="async" width="300" height="179" src="https://safirdemo.com/safirwebportal/wp-content/uploads/google-da-6-12-ekim-tarihleri-arasinda-ne-aradik-10.jpg" class="attachment-medium size-medium" alt="" /></a></p>
<p>Ozan Tufan</p>
<p>Her ne kadar Çek Cumhuriyeti maçını kaybetse de, A Milli Takım&#8217;ın genç oyuncusu Ozan Tufan&#8217;ın sahada adeta tek başına savaşması tüm Türkiye&#8217;nin dikkatini çekti.</p>

<p>Ozan Tufan Her ne kadar Çek Cumhuriyeti maçını kaybetse de, A Milli Takım&#8217;ın genç oyuncusu Ozan Tufan&#8217;ın sahada adeta tek başına savaşması tüm Türkiye&#8217;nin dikkatini çekti.</p>
