{"id":677,"date":"2026-02-14T18:34:21","date_gmt":"2026-02-14T15:34:21","guid":{"rendered":"http:\/\/demo.safirtema.com\/webportalv2\/?attachment_id=677"},"modified":"2026-02-14T18:34:21","modified_gmt":"2026-02-14T15:34:21","slug":"tamer-karadagli-taburcu-oldu-3","status":"inherit","type":"attachment","link":"https:\/\/safirdemo.com\/safirwebportal\/tamer-karadagli-taburcu-oldu\/tamer-karadagli-taburcu-oldu-3\/","title":{"rendered":"Tamer Karada\u011fl\u0131 taburcu oldu"},"author":1,"featured_media":0,"comment_status":"open","ping_status":"open","template":"","meta":[],"class_list":["post-677","attachment","type-attachment","status-inherit","hentry"],"description":{"rendered":"<p class=\"attachment\"><a href='https:\/\/safirdemo.com\/safirwebportal\/wp-content\/uploads\/tamer-karadagli-taburcu-oldu-2.jpg'><img loading=\"lazy\" decoding=\"async\" width=\"300\" height=\"199\" src=\"https:\/\/safirdemo.com\/safirwebportal\/wp-content\/uploads\/tamer-karadagli-taburcu-oldu-2.jpg\" class=\"attachment-medium size-medium\" alt=\"\" \/><\/a><\/p>\n<p>Bursa\u2019da ge\u00e7irdi\u011fi motosiklet kazas\u0131 sonucu iki el bile\u011finde k\u0131r\u0131klar olu\u015fan \u00fcnl\u00fc oyuncu Tamer Karada\u011fl\u0131, Ye\u015filk\u00f6y\u2019de tedavi g\u00f6rd\u00fc\u011f\u00fc hastaneden taburcu oldu.<\/p>\n"},"caption":{"rendered":"<p>Bursa\u2019da ge\u00e7irdi\u011fi motosiklet kazas\u0131 sonucu iki el bile\u011finde k\u0131r\u0131klar olu\u015fan \u00fcnl\u00fc oyuncu Tamer Karada\u011fl\u0131, Ye\u015filk\u00f6y\u2019de tedavi g\u00f6rd\u00fc\u011f\u00fc hastaneden taburcu oldu.<\/p>\n"},"alt_text":"","media_type":"image","mime_type":"image\/jpeg","media_details":{"width":614,"height":408,"file":"tamer-karadagli-taburcu-oldu-2.jpg","filesize":168151,"sizes":{},"image_meta":{"aperture":"0","credit":"","camera":"","caption":"","created_timestamp":"0","copyright":"","focal_length":"0","iso":"0","shutter_speed":"0","title":"","orientation":"0","keywords":[]}},"post":675,"source_url":"https:\/\/safirdemo.com\/safirwebportal\/wp-content\/uploads\/tamer-karadagli-taburcu-oldu-2.jpg","_links":{"self":[{"href":"https:\/\/safirdemo.com\/safirwebportal\/wp-json\/wp\/v2\/media\/677","targetHints":{"allow":["GET"]}}],"collection":[{"href":"https:\/\/safirdemo.com\/safirwebportal\/wp-json\/wp\/v2\/media"}],"about":[{"href":"https:\/\/safirdemo.com\/safirwebportal\/wp-json\/wp\/v2\/types\/attachment"}],"author":[{"embeddable":true,"href":"https:\/\/safirdemo.com\/safirwebportal\/wp-json\/wp\/v2\/users\/1"}],"replies":[{"embeddable":true,"href":"https:\/\/safirdemo.com\/safirwebportal\/wp-json\/wp\/v2\/comments?post=677"}],"wp:attached-to":[{"embeddable":true,"post_type":"post","id":675,"href":"https:\/\/safirdemo.com\/safirwebportal\/wp-json\/wp\/v2\/posts\/675"}],"curies":[{"name":"wp","href":"https:\/\/api.w.org\/{rel}","templated":true}]}}

Tamer Karadağlı taburcu oldu

<p class="attachment"><a href='https://safirdemo.com/safirwebportal/wp-content/uploads/tamer-karadagli-taburcu-oldu-2.jpg'><img loading="lazy" decoding="async" width="300" height="199" src="https://safirdemo.com/safirwebportal/wp-content/uploads/tamer-karadagli-taburcu-oldu-2.jpg" class="attachment-medium size-medium" alt="" /></a></p>
<p>Bursa’da geçirdiği motosiklet kazası sonucu iki el bileğinde kırıklar oluşan ünlü oyuncu Tamer Karadağlı, Yeşilköy’de tedavi gördüğü hastaneden taburcu oldu.</p>

<p>Bursa’da geçirdiği motosiklet kazası sonucu iki el bileğinde kırıklar oluşan ünlü oyuncu Tamer Karadağlı, Yeşilköy’de tedavi gördüğü hastaneden taburcu oldu.</p>
