{"id":679,"date":"2026-02-14T18:34:22","date_gmt":"2026-02-14T15:34:22","guid":{"rendered":"http:\/\/demo.safirtema.com\/webportalv2\/?attachment_id=679"},"modified":"2026-02-14T18:34:22","modified_gmt":"2026-02-14T15:34:22","slug":"tamer-karadagli-taburcu-oldu-5","status":"inherit","type":"attachment","link":"https:\/\/safirdemo.com\/safirwebportal\/tamer-karadagli-taburcu-oldu\/tamer-karadagli-taburcu-oldu-5\/","title":{"rendered":"Tamer Karada\u011fl\u0131 taburcu oldu"},"author":1,"featured_media":0,"comment_status":"open","ping_status":"open","template":"","meta":[],"class_list":["post-679","attachment","type-attachment","status-inherit","hentry"],"description":{"rendered":"<p class=\"attachment\"><a href='https:\/\/safirdemo.com\/safirwebportal\/wp-content\/uploads\/tamer-karadagli-taburcu-oldu-4.jpg'><img loading=\"lazy\" decoding=\"async\" width=\"300\" height=\"199\" src=\"https:\/\/safirdemo.com\/safirwebportal\/wp-content\/uploads\/tamer-karadagli-taburcu-oldu-4.jpg\" class=\"attachment-medium size-medium\" alt=\"\" \/><\/a><\/p>\n<p>El parmaklar\u0131n\u0131 oynatabildi\u011fini belirten Tamer Karada\u011fl\u0131, \u201cEgzersiz yapmam gerekiyor. \u00c7\u00fcnk\u00fc ikisinden de ameliyat oldum. Birine vida tak\u0131ld\u0131, di\u011ferine plakalar tak\u0131ld\u0131. \u015eimdi fizik tedavi uygulayaca\u011f\u0131z. 3 ayl\u0131k bir s\u00fcre i\u00e7inde eski haline d\u00f6nm\u00fc\u015f olacak. Tekrar motora d\u00f6nece\u011fiz. Demirden korksak trene binmeyiz. \u0130ki kemi\u011fimiz k\u0131r\u0131ld\u0131 diye motora binmeyecek de\u011filiz\u201d dedi.<\/p>\n"},"caption":{"rendered":"<p>El parmaklar\u0131n\u0131 oynatabildi\u011fini belirten Tamer Karada\u011fl\u0131, \u201cEgzersiz yapmam gerekiyor. \u00c7\u00fcnk\u00fc ikisinden de ameliyat oldum. Birine vida tak\u0131ld\u0131, di\u011ferine plakalar tak\u0131ld\u0131. \u015eimdi fizik tedavi uygulayaca\u011f\u0131z. 3 ayl\u0131k bir s\u00fcre i\u00e7inde eski haline d\u00f6nm\u00fc\u015f olacak. Tekrar motora d\u00f6nece\u011fiz. Demirden korksak trene binmeyiz. \u0130ki kemi\u011fimiz k\u0131r\u0131ld\u0131 diye motora binmeyecek de\u011filiz\u201d dedi.<\/p>\n"},"alt_text":"","media_type":"image","mime_type":"image\/jpeg","media_details":{"width":614,"height":408,"file":"tamer-karadagli-taburcu-oldu-4.jpg","filesize":144205,"sizes":{},"image_meta":{"aperture":"0","credit":"","camera":"","caption":"","created_timestamp":"0","copyright":"","focal_length":"0","iso":"0","shutter_speed":"0","title":"","orientation":"0","keywords":[]}},"post":675,"source_url":"https:\/\/safirdemo.com\/safirwebportal\/wp-content\/uploads\/tamer-karadagli-taburcu-oldu-4.jpg","_links":{"self":[{"href":"https:\/\/safirdemo.com\/safirwebportal\/wp-json\/wp\/v2\/media\/679","targetHints":{"allow":["GET"]}}],"collection":[{"href":"https:\/\/safirdemo.com\/safirwebportal\/wp-json\/wp\/v2\/media"}],"about":[{"href":"https:\/\/safirdemo.com\/safirwebportal\/wp-json\/wp\/v2\/types\/attachment"}],"author":[{"embeddable":true,"href":"https:\/\/safirdemo.com\/safirwebportal\/wp-json\/wp\/v2\/users\/1"}],"replies":[{"embeddable":true,"href":"https:\/\/safirdemo.com\/safirwebportal\/wp-json\/wp\/v2\/comments?post=679"}],"wp:attached-to":[{"embeddable":true,"post_type":"post","id":675,"href":"https:\/\/safirdemo.com\/safirwebportal\/wp-json\/wp\/v2\/posts\/675"}],"curies":[{"name":"wp","href":"https:\/\/api.w.org\/{rel}","templated":true}]}}

Tamer Karadağlı taburcu oldu

<p class="attachment"><a href='https://safirdemo.com/safirwebportal/wp-content/uploads/tamer-karadagli-taburcu-oldu-4.jpg'><img loading="lazy" decoding="async" width="300" height="199" src="https://safirdemo.com/safirwebportal/wp-content/uploads/tamer-karadagli-taburcu-oldu-4.jpg" class="attachment-medium size-medium" alt="" /></a></p>
<p>El parmaklarını oynatabildiğini belirten Tamer Karadağlı, “Egzersiz yapmam gerekiyor. Çünkü ikisinden de ameliyat oldum. Birine vida takıldı, diğerine plakalar takıldı. Şimdi fizik tedavi uygulayacağız. 3 aylık bir süre içinde eski haline dönmüş olacak. Tekrar motora döneceğiz. Demirden korksak trene binmeyiz. İki kemiğimiz kırıldı diye motora binmeyecek değiliz” dedi.</p>

<p>El parmaklarını oynatabildiğini belirten Tamer Karadağlı, “Egzersiz yapmam gerekiyor. Çünkü ikisinden de ameliyat oldum. Birine vida takıldı, diğerine plakalar takıldı. Şimdi fizik tedavi uygulayacağız. 3 aylık bir süre içinde eski haline dönmüş olacak. Tekrar motora döneceğiz. Demirden korksak trene binmeyiz. İki kemiğimiz kırıldı diye motora binmeyecek değiliz” dedi.</p>
