{"id":691,"date":"2026-02-14T18:34:32","date_gmt":"2026-02-14T15:34:32","guid":{"rendered":"http:\/\/demo.safirtema.com\/webportalv2\/?attachment_id=691"},"modified":"2026-02-14T18:34:32","modified_gmt":"2026-02-14T15:34:32","slug":"meryem-uzerli-kapanmaya-mi-karar-verdi-2","status":"inherit","type":"attachment","link":"https:\/\/safirdemo.com\/safirwebportal\/meryem-uzerli-kapanmaya-mi-karar-verdi\/meryem-uzerli-kapanmaya-mi-karar-verdi-2\/","title":{"rendered":"Meryem Uzerli Kapanmaya m\u0131 karar verdi ?"},"author":1,"featured_media":0,"comment_status":"open","ping_status":"open","template":"","meta":[],"class_list":["post-691","attachment","type-attachment","status-inherit","hentry"],"description":{"rendered":"<p class=\"attachment\"><a href='https:\/\/safirdemo.com\/safirwebportal\/wp-content\/uploads\/meryem-uzerli-kapanmaya-mi-karar-verdi-1.jpg'><img loading=\"lazy\" decoding=\"async\" width=\"300\" height=\"297\" src=\"https:\/\/safirdemo.com\/safirwebportal\/wp-content\/uploads\/meryem-uzerli-kapanmaya-mi-karar-verdi-1.jpg\" class=\"attachment-medium size-medium\" alt=\"\" \/><\/a><\/p>\n<p>Yeni bir dizi i\u00e7in T\u00fcrkiye\u2019ye d\u00f6nmeye haz\u0131rlanan Meryem Uzerli, foto\u011fraf\u00e7\u0131 arkada\u015f\u0131 Urban Ruths\u2019a verdi\u011fi yeni pozlar\u0131 Instagram\u2019da payla\u015ft\u0131.<\/p>\n"},"caption":{"rendered":"<p>Yeni bir dizi i\u00e7in T\u00fcrkiye\u2019ye d\u00f6nmeye haz\u0131rlanan Meryem Uzerli, foto\u011fraf\u00e7\u0131 arkada\u015f\u0131 Urban Ruths\u2019a verdi\u011fi yeni pozlar\u0131 Instagram\u2019da payla\u015ft\u0131.<\/p>\n"},"alt_text":"","media_type":"image","mime_type":"image\/jpeg","media_details":{"width":614,"height":607,"file":"meryem-uzerli-kapanmaya-mi-karar-verdi-1.jpg","filesize":131883,"sizes":{},"image_meta":{"aperture":"0","credit":"","camera":"","caption":"","created_timestamp":"0","copyright":"","focal_length":"0","iso":"0","shutter_speed":"0","title":"","orientation":"0","keywords":[]}},"post":690,"source_url":"https:\/\/safirdemo.com\/safirwebportal\/wp-content\/uploads\/meryem-uzerli-kapanmaya-mi-karar-verdi-1.jpg","_links":{"self":[{"href":"https:\/\/safirdemo.com\/safirwebportal\/wp-json\/wp\/v2\/media\/691","targetHints":{"allow":["GET"]}}],"collection":[{"href":"https:\/\/safirdemo.com\/safirwebportal\/wp-json\/wp\/v2\/media"}],"about":[{"href":"https:\/\/safirdemo.com\/safirwebportal\/wp-json\/wp\/v2\/types\/attachment"}],"author":[{"embeddable":true,"href":"https:\/\/safirdemo.com\/safirwebportal\/wp-json\/wp\/v2\/users\/1"}],"replies":[{"embeddable":true,"href":"https:\/\/safirdemo.com\/safirwebportal\/wp-json\/wp\/v2\/comments?post=691"}],"wp:attached-to":[{"embeddable":true,"post_type":"post","id":690,"href":"https:\/\/safirdemo.com\/safirwebportal\/wp-json\/wp\/v2\/posts\/690"}],"curies":[{"name":"wp","href":"https:\/\/api.w.org\/{rel}","templated":true}]}}

Meryem Uzerli Kapanmaya mı karar verdi ?

<p class="attachment"><a href='https://safirdemo.com/safirwebportal/wp-content/uploads/meryem-uzerli-kapanmaya-mi-karar-verdi-1.jpg'><img loading="lazy" decoding="async" width="300" height="297" src="https://safirdemo.com/safirwebportal/wp-content/uploads/meryem-uzerli-kapanmaya-mi-karar-verdi-1.jpg" class="attachment-medium size-medium" alt="" /></a></p>
<p>Yeni bir dizi için Türkiye’ye dönmeye hazırlanan Meryem Uzerli, fotoğrafçı arkadaşı Urban Ruths’a verdiği yeni pozları Instagram’da paylaştı.</p>

<p>Yeni bir dizi için Türkiye’ye dönmeye hazırlanan Meryem Uzerli, fotoğrafçı arkadaşı Urban Ruths’a verdiği yeni pozları Instagram’da paylaştı.</p>
