{"id":692,"date":"2026-02-14T18:34:33","date_gmt":"2026-02-14T15:34:33","guid":{"rendered":"http:\/\/demo.safirtema.com\/webportalv2\/?attachment_id=692"},"modified":"2026-02-14T18:34:33","modified_gmt":"2026-02-14T15:34:33","slug":"meryem-uzerli-kapanmaya-mi-karar-verdi-3","status":"inherit","type":"attachment","link":"https:\/\/safirdemo.com\/safirwebportal\/meryem-uzerli-kapanmaya-mi-karar-verdi\/meryem-uzerli-kapanmaya-mi-karar-verdi-3\/","title":{"rendered":"Meryem Uzerli Kapanmaya m\u0131 karar verdi ?"},"author":1,"featured_media":0,"comment_status":"open","ping_status":"open","template":"","meta":[],"class_list":["post-692","attachment","type-attachment","status-inherit","hentry"],"description":{"rendered":"<p class=\"attachment\"><a href='https:\/\/safirdemo.com\/safirwebportal\/wp-content\/uploads\/meryem-uzerli-kapanmaya-mi-karar-verdi-2.jpg'><img loading=\"lazy\" decoding=\"async\" width=\"288\" height=\"300\" src=\"https:\/\/safirdemo.com\/safirwebportal\/wp-content\/uploads\/meryem-uzerli-kapanmaya-mi-karar-verdi-2.jpg\" class=\"attachment-medium size-medium\" alt=\"\" \/><\/a><\/p>\n<p>Siyah h\u0131rkas\u0131n\u0131n kap\u00fc\u015fonunu \u00f6rterek objektif kar\u015f\u0131s\u0131na ge\u00e7en oyuncu, o karelerin alt\u0131na \u0130ngilizce \u201cPazar modu. En sevdi\u011fim kap\u00fc\u015fonumla\u201d yazd\u0131.<\/p>\n"},"caption":{"rendered":"<p>Siyah h\u0131rkas\u0131n\u0131n kap\u00fc\u015fonunu \u00f6rterek objektif kar\u015f\u0131s\u0131na ge\u00e7en oyuncu, o karelerin alt\u0131na \u0130ngilizce \u201cPazar modu. En sevdi\u011fim kap\u00fc\u015fonumla\u201d yazd\u0131.<\/p>\n"},"alt_text":"","media_type":"image","mime_type":"image\/jpeg","media_details":{"width":614,"height":640,"file":"meryem-uzerli-kapanmaya-mi-karar-verdi-2.jpg","filesize":128659,"sizes":{},"image_meta":{"aperture":"0","credit":"","camera":"","caption":"","created_timestamp":"0","copyright":"","focal_length":"0","iso":"0","shutter_speed":"0","title":"","orientation":"0","keywords":[]}},"post":690,"source_url":"https:\/\/safirdemo.com\/safirwebportal\/wp-content\/uploads\/meryem-uzerli-kapanmaya-mi-karar-verdi-2.jpg","_links":{"self":[{"href":"https:\/\/safirdemo.com\/safirwebportal\/wp-json\/wp\/v2\/media\/692","targetHints":{"allow":["GET"]}}],"collection":[{"href":"https:\/\/safirdemo.com\/safirwebportal\/wp-json\/wp\/v2\/media"}],"about":[{"href":"https:\/\/safirdemo.com\/safirwebportal\/wp-json\/wp\/v2\/types\/attachment"}],"author":[{"embeddable":true,"href":"https:\/\/safirdemo.com\/safirwebportal\/wp-json\/wp\/v2\/users\/1"}],"replies":[{"embeddable":true,"href":"https:\/\/safirdemo.com\/safirwebportal\/wp-json\/wp\/v2\/comments?post=692"}],"wp:attached-to":[{"embeddable":true,"post_type":"post","id":690,"href":"https:\/\/safirdemo.com\/safirwebportal\/wp-json\/wp\/v2\/posts\/690"}],"curies":[{"name":"wp","href":"https:\/\/api.w.org\/{rel}","templated":true}]}}

Meryem Uzerli Kapanmaya mı karar verdi ?

<p class="attachment"><a href='https://safirdemo.com/safirwebportal/wp-content/uploads/meryem-uzerli-kapanmaya-mi-karar-verdi-2.jpg'><img loading="lazy" decoding="async" width="288" height="300" src="https://safirdemo.com/safirwebportal/wp-content/uploads/meryem-uzerli-kapanmaya-mi-karar-verdi-2.jpg" class="attachment-medium size-medium" alt="" /></a></p>
<p>Siyah hırkasının kapüşonunu örterek objektif karşısına geçen oyuncu, o karelerin altına İngilizce “Pazar modu. En sevdiğim kapüşonumla” yazdı.</p>

<p>Siyah hırkasının kapüşonunu örterek objektif karşısına geçen oyuncu, o karelerin altına İngilizce “Pazar modu. En sevdiğim kapüşonumla” yazdı.</p>
