{"id":693,"date":"2026-02-14T18:34:34","date_gmt":"2026-02-14T15:34:34","guid":{"rendered":"http:\/\/demo.safirtema.com\/webportalv2\/?attachment_id=693"},"modified":"2026-02-14T18:34:34","modified_gmt":"2026-02-14T15:34:34","slug":"meryem-uzerli-kapanmaya-mi-karar-verdi-4","status":"inherit","type":"attachment","link":"https:\/\/safirdemo.com\/safirwebportal\/meryem-uzerli-kapanmaya-mi-karar-verdi\/meryem-uzerli-kapanmaya-mi-karar-verdi-4\/","title":{"rendered":"Meryem Uzerli Kapanmaya m\u0131 karar verdi ?"},"author":1,"featured_media":0,"comment_status":"open","ping_status":"open","template":"","meta":[],"class_list":["post-693","attachment","type-attachment","status-inherit","hentry"],"description":{"rendered":"<p class=\"attachment\"><a href='https:\/\/safirdemo.com\/safirwebportal\/wp-content\/uploads\/meryem-uzerli-kapanmaya-mi-karar-verdi-3.jpg'><img loading=\"lazy\" decoding=\"async\" width=\"286\" height=\"300\" src=\"https:\/\/safirdemo.com\/safirwebportal\/wp-content\/uploads\/meryem-uzerli-kapanmaya-mi-karar-verdi-3.jpg\" class=\"attachment-medium size-medium\" alt=\"\" \/><\/a><\/p>\n<p>Kap\u00fc\u015fonun t\u00fcrban\u0131 an\u0131msatt\u0131\u011f\u0131n\u0131 d\u00fc\u015f\u00fcnen baz\u0131 takip\u00e7ileri ise Uzerli\u2019ye \u201cKapanmaya m\u0131 karar verdin?\u201d \u015feklinde mesajlar att\u0131.<\/p>\n"},"caption":{"rendered":"<p>Kap\u00fc\u015fonun t\u00fcrban\u0131 an\u0131msatt\u0131\u011f\u0131n\u0131 d\u00fc\u015f\u00fcnen baz\u0131 takip\u00e7ileri ise Uzerli\u2019ye \u201cKapanmaya m\u0131 karar verdin?\u201d \u015feklinde mesajlar att\u0131.<\/p>\n"},"alt_text":"","media_type":"image","mime_type":"image\/jpeg","media_details":{"width":614,"height":644,"file":"meryem-uzerli-kapanmaya-mi-karar-verdi-3.jpg","filesize":113803,"sizes":{},"image_meta":{"aperture":"0","credit":"","camera":"","caption":"","created_timestamp":"0","copyright":"","focal_length":"0","iso":"0","shutter_speed":"0","title":"","orientation":"0","keywords":[]}},"post":690,"source_url":"https:\/\/safirdemo.com\/safirwebportal\/wp-content\/uploads\/meryem-uzerli-kapanmaya-mi-karar-verdi-3.jpg","_links":{"self":[{"href":"https:\/\/safirdemo.com\/safirwebportal\/wp-json\/wp\/v2\/media\/693","targetHints":{"allow":["GET"]}}],"collection":[{"href":"https:\/\/safirdemo.com\/safirwebportal\/wp-json\/wp\/v2\/media"}],"about":[{"href":"https:\/\/safirdemo.com\/safirwebportal\/wp-json\/wp\/v2\/types\/attachment"}],"author":[{"embeddable":true,"href":"https:\/\/safirdemo.com\/safirwebportal\/wp-json\/wp\/v2\/users\/1"}],"replies":[{"embeddable":true,"href":"https:\/\/safirdemo.com\/safirwebportal\/wp-json\/wp\/v2\/comments?post=693"}],"wp:attached-to":[{"embeddable":true,"post_type":"post","id":690,"href":"https:\/\/safirdemo.com\/safirwebportal\/wp-json\/wp\/v2\/posts\/690"}],"curies":[{"name":"wp","href":"https:\/\/api.w.org\/{rel}","templated":true}]}}

Meryem Uzerli Kapanmaya mı karar verdi ?

<p class="attachment"><a href='https://safirdemo.com/safirwebportal/wp-content/uploads/meryem-uzerli-kapanmaya-mi-karar-verdi-3.jpg'><img loading="lazy" decoding="async" width="286" height="300" src="https://safirdemo.com/safirwebportal/wp-content/uploads/meryem-uzerli-kapanmaya-mi-karar-verdi-3.jpg" class="attachment-medium size-medium" alt="" /></a></p>
<p>Kapüşonun türbanı anımsattığını düşünen bazı takipçileri ise Uzerli’ye “Kapanmaya mı karar verdin?” şeklinde mesajlar attı.</p>

<p>Kapüşonun türbanı anımsattığını düşünen bazı takipçileri ise Uzerli’ye “Kapanmaya mı karar verdin?” şeklinde mesajlar attı.</p>
