{"id":757,"date":"2026-02-14T18:37:01","date_gmt":"2026-02-14T15:37:01","guid":{"rendered":"http:\/\/demo.safirtema.com\/webportalv2\/?attachment_id=757"},"modified":"2026-02-14T18:37:01","modified_gmt":"2026-02-14T15:37:01","slug":"colun-ortasinda-maydanoz-2","status":"inherit","type":"attachment","link":"https:\/\/safirdemo.com\/safirwebportal\/colun-ortasinda-maydanoz\/colun-ortasinda-maydanoz-2\/","title":{"rendered":"\u00c7\u00f6l&#8217;\u00fcn ortas\u0131nda maydanoz!"},"author":1,"featured_media":0,"comment_status":"open","ping_status":"open","template":"","meta":[],"class_list":["post-757","attachment","type-attachment","status-inherit","hentry"],"description":{"rendered":"<p class=\"attachment\"><a href='https:\/\/safirdemo.com\/safirwebportal\/wp-content\/uploads\/col-un-ortasinda-maydanoz-1.jpg'><img loading=\"lazy\" decoding=\"async\" width=\"300\" height=\"193\" src=\"https:\/\/safirdemo.com\/safirwebportal\/wp-content\/uploads\/col-un-ortasinda-maydanoz-1.jpg\" class=\"attachment-medium size-medium\" alt=\"\" \/><\/a><\/p>\n<p>G\u00fcney Amerika&#8217;da bulunan Atacama \u00c7\u00f6l\u00fc&#8217;nde ya\u015fayan bu yast\u0131\u011fa benzer, maydanozun karde\u015fi olan Llareta, k\u00f6t\u00fc ve zorlu hava \u015fartlar\u0131na ra\u011fmen hayatlar\u0131n\u0131 s\u00fcrd\u00fcr\u00fcyor.<\/p>\n"},"caption":{"rendered":"<p>G\u00fcney Amerika&#8217;da bulunan Atacama \u00c7\u00f6l\u00fc&#8217;nde ya\u015fayan bu yast\u0131\u011fa benzer, maydanozun karde\u015fi olan Llareta, k\u00f6t\u00fc ve zorlu hava \u015fartlar\u0131na ra\u011fmen hayatlar\u0131n\u0131 s\u00fcrd\u00fcr\u00fcyor.<\/p>\n"},"alt_text":"","media_type":"image","mime_type":"image\/jpeg","media_details":{"width":585,"height":377,"file":"col-un-ortasinda-maydanoz-1.jpg","filesize":160952,"sizes":{},"image_meta":{"aperture":"0","credit":"","camera":"","caption":"","created_timestamp":"0","copyright":"","focal_length":"0","iso":"0","shutter_speed":"0","title":"","orientation":"0","keywords":[]}},"post":756,"source_url":"https:\/\/safirdemo.com\/safirwebportal\/wp-content\/uploads\/col-un-ortasinda-maydanoz-1.jpg","_links":{"self":[{"href":"https:\/\/safirdemo.com\/safirwebportal\/wp-json\/wp\/v2\/media\/757","targetHints":{"allow":["GET"]}}],"collection":[{"href":"https:\/\/safirdemo.com\/safirwebportal\/wp-json\/wp\/v2\/media"}],"about":[{"href":"https:\/\/safirdemo.com\/safirwebportal\/wp-json\/wp\/v2\/types\/attachment"}],"author":[{"embeddable":true,"href":"https:\/\/safirdemo.com\/safirwebportal\/wp-json\/wp\/v2\/users\/1"}],"replies":[{"embeddable":true,"href":"https:\/\/safirdemo.com\/safirwebportal\/wp-json\/wp\/v2\/comments?post=757"}],"wp:attached-to":[{"embeddable":true,"post_type":"post","id":756,"href":"https:\/\/safirdemo.com\/safirwebportal\/wp-json\/wp\/v2\/posts\/756"}],"curies":[{"name":"wp","href":"https:\/\/api.w.org\/{rel}","templated":true}]}}

Çöl&#8217;ün ortasında maydanoz!

<p class="attachment"><a href='https://safirdemo.com/safirwebportal/wp-content/uploads/col-un-ortasinda-maydanoz-1.jpg'><img loading="lazy" decoding="async" width="300" height="193" src="https://safirdemo.com/safirwebportal/wp-content/uploads/col-un-ortasinda-maydanoz-1.jpg" class="attachment-medium size-medium" alt="" /></a></p>
<p>Güney Amerika&#8217;da bulunan Atacama Çölü&#8217;nde yaşayan bu yastığa benzer, maydanozun kardeşi olan Llareta, kötü ve zorlu hava şartlarına rağmen hayatlarını sürdürüyor.</p>

<p>Güney Amerika&#8217;da bulunan Atacama Çölü&#8217;nde yaşayan bu yastığa benzer, maydanozun kardeşi olan Llareta, kötü ve zorlu hava şartlarına rağmen hayatlarını sürdürüyor.</p>
