{"id":759,"date":"2026-02-14T18:37:04","date_gmt":"2026-02-14T15:37:04","guid":{"rendered":"http:\/\/demo.safirtema.com\/webportalv2\/?attachment_id=759"},"modified":"2026-02-14T18:37:04","modified_gmt":"2026-02-14T15:37:04","slug":"colun-ortasinda-maydanoz-4","status":"inherit","type":"attachment","link":"https:\/\/safirdemo.com\/safirwebportal\/colun-ortasinda-maydanoz\/colun-ortasinda-maydanoz-4\/","title":{"rendered":"\u00c7\u00f6l&#8217;\u00fcn ortas\u0131nda maydanoz!"},"author":1,"featured_media":0,"comment_status":"open","ping_status":"open","template":"","meta":[],"class_list":["post-759","attachment","type-attachment","status-inherit","hentry"],"description":{"rendered":"<p class=\"attachment\"><a href='https:\/\/safirdemo.com\/safirwebportal\/wp-content\/uploads\/col-un-ortasinda-maydanoz-3.jpg'><img loading=\"lazy\" decoding=\"async\" width=\"300\" height=\"199\" src=\"https:\/\/safirdemo.com\/safirwebportal\/wp-content\/uploads\/col-un-ortasinda-maydanoz-3.jpg\" class=\"attachment-medium size-medium\" alt=\"\" \/><\/a><\/p>\n<p>Her bir kaya par\u00e7as\u0131 k\u00fc\u00e7\u00fck yaprak k\u00fcmeleriyle bezenmi\u015f, bu bitki ayaklar\u0131n\u0131zla \u00fczerinde rahat\u00e7a durabilece\u011finiz kadar g\u00fc\u00e7l\u00fc. Bu bitkiler y\u0131lda 1,5 santimetre uzuyor.<\/p>\n"},"caption":{"rendered":"<p>Her bir kaya par\u00e7as\u0131 k\u00fc\u00e7\u00fck yaprak k\u00fcmeleriyle bezenmi\u015f, bu bitki ayaklar\u0131n\u0131zla \u00fczerinde rahat\u00e7a durabilece\u011finiz kadar g\u00fc\u00e7l\u00fc. Bu bitkiler y\u0131lda 1,5 santimetre uzuyor.<\/p>\n"},"alt_text":"","media_type":"image","mime_type":"image\/jpeg","media_details":{"width":592,"height":393,"file":"col-un-ortasinda-maydanoz-3.jpg","filesize":254365,"sizes":{},"image_meta":{"aperture":"0","credit":"","camera":"","caption":"","created_timestamp":"0","copyright":"","focal_length":"0","iso":"0","shutter_speed":"0","title":"","orientation":"0","keywords":[]}},"post":756,"source_url":"https:\/\/safirdemo.com\/safirwebportal\/wp-content\/uploads\/col-un-ortasinda-maydanoz-3.jpg","_links":{"self":[{"href":"https:\/\/safirdemo.com\/safirwebportal\/wp-json\/wp\/v2\/media\/759","targetHints":{"allow":["GET"]}}],"collection":[{"href":"https:\/\/safirdemo.com\/safirwebportal\/wp-json\/wp\/v2\/media"}],"about":[{"href":"https:\/\/safirdemo.com\/safirwebportal\/wp-json\/wp\/v2\/types\/attachment"}],"author":[{"embeddable":true,"href":"https:\/\/safirdemo.com\/safirwebportal\/wp-json\/wp\/v2\/users\/1"}],"replies":[{"embeddable":true,"href":"https:\/\/safirdemo.com\/safirwebportal\/wp-json\/wp\/v2\/comments?post=759"}],"wp:attached-to":[{"embeddable":true,"post_type":"post","id":756,"href":"https:\/\/safirdemo.com\/safirwebportal\/wp-json\/wp\/v2\/posts\/756"}],"curies":[{"name":"wp","href":"https:\/\/api.w.org\/{rel}","templated":true}]}}

Çöl&#8217;ün ortasında maydanoz!

<p class="attachment"><a href='https://safirdemo.com/safirwebportal/wp-content/uploads/col-un-ortasinda-maydanoz-3.jpg'><img loading="lazy" decoding="async" width="300" height="199" src="https://safirdemo.com/safirwebportal/wp-content/uploads/col-un-ortasinda-maydanoz-3.jpg" class="attachment-medium size-medium" alt="" /></a></p>
<p>Her bir kaya parçası küçük yaprak kümeleriyle bezenmiş, bu bitki ayaklarınızla üzerinde rahatça durabileceğiniz kadar güçlü. Bu bitkiler yılda 1,5 santimetre uzuyor.</p>

<p>Her bir kaya parçası küçük yaprak kümeleriyle bezenmiş, bu bitki ayaklarınızla üzerinde rahatça durabileceğiniz kadar güçlü. Bu bitkiler yılda 1,5 santimetre uzuyor.</p>
