{"id":760,"date":"2026-02-14T18:37:06","date_gmt":"2026-02-14T15:37:06","guid":{"rendered":"http:\/\/demo.safirtema.com\/webportalv2\/?attachment_id=760"},"modified":"2026-02-14T18:37:06","modified_gmt":"2026-02-14T15:37:06","slug":"colun-ortasinda-maydanoz-5","status":"inherit","type":"attachment","link":"https:\/\/safirdemo.com\/safirwebportal\/colun-ortasinda-maydanoz\/colun-ortasinda-maydanoz-5\/","title":{"rendered":"\u00c7\u00f6l&#8217;\u00fcn ortas\u0131nda maydanoz!"},"author":1,"featured_media":0,"comment_status":"open","ping_status":"open","template":"","meta":[],"class_list":["post-760","attachment","type-attachment","status-inherit","hentry"],"description":{"rendered":"<p class=\"attachment\"><a href='https:\/\/safirdemo.com\/safirwebportal\/wp-content\/uploads\/col-un-ortasinda-maydanoz-4.jpg'><img loading=\"lazy\" decoding=\"async\" width=\"300\" height=\"208\" src=\"https:\/\/safirdemo.com\/safirwebportal\/wp-content\/uploads\/col-un-ortasinda-maydanoz-4.jpg\" class=\"attachment-medium size-medium\" alt=\"\" \/><\/a><\/p>\n<p>Regis \u00dcniversitesi\u2019nden ilgin\u00e7 bitkiler konusunda ara\u015ft\u0131rma yapan Catherine Kleier, \u00e7evresel etkiler (gece so\u011fuk, g\u00fcnd\u00fcz s\u0131cak hava) ile de\u011fi\u015fen bas\u0131n\u00e7tan dolay\u0131 Llareta bitkisinin \u00e7ok g\u00fc\u00e7l\u00fc oldu\u011funu d\u00fc\u015f\u00fcnd\u00fc\u011f\u00fcn\u00fc ifade ediyor.<\/p>\n"},"caption":{"rendered":"<p>Regis \u00dcniversitesi\u2019nden ilgin\u00e7 bitkiler konusunda ara\u015ft\u0131rma yapan Catherine Kleier, \u00e7evresel etkiler (gece so\u011fuk, g\u00fcnd\u00fcz s\u0131cak hava) ile de\u011fi\u015fen bas\u0131n\u00e7tan dolay\u0131 Llareta bitkisinin \u00e7ok g\u00fc\u00e7l\u00fc oldu\u011funu d\u00fc\u015f\u00fcnd\u00fc\u011f\u00fcn\u00fc ifade ediyor.<\/p>\n"},"alt_text":"","media_type":"image","mime_type":"image\/jpeg","media_details":{"width":573,"height":398,"file":"col-un-ortasinda-maydanoz-4.jpg","filesize":194529,"sizes":{},"image_meta":{"aperture":"0","credit":"","camera":"","caption":"","created_timestamp":"0","copyright":"","focal_length":"0","iso":"0","shutter_speed":"0","title":"","orientation":"0","keywords":[]}},"post":756,"source_url":"https:\/\/safirdemo.com\/safirwebportal\/wp-content\/uploads\/col-un-ortasinda-maydanoz-4.jpg","_links":{"self":[{"href":"https:\/\/safirdemo.com\/safirwebportal\/wp-json\/wp\/v2\/media\/760","targetHints":{"allow":["GET"]}}],"collection":[{"href":"https:\/\/safirdemo.com\/safirwebportal\/wp-json\/wp\/v2\/media"}],"about":[{"href":"https:\/\/safirdemo.com\/safirwebportal\/wp-json\/wp\/v2\/types\/attachment"}],"author":[{"embeddable":true,"href":"https:\/\/safirdemo.com\/safirwebportal\/wp-json\/wp\/v2\/users\/1"}],"replies":[{"embeddable":true,"href":"https:\/\/safirdemo.com\/safirwebportal\/wp-json\/wp\/v2\/comments?post=760"}],"wp:attached-to":[{"embeddable":true,"post_type":"post","id":756,"href":"https:\/\/safirdemo.com\/safirwebportal\/wp-json\/wp\/v2\/posts\/756"}],"curies":[{"name":"wp","href":"https:\/\/api.w.org\/{rel}","templated":true}]}}

Çöl&#8217;ün ortasında maydanoz!

<p class="attachment"><a href='https://safirdemo.com/safirwebportal/wp-content/uploads/col-un-ortasinda-maydanoz-4.jpg'><img loading="lazy" decoding="async" width="300" height="208" src="https://safirdemo.com/safirwebportal/wp-content/uploads/col-un-ortasinda-maydanoz-4.jpg" class="attachment-medium size-medium" alt="" /></a></p>
<p>Regis Üniversitesi’nden ilginç bitkiler konusunda araştırma yapan Catherine Kleier, çevresel etkiler (gece soğuk, gündüz sıcak hava) ile değişen basınçtan dolayı Llareta bitkisinin çok güçlü olduğunu düşündüğünü ifade ediyor.</p>

<p>Regis Üniversitesi’nden ilginç bitkiler konusunda araştırma yapan Catherine Kleier, çevresel etkiler (gece soğuk, gündüz sıcak hava) ile değişen basınçtan dolayı Llareta bitkisinin çok güçlü olduğunu düşündüğünü ifade ediyor.</p>
