{"id":761,"date":"2026-02-14T18:37:07","date_gmt":"2026-02-14T15:37:07","guid":{"rendered":"http:\/\/demo.safirtema.com\/webportalv2\/?attachment_id=761"},"modified":"2026-02-14T18:37:07","modified_gmt":"2026-02-14T15:37:07","slug":"colun-ortasinda-maydanoz-6","status":"inherit","type":"attachment","link":"https:\/\/safirdemo.com\/safirwebportal\/colun-ortasinda-maydanoz\/colun-ortasinda-maydanoz-6\/","title":{"rendered":"\u00c7\u00f6l&#8217;\u00fcn ortas\u0131nda maydanoz!"},"author":1,"featured_media":0,"comment_status":"open","ping_status":"open","template":"","meta":[],"class_list":["post-761","attachment","type-attachment","status-inherit","hentry"],"description":{"rendered":"<p class=\"attachment\"><a href='https:\/\/safirdemo.com\/safirwebportal\/wp-content\/uploads\/col-un-ortasinda-maydanoz-5.jpg'><img loading=\"lazy\" decoding=\"async\" width=\"300\" height=\"197\" src=\"https:\/\/safirdemo.com\/safirwebportal\/wp-content\/uploads\/col-un-ortasinda-maydanoz-5.jpg\" class=\"attachment-medium size-medium\" alt=\"\" \/><\/a><\/p>\n<p>Kleier, bitkinin s\u0131ca\u011f\u0131 hapsetti\u011fini ve yapraklar\u0131n\u0131 \u00e7\u00fcr\u00fctt\u00fc\u011f\u00fcn\u00fc ve b\u00f6ylece G\u00fcney Amerika\u2019da ya\u015fayan uzun kuyruklu, tav\u015fan tarz\u0131 kemirgenlere kar\u015f\u0131 kendini korudu\u011funu belirtiyor.<\/p>\n"},"caption":{"rendered":"<p>Kleier, bitkinin s\u0131ca\u011f\u0131 hapsetti\u011fini ve yapraklar\u0131n\u0131 \u00e7\u00fcr\u00fctt\u00fc\u011f\u00fcn\u00fc ve b\u00f6ylece G\u00fcney Amerika\u2019da ya\u015fayan uzun kuyruklu, tav\u015fan tarz\u0131 kemirgenlere kar\u015f\u0131 kendini korudu\u011funu belirtiyor.<\/p>\n"},"alt_text":"","media_type":"image","mime_type":"image\/jpeg","media_details":{"width":593,"height":390,"file":"col-un-ortasinda-maydanoz-5.jpg","filesize":241883,"sizes":{},"image_meta":{"aperture":"0","credit":"","camera":"","caption":"","created_timestamp":"0","copyright":"","focal_length":"0","iso":"0","shutter_speed":"0","title":"","orientation":"0","keywords":[]}},"post":756,"source_url":"https:\/\/safirdemo.com\/safirwebportal\/wp-content\/uploads\/col-un-ortasinda-maydanoz-5.jpg","_links":{"self":[{"href":"https:\/\/safirdemo.com\/safirwebportal\/wp-json\/wp\/v2\/media\/761","targetHints":{"allow":["GET"]}}],"collection":[{"href":"https:\/\/safirdemo.com\/safirwebportal\/wp-json\/wp\/v2\/media"}],"about":[{"href":"https:\/\/safirdemo.com\/safirwebportal\/wp-json\/wp\/v2\/types\/attachment"}],"author":[{"embeddable":true,"href":"https:\/\/safirdemo.com\/safirwebportal\/wp-json\/wp\/v2\/users\/1"}],"replies":[{"embeddable":true,"href":"https:\/\/safirdemo.com\/safirwebportal\/wp-json\/wp\/v2\/comments?post=761"}],"wp:attached-to":[{"embeddable":true,"post_type":"post","id":756,"href":"https:\/\/safirdemo.com\/safirwebportal\/wp-json\/wp\/v2\/posts\/756"}],"curies":[{"name":"wp","href":"https:\/\/api.w.org\/{rel}","templated":true}]}}

Çöl&#8217;ün ortasında maydanoz!

<p class="attachment"><a href='https://safirdemo.com/safirwebportal/wp-content/uploads/col-un-ortasinda-maydanoz-5.jpg'><img loading="lazy" decoding="async" width="300" height="197" src="https://safirdemo.com/safirwebportal/wp-content/uploads/col-un-ortasinda-maydanoz-5.jpg" class="attachment-medium size-medium" alt="" /></a></p>
<p>Kleier, bitkinin sıcağı hapsettiğini ve yapraklarını çürüttüğünü ve böylece Güney Amerika’da yaşayan uzun kuyruklu, tavşan tarzı kemirgenlere karşı kendini koruduğunu belirtiyor.</p>

<p>Kleier, bitkinin sıcağı hapsettiğini ve yapraklarını çürüttüğünü ve böylece Güney Amerika’da yaşayan uzun kuyruklu, tavşan tarzı kemirgenlere karşı kendini koruduğunu belirtiyor.</p>
