{"id":822,"date":"2026-02-14T18:38:09","date_gmt":"2026-02-14T15:38:09","guid":{"rendered":"http:\/\/demo.safirtema.com\/webportalv2\/?attachment_id=822"},"modified":"2026-02-14T18:38:09","modified_gmt":"2026-02-14T15:38:09","slug":"bu-kadin-nasil-olecegine-kendi-karar-verecek-2","status":"inherit","type":"attachment","link":"https:\/\/safirdemo.com\/safirwebportal\/bu-kadin-nasil-olecegine-kendi-karar-verecek\/bu-kadin-nasil-olecegine-kendi-karar-verecek-2\/","title":{"rendered":"Bu kad\u0131n nas\u0131l \u00f6lece\u011fine kendi karar verecek"},"author":1,"featured_media":0,"comment_status":"open","ping_status":"open","template":"","meta":[],"class_list":["post-822","attachment","type-attachment","status-inherit","hentry"],"description":{"rendered":"<p class=\"attachment\"><a href='https:\/\/safirdemo.com\/safirwebportal\/wp-content\/uploads\/bu-kadin-nasil-olecegine-kendi-karar-verecek-1.jpg'><img loading=\"lazy\" decoding=\"async\" width=\"260\" height=\"300\" src=\"https:\/\/safirdemo.com\/safirwebportal\/wp-content\/uploads\/bu-kadin-nasil-olecegine-kendi-karar-verecek-1.jpg\" class=\"attachment-medium size-medium\" alt=\"\" \/><\/a><\/p>\n<p>Brittany Maynard yaln\u0131zca 6 ayl\u0131k \u00f6mr\u00fc kald\u0131\u011f\u0131n\u0131 \u00f6\u011frendi\u011finde yeni evlenmi\u015fti ve kocas\u0131yla bir aile kurmaya \u00e7al\u0131\u015f\u0131yordu. Ancak hayat\u0131 \u00e7ok seven bu kad\u0131n pek \u00e7ok ki\u015finin akl\u0131na bile gelmeyecek bir karar ald\u0131: \u00d6lece\u011fi zaman\u0131 kendisi se\u00e7ecekti.<\/p>\n"},"caption":{"rendered":"<p>Brittany Maynard yaln\u0131zca 6 ayl\u0131k \u00f6mr\u00fc kald\u0131\u011f\u0131n\u0131 \u00f6\u011frendi\u011finde yeni evlenmi\u015fti ve kocas\u0131yla bir aile kurmaya \u00e7al\u0131\u015f\u0131yordu. Ancak hayat\u0131 \u00e7ok seven bu kad\u0131n pek \u00e7ok ki\u015finin akl\u0131na bile gelmeyecek bir karar ald\u0131: \u00d6lece\u011fi zaman\u0131 kendisi se\u00e7ecekti.<\/p>\n"},"alt_text":"","media_type":"image","mime_type":"image\/jpeg","media_details":{"width":499,"height":575,"file":"bu-kadin-nasil-olecegine-kendi-karar-verecek-1.jpg","filesize":152810,"sizes":{},"image_meta":{"aperture":"0","credit":"","camera":"","caption":"","created_timestamp":"0","copyright":"","focal_length":"0","iso":"0","shutter_speed":"0","title":"","orientation":"0","keywords":[]}},"post":821,"source_url":"https:\/\/safirdemo.com\/safirwebportal\/wp-content\/uploads\/bu-kadin-nasil-olecegine-kendi-karar-verecek-1.jpg","_links":{"self":[{"href":"https:\/\/safirdemo.com\/safirwebportal\/wp-json\/wp\/v2\/media\/822","targetHints":{"allow":["GET"]}}],"collection":[{"href":"https:\/\/safirdemo.com\/safirwebportal\/wp-json\/wp\/v2\/media"}],"about":[{"href":"https:\/\/safirdemo.com\/safirwebportal\/wp-json\/wp\/v2\/types\/attachment"}],"author":[{"embeddable":true,"href":"https:\/\/safirdemo.com\/safirwebportal\/wp-json\/wp\/v2\/users\/1"}],"replies":[{"embeddable":true,"href":"https:\/\/safirdemo.com\/safirwebportal\/wp-json\/wp\/v2\/comments?post=822"}],"wp:attached-to":[{"embeddable":true,"post_type":"post","id":821,"href":"https:\/\/safirdemo.com\/safirwebportal\/wp-json\/wp\/v2\/posts\/821"}],"curies":[{"name":"wp","href":"https:\/\/api.w.org\/{rel}","templated":true}]}}

Bu kadın nasıl öleceğine kendi karar verecek

<p class="attachment"><a href='https://safirdemo.com/safirwebportal/wp-content/uploads/bu-kadin-nasil-olecegine-kendi-karar-verecek-1.jpg'><img loading="lazy" decoding="async" width="260" height="300" src="https://safirdemo.com/safirwebportal/wp-content/uploads/bu-kadin-nasil-olecegine-kendi-karar-verecek-1.jpg" class="attachment-medium size-medium" alt="" /></a></p>
<p>Brittany Maynard yalnızca 6 aylık ömrü kaldığını öğrendiğinde yeni evlenmişti ve kocasıyla bir aile kurmaya çalışıyordu. Ancak hayatı çok seven bu kadın pek çok kişinin aklına bile gelmeyecek bir karar aldı: Öleceği zamanı kendisi seçecekti.</p>

<p>Brittany Maynard yalnızca 6 aylık ömrü kaldığını öğrendiğinde yeni evlenmişti ve kocasıyla bir aile kurmaya çalışıyordu. Ancak hayatı çok seven bu kadın pek çok kişinin aklına bile gelmeyecek bir karar aldı: Öleceği zamanı kendisi seçecekti.</p>
