{"id":823,"date":"2026-02-14T18:38:10","date_gmt":"2026-02-14T15:38:10","guid":{"rendered":"http:\/\/demo.safirtema.com\/webportalv2\/?attachment_id=823"},"modified":"2026-02-14T18:38:10","modified_gmt":"2026-02-14T15:38:10","slug":"bu-kadin-nasil-olecegine-kendi-karar-verecek-3","status":"inherit","type":"attachment","link":"https:\/\/safirdemo.com\/safirwebportal\/bu-kadin-nasil-olecegine-kendi-karar-verecek\/bu-kadin-nasil-olecegine-kendi-karar-verecek-3\/","title":{"rendered":"Bu kad\u0131n nas\u0131l \u00f6lece\u011fine kendi karar verecek"},"author":1,"featured_media":0,"comment_status":"open","ping_status":"open","template":"","meta":[],"class_list":["post-823","attachment","type-attachment","status-inherit","hentry"],"description":{"rendered":"<p class=\"attachment\"><a href='https:\/\/safirdemo.com\/safirwebportal\/wp-content\/uploads\/bu-kadin-nasil-olecegine-kendi-karar-verecek-2.jpg'><img loading=\"lazy\" decoding=\"async\" width=\"300\" height=\"189\" src=\"https:\/\/safirdemo.com\/safirwebportal\/wp-content\/uploads\/bu-kadin-nasil-olecegine-kendi-karar-verecek-2.jpg\" class=\"attachment-medium size-medium\" alt=\"\" \/><\/a><\/p>\n<p>29 ya\u015f\u0131ndaki Brittany Maynard, \u00f6l\u00fcmc\u00fcl bir beyin kanserine yakaland\u0131. Ocak ay\u0131nda g\u00f6r\u00fc\u015ft\u00fc\u011f\u00fc doktorlar\u0131 ona en fazla 6 ay\u0131 oldu\u011funu s\u00f6ylediklerinde, bu hayat dolu kad\u0131n \u00f6nce ne yapaca\u011f\u0131n\u0131 bilemedi. Ancak hayat\u0131 ve ya\u015fam\u0131 \u00e7ok fazla seven Murphy, \u201conuruyla \u00f6lmeyi\u201d hastal\u0131kla m\u00fccadele etmeye tercih etti.<\/p>\n"},"caption":{"rendered":"<p>29 ya\u015f\u0131ndaki Brittany Maynard, \u00f6l\u00fcmc\u00fcl bir beyin kanserine yakaland\u0131. Ocak ay\u0131nda g\u00f6r\u00fc\u015ft\u00fc\u011f\u00fc doktorlar\u0131 ona en fazla 6 ay\u0131 oldu\u011funu s\u00f6ylediklerinde, bu hayat dolu kad\u0131n \u00f6nce ne yapaca\u011f\u0131n\u0131 bilemedi. Ancak hayat\u0131 ve ya\u015fam\u0131 \u00e7ok fazla seven Murphy, \u201conuruyla \u00f6lmeyi\u201d hastal\u0131kla m\u00fccadele etmeye tercih etti.<\/p>\n"},"alt_text":"","media_type":"image","mime_type":"image\/jpeg","media_details":{"width":462,"height":291,"file":"bu-kadin-nasil-olecegine-kendi-karar-verecek-2.jpg","filesize":67472,"sizes":{},"image_meta":{"aperture":"0","credit":"","camera":"","caption":"","created_timestamp":"0","copyright":"","focal_length":"0","iso":"0","shutter_speed":"0","title":"","orientation":"0","keywords":[]}},"post":821,"source_url":"https:\/\/safirdemo.com\/safirwebportal\/wp-content\/uploads\/bu-kadin-nasil-olecegine-kendi-karar-verecek-2.jpg","_links":{"self":[{"href":"https:\/\/safirdemo.com\/safirwebportal\/wp-json\/wp\/v2\/media\/823","targetHints":{"allow":["GET"]}}],"collection":[{"href":"https:\/\/safirdemo.com\/safirwebportal\/wp-json\/wp\/v2\/media"}],"about":[{"href":"https:\/\/safirdemo.com\/safirwebportal\/wp-json\/wp\/v2\/types\/attachment"}],"author":[{"embeddable":true,"href":"https:\/\/safirdemo.com\/safirwebportal\/wp-json\/wp\/v2\/users\/1"}],"replies":[{"embeddable":true,"href":"https:\/\/safirdemo.com\/safirwebportal\/wp-json\/wp\/v2\/comments?post=823"}],"wp:attached-to":[{"embeddable":true,"post_type":"post","id":821,"href":"https:\/\/safirdemo.com\/safirwebportal\/wp-json\/wp\/v2\/posts\/821"}],"curies":[{"name":"wp","href":"https:\/\/api.w.org\/{rel}","templated":true}]}}

Bu kadın nasıl öleceğine kendi karar verecek

<p class="attachment"><a href='https://safirdemo.com/safirwebportal/wp-content/uploads/bu-kadin-nasil-olecegine-kendi-karar-verecek-2.jpg'><img loading="lazy" decoding="async" width="300" height="189" src="https://safirdemo.com/safirwebportal/wp-content/uploads/bu-kadin-nasil-olecegine-kendi-karar-verecek-2.jpg" class="attachment-medium size-medium" alt="" /></a></p>
<p>29 yaşındaki Brittany Maynard, ölümcül bir beyin kanserine yakalandı. Ocak ayında görüştüğü doktorları ona en fazla 6 ayı olduğunu söylediklerinde, bu hayat dolu kadın önce ne yapacağını bilemedi. Ancak hayatı ve yaşamı çok fazla seven Murphy, “onuruyla ölmeyi” hastalıkla mücadele etmeye tercih etti.</p>

<p>29 yaşındaki Brittany Maynard, ölümcül bir beyin kanserine yakalandı. Ocak ayında görüştüğü doktorları ona en fazla 6 ayı olduğunu söylediklerinde, bu hayat dolu kadın önce ne yapacağını bilemedi. Ancak hayatı ve yaşamı çok fazla seven Murphy, “onuruyla ölmeyi” hastalıkla mücadele etmeye tercih etti.</p>
