{"id":825,"date":"2026-02-14T18:38:12","date_gmt":"2026-02-14T15:38:12","guid":{"rendered":"http:\/\/demo.safirtema.com\/webportalv2\/?attachment_id=825"},"modified":"2026-02-14T18:38:12","modified_gmt":"2026-02-14T15:38:12","slug":"bu-kadin-nasil-olecegine-kendi-karar-verecek-5","status":"inherit","type":"attachment","link":"https:\/\/safirdemo.com\/safirwebportal\/bu-kadin-nasil-olecegine-kendi-karar-verecek\/bu-kadin-nasil-olecegine-kendi-karar-verecek-5\/","title":{"rendered":"Bu kad\u0131n nas\u0131l \u00f6lece\u011fine kendi karar verecek"},"author":1,"featured_media":0,"comment_status":"open","ping_status":"open","template":"","meta":[],"class_list":["post-825","attachment","type-attachment","status-inherit","hentry"],"description":{"rendered":"<p class=\"attachment\"><a href='https:\/\/safirdemo.com\/safirwebportal\/wp-content\/uploads\/bu-kadin-nasil-olecegine-kendi-karar-verecek-4.jpg'><img loading=\"lazy\" decoding=\"async\" width=\"300\" height=\"225\" src=\"https:\/\/safirdemo.com\/safirwebportal\/wp-content\/uploads\/bu-kadin-nasil-olecegine-kendi-karar-verecek-4.jpg\" class=\"attachment-medium size-medium\" alt=\"\" \/><\/a><\/p>\n<p>Kanser te\u015fhisi konuldu\u011fu s\u0131rada Brittany kocas\u0131 Dan ile birlikte Kaliforniya\u2019da ya\u015f\u0131yordu. Gen\u00e7 kad\u0131n o s\u0131rada 29\u2019una yeni basm\u0131\u015ft\u0131 ve pek \u00e7ok ki\u015finin akl\u0131ndan dahi ge\u00e7meyecek bir karar verdi: \u00d6lece\u011fi an\u0131 kendisi se\u00e7ecekti. Ancak Kaliforniya\u2019da hastalara \u00f6tenazi hakk\u0131 tan\u0131nm\u0131yor.<\/p>\n"},"caption":{"rendered":"<p>Kanser te\u015fhisi konuldu\u011fu s\u0131rada Brittany kocas\u0131 Dan ile birlikte Kaliforniya\u2019da ya\u015f\u0131yordu. Gen\u00e7 kad\u0131n o s\u0131rada 29\u2019una yeni basm\u0131\u015ft\u0131 ve pek \u00e7ok ki\u015finin akl\u0131ndan dahi ge\u00e7meyecek bir karar verdi: \u00d6lece\u011fi an\u0131 kendisi se\u00e7ecekti. Ancak Kaliforniya\u2019da hastalara \u00f6tenazi hakk\u0131 tan\u0131nm\u0131yor.<\/p>\n"},"alt_text":"","media_type":"image","mime_type":"image\/jpeg","media_details":{"width":600,"height":450,"file":"bu-kadin-nasil-olecegine-kendi-karar-verecek-4.jpg","filesize":197290,"sizes":{},"image_meta":{"aperture":"0","credit":"","camera":"","caption":"","created_timestamp":"0","copyright":"","focal_length":"0","iso":"0","shutter_speed":"0","title":"","orientation":"0","keywords":[]}},"post":821,"source_url":"https:\/\/safirdemo.com\/safirwebportal\/wp-content\/uploads\/bu-kadin-nasil-olecegine-kendi-karar-verecek-4.jpg","_links":{"self":[{"href":"https:\/\/safirdemo.com\/safirwebportal\/wp-json\/wp\/v2\/media\/825","targetHints":{"allow":["GET"]}}],"collection":[{"href":"https:\/\/safirdemo.com\/safirwebportal\/wp-json\/wp\/v2\/media"}],"about":[{"href":"https:\/\/safirdemo.com\/safirwebportal\/wp-json\/wp\/v2\/types\/attachment"}],"author":[{"embeddable":true,"href":"https:\/\/safirdemo.com\/safirwebportal\/wp-json\/wp\/v2\/users\/1"}],"replies":[{"embeddable":true,"href":"https:\/\/safirdemo.com\/safirwebportal\/wp-json\/wp\/v2\/comments?post=825"}],"wp:attached-to":[{"embeddable":true,"post_type":"post","id":821,"href":"https:\/\/safirdemo.com\/safirwebportal\/wp-json\/wp\/v2\/posts\/821"}],"curies":[{"name":"wp","href":"https:\/\/api.w.org\/{rel}","templated":true}]}}

Bu kadın nasıl öleceğine kendi karar verecek

<p class="attachment"><a href='https://safirdemo.com/safirwebportal/wp-content/uploads/bu-kadin-nasil-olecegine-kendi-karar-verecek-4.jpg'><img loading="lazy" decoding="async" width="300" height="225" src="https://safirdemo.com/safirwebportal/wp-content/uploads/bu-kadin-nasil-olecegine-kendi-karar-verecek-4.jpg" class="attachment-medium size-medium" alt="" /></a></p>
<p>Kanser teşhisi konulduğu sırada Brittany kocası Dan ile birlikte Kaliforniya’da yaşıyordu. Genç kadın o sırada 29’una yeni basmıştı ve pek çok kişinin aklından dahi geçmeyecek bir karar verdi: Öleceği anı kendisi seçecekti. Ancak Kaliforniya’da hastalara ötenazi hakkı tanınmıyor.</p>

<p>Kanser teşhisi konulduğu sırada Brittany kocası Dan ile birlikte Kaliforniya’da yaşıyordu. Genç kadın o sırada 29’una yeni basmıştı ve pek çok kişinin aklından dahi geçmeyecek bir karar verdi: Öleceği anı kendisi seçecekti. Ancak Kaliforniya’da hastalara ötenazi hakkı tanınmıyor.</p>
